-- Dumping data for table `cms_module_faq_categories`
--

INSERT INTO `cms_module_faq_categories` VALUES (1,'General','general',-1,'00001',1,'00001','General',0,'12:08:23','16:46:32'),(2,'VISMARK<sup>®</sup> App','vismark-app',-1,'00002',2,'00002','VISMARK<sup>®</sup> App',0,'12:08:33','16:46:47'),(3,'Projects & Services','projects-and-services',-1,'00003',3,'00003','Projects & Services',0,'12:08:45','16:47:08'),(4,'Invoices & Payments','invoices-and-payments',-1,'00004',4,'00004','Invoices & Payments',0,'12:09:01','13:57:34'),(5,'Legal & Guidelines','legal-and-guidelines',-1,'00005',5,'00005','Legal & Guidelines',0,'12:09:13','16:48:43'),(6,'Talent & Jobs','talent-and-jobs',-1,'00006',6,'00006','Talent & Jobs',0,'12:09:24','16:49:09');

--
-- Table structure for table `cms_module_faq_fielddef`
--

CREATE TABLE `cms_module_faq_fielddef` (
  `fielddef_id` int(11) NOT NULL AUTO_INCREMENT,
  `name` varchar(255) DEFAULT NULL,
  `alias` varchar(255) DEFAULT NULL,
  `help` varchar(255) DEFAULT NULL,
  `type` varchar(50) DEFAULT NULL,
  `section` varchar(10) DEFAULT NULL,
  `position` int(11) DEFAULT NULL,
  `required` int(1) DEFAULT NULL,
  `editview` int(1) DEFAULT NULL,
  `filter_frontend` int(1) DEFAULT NULL,
  `filter_admin` int(1) DEFAULT NULL,
  `searchable` int(1) DEFAULT NULL,
  `extra` varchar(255) DEFAULT NULL,
  PRIMARY KEY (`fielddef_id`)
) ENGINE=MyISAM AUTO_INCREMENT=13 DEFAULT CHARSET=utf8;

--
-- Dumping data for table `cms_module_faq_fielddef`
--

INSERT INTO `cms_module_faq_fielddef` VALUES (1,'Content','content','','textarea','items',2,1,0,NULL,0,1,'wysiwyg[1] '),(2,'Titlu Ro','titlu_ro','','textbox','categories',2,1,0,NULL,NULL,NULL,''),(3,'Content_RO','content_ro','','textarea','items',3,1,0,NULL,0,NULL,'wysiwyg[1]'),(4,'Intrebare Ro','intrebare_ro','','textbox','items',1,1,0,NULL,0,NULL,''),(5,'Meta Description','meta_desc_item','','textbox','items',4,0,0,NULL,0,NULL,''),(6,'Meta Keywords','meta_key_item','','textbox','items',5,0,0,NULL,0,NULL,''),(7,'Meta Description for Category','meta_desc_cat','','textbox','categories',6,0,0,NULL,NULL,NULL,''),(8,'Meta Keywords for Category','meta_key_cat','','textbox','categories',7,0,0,NULL,NULL,NULL,''),(9,'Meta Description RO','meta_desc_item_ro','','textbox','items',8,0,0,NULL,0,NULL,''),(10,'Meta Keywords RO','meta_key_item_ro','','textbox','items',9,0,0,NULL,0,NULL,''),(11,'Meta Description for Category RO','meta_desc_cat_ro','','textbox','categories',10,0,0,NULL,NULL,NULL,''),(12,'Meta Keywords for Category RO','meta_key_cat_ro','','textbox','categories',11,0,0,NULL,NULL,NULL,'');

--
-- Table structure for table `cms_module_faq_fieldval`
--

CREATE TABLE `cms_module_faq_fieldval` (
  `item_id` int(11) NOT NULL,
  `fielddef_id` int(11) NOT NULL,
  `value` text DEFAULT NULL,
  PRIMARY KEY (`item_id`,`fielddef_id`)
) ENGINE=MyISAM DEFAULT CHARSET=utf8;

--
-- Dumping data for table `cms_module_faq_fieldval`
--

INSERT INTO `cms_module_faq_fieldval` VALUES (1,1,'<p>VISMARK® is a Romanian based design and visual communications agency. VISMARK® offers graphic design services to companies that are looking to create or improve their visual identity or any graphic materials for promoting their company, products and services, especially on a regular basics.</p>\r\n<p> VISMARK® is also an outsourced graphic department for companies who need visual designs and for advertising agencies that have multiple projects.</p>\r\n<p> </p>'),(2,1,'<p>Definitely! Our team is consists of account managers, art directors. Our designers have different expertise, like: brand design, commercial design, illustrate, 3D art, user interface and user experience design, graphic design, motion design and so on.</p>\r\n<p>We`re ready. Let`s work together! <a title=\"Let`s work together! \" href=\"en/contact\">Contact us here</a></p>\r\n<p> </p>'),(3,1,'<p>Call us at +4 021 367 33 94 or send us an email at hello@vismark.eu and see if we are a fit. We’ll listen to your needs and tell you what your options are. We can put things in perspective and offer solutions that you may not have even considered. We are problem solvers and brand creators. Let us create the consistency that’s currently missing in your visual communication.</p>\r\n<p> </p>'),(4,1,'<p>- An entire design team working on your projects</p>\r\n<p>- Integrated platform</p>\r\n<p>- Easy way to outsource graphic design materials</p>\r\n<p>- Unlimited number of feedbacks</p>\r\n<p>- No counted hours</p>\r\n<p> </p>'),(5,1,'<p>Our apologies, but we do not work with companies dealing in harmful, unlawful, adult, or questionable material.</p>\r\n<p> </p>'),(6,1,'<p>Absolutely! If you have any quick question, please give us a call on +4 021 367 33 94, or send us an email at <a href=\"mailto:hello@vismark.eu\">hello@vismark.eu</a> . If you\'d like to have a longer chat, we can schedule a meeting at our office (Bucharest, Romania) or via Skype.</p>\r\n<p> </p>'),(7,1,'<p>Although we are located in Bucharest, Romania, we have worked with individuals, advertising agencies and companies from all over the world. Some of our long term clients we haven`t even met in person, many of our meetings took place over the phone or through Skype. Our clients are from all over Europe, but also Asia and Northern America.</p>\r\n<p>Want to work together? <a title=\"Let`s work together! \" href=\"en/contact\">Contact us here</a></p>\r\n<p> </p>\r\n<p> </p>'),(8,1,'<p>We can connect by email, phone and Skype, or in person if you live locally, at 44 Mircea Voda Boulevard, Building M17, Floor 3, Sector 3, Bucharest, Romania.</p>\r\n<p> </p>'),(9,1,'<p>VISMARK® has experience working with lots of different types and sizes of businesses and organizations. Some of the businesses our company has worked with include: law firms, medical, aerial, tourism, retail, nonprofits, restaurants, mechanical, industrial and much more!</p>\r\n<p> <a href=\"en/work\" target=\"_blank\">See our portfolio by industry here.</a></p>\r\n<p> </p>'),(10,1,'<p>We’ve got plenty of examples of our graphic design work on our website: <a href=\"http://www.vismark.eu/work\">www.vismark.eu/work</a> . But, if you’d like to see some more (including some designs we can’t display on VISMARK® website), please just <a href=\"en/contact\">contact us.</a></p>\r\n<p> </p>'),(11,1,'<p>If you have a privacy question or concern, please email us at <a href=\"mailto:hello@vismark.eu\">hello@vismark.eu</a>, or call us at <strong>+4 021 367 33 94.</strong></p>\r\n<p> </p>\r\n<p> </p>'),(12,1,'<p>VISMARK®App is our internal app. The account creation is free for our clients, and we pursue to establish a comprehensive service experience for them.</p>\r\n<p>Are you our customer? <a href=\"ro/contacteaza-ne\" target=\"_blank\">Click here to log in.</a></p>\r\n<p> </p>\r\n<p> </p>'),(13,1,'<p>VISMARK®App includes features that helps you to:</p>\r\n<ul>\r\n<li>\r\n<p><strong>- place orders</strong> quick and easy, and create new projects</p>\r\n</li>\r\n<li>\r\n<p><strong>- upload files</strong>, write a brief on every new project and choose deadlines</p>\r\n</li>\r\n<li>\r\n<p><strong>- give feedbacks directly on design</strong></p>\r\n</li>\r\n<li>\r\n<p><strong>- search and sort</strong> the projects and previews easy</p>\r\n</li>\r\n<li>\r\n<p><strong>- open a chat conversation</strong> in every open project, with no information wasted</p>\r\n</li>\r\n<li>\r\n<p><strong>- pin a task</strong> and describe what you want to be adjusted, you can edit it, give replies or delete it</p>\r\n</li>\r\n<li>\r\n<p><strong>- stretch with your project</strong>, because it will be <strong>no counted hours</strong></p>\r\n</li>\r\n<li>\r\n<p><strong>- change and modify the draft</strong> until it`s right for you, for free</p>\r\n</li>\r\n<li>\r\n<p><strong>- view the history</strong> of your activity, projects and previews, invoices, messages or pin-tasks</p>\r\n</li>\r\n<li>\r\n<p><strong>- change the status of your projects</strong> and previews: In Progress, Approved and Archived</p>\r\n</li>\r\n<li>\r\n<p><strong>- download</strong> the source and print files after the project is finished</p>\r\n</li>\r\n<li>\r\n<p><strong>- rate our work.</strong> You can choose a level of satisfaction, and you can leave a testimonial or a recommendation that help us improve our services</p>\r\n</li>\r\n<li>\r\n<p><strong>- benefit from a great customer care service.</strong> You can learn how to use the platform in Help Center section, you can access the Help Widget or simply can call at the call center for instructions</p>\r\n</li>\r\n<li>\r\n<p><strong>- be notified</strong> on email or in platform with everything that happens with your account, projects, messages or activities</p>\r\n</li>\r\n<li>\r\n<p>- navigate in <strong>a friendly and intuitive user interface</strong>, easy to learn </p>\r\n<p>You cand be relaxed, because your materials will have an <strong>unified looking design</strong>. The same design team will work for you on every project to learn your brand and the way you communicate with your customers.</p>\r\n<p> </p>\r\n<p>We`re ready. Let`s work together! <a title=\"Let`s work together! \" href=\"en/contact\">Contact us here</a></p>\r\n<p> </p>\r\n<p> </p>\r\n</li>\r\n</ul>'),(14,1,'<p>VISMARK®App is a closed group dedicated to our clients. To access the app, you need to place an order for design services, and then you will get your own free username and password to access the VISMARK®App for an unlimited amount of time.</p>\r\n<p>Want to work with us? <a title=\"Let`s work together! \" href=\"en/contact\">Contact us here</a></p>\r\n<p> </p>'),(15,1,'<p>No. VISMARK®App is our internal tool that helps our customers manage their projects and files, and us to improve our services and offer a great customer care.</p>\r\n<p> </p>'),(16,1,'<p>The app can be used on: MAC, PC, laptop, smartphones and tablets as well.</p>\r\n<p>We`re ready. Let`s work together! <a title=\"Let`s work together! \" href=\"en/contact\">Contact us here</a></p>\r\n<p> </p>'),(17,1,'<p>You don`t need to pay anything. VISMARK®App FREE for our clients.</p>\r\n<p>Want to be our client? <a title=\"Contact US\" href=\"en/contact\">Contact us here</a></p>\r\n<p> </p>'),(18,1,'<p>As a very broad generalization, our design process follows the following steps:</p>\r\n<p> </p>\r\n<p>1. Complete our Get a Quote form or <a href=\"en/contact\">contact form</a> to submit your project specifics to us.</p>\r\n<p>2. We will either contact you to clarify your requirements or provide you with a price quote for your project.</p>\r\n<p>3. Once you have accepted the price quote, we will conduct creative research about you, your company/product/service and your design tastes and requirements.</p>\r\n<p>4. Armed with your creative input, we will provide you some designs that will be available in Projects section, in your VISMARK®App account. From this point, we will wait for your feedback within 5-7 business days for your feedback.</p>\r\n<p>5. You will provide comments about the first round of concepts, directly on design.</p>\r\n<p>6. There is a series of design/feedback/redesign/feedback cycles as your comments and changes are integrated into a more refined design.</p>\r\n<p>7. Once you have approved a final design, we prepare the final files for delivery. This takes anywhere from 1-24 hours.</p>\r\n<p>8. The project invoice and the final files will be delivered in your VISMARK®App account.</p>\r\n<p>9. You can rate our services. This help us to improve ourselves to serve our customers better.</p>\r\n<p> </p>\r\n<p>Time frames are general, and can be adjusted to match your schedule.</p>\r\n<p> </p>'),(18,3,'<p>In linii mari, procesul nostru de realizare a unui design grafic are urmatorii pasi:</p>\r\n<p> </p>\r\n<p>1. Completeaza formularul de cerere oferta sau <a href=\"ro/contacteaza-ne\" target=\"_blank\">formularul de contact</a> pentru a ne trimite specificatiile proiectului tau.</p>\r\n<p>2. In functie de informatiile primite, te vom contacta pentru clarificari sau iti vom trimite o cotatie de pret aferenta proiectului tau.</p>\r\n<p>3. Odata ce ai acceptat oferta de pret, vom face un research aprofundat despre compania, produsul si serviciile tale, dar si despre preferintele tale in materie de design grafic.</p>\r\n<p>4. Inarmati cu informatiile pe parte creativa obtinute de la tine, vom veni cu cateva propuneri de design pe care le vei gasi in contul tau VISMARK®App la sectiunea Proiecte. Din acest punct, asteptam feedback-ul tau in 5-7 zile lucratoare.</p>\r\n<p>5. Vei putea da feedback si comentarii cu privire la propunerile de design direct pe acestea.</p>\r\n<p>6. Din acest punct, va incepe un proces de design/feedback/redesign in functie de comentariile tale si modificarile pe care le aducem noi, pentru a ajunge intr-un punct comun.</p>\r\n<p>7. In momentul in care am ajuns la un acord cu privire la designul final, iti pregatim fisierele finale pentru a ti le trimite. Acest proces poate dura intre 1 si 24 de ore.</p>\r\n<p>8. Iti trimitem factura si fisierele finale direct in contul tau VISMARK®App.</p>\r\n<p>9. Ne poti evalua serviciile. Acest lucru ne va ajuta sa oferim servicii cat mai bune in continuare.</p>\r\n<p> </p>\r\n<p>Cadrele de timp sunt generale si pot fi ajustate in functie de programul tau.</p>\r\n<p> </p>'),(20,4,'Ce fel de servicii oferiti?'),(20,1,'<p> </p>\r\n<p>VISMARK® provides a full range of graphic design services to serve your company, agency or organization. Our services include: graphic design, brand design, ui &amp; ux design, commercial design, 3d design, motion design, illustrations, and othe visual communication design. To see our portfolio, please visit our <a href=\"en/work\" target=\"_blank\">work page section.</a></p>\r\n<p> </p>\r\n<p><span style=\"color: #00b050;\"><span style=\"text-decoration: underline;\"> </span></span></p>'),(21,1,'<p>A graphic designer is a communicator of your idea, your product and your solution to the world.</p>\r\n<p>With training or experience as a visual communicator, a designer will combine your content with elements, color, typography, line, space, shape and balance to create a complete communication piece for your business or organization. He/she will work with you to explore different options or design directions and to solve your particular challenge.</p>\r\n<p>If a designer can make all of this, imagine what an entire design agency can do.</p>\r\n<p>We also prepare the \'mechanical requirements\' of your finished piece and prepare it for the specifications of a printer, magazine, web host, television studio or any other output medium, to ensure trouble-free output of a final finished product.</p>\r\n<p> </p>'),(21,3,'<p>Un graphic designer este un profesionist care iti comunica ideea, produsul sau solutia catre intreaga lume.</p>\r\n<p>Cu trainingul si experienta necesara in zona de comunicare vizuala, un designer poate combina continutul tau cu elemente, culori, linii, spatii, forme si elemente de typography pentru a crea echilibru si pentru a da viata unui material complet de comunicare vizuala pentru compania ta. Vei lucra impreuna cu acesta pentru a explora diferite variante de design care sa rezolve problemele companiei tale.</p>\r\n<p>Daca un designer poate face toate acestea, imagineaza-ti ce poate face o intreaga agentie de design.</p>\r\n<p>Totodata, ne vom ocupa si de „specifiactiile tehnice” ale materialelor tale. Le vom pregati pentru print, revista, web host, studio TV sau alt tip de output, pentru a asigura ca procesul de output nu intampina probleme.</p>\r\n<p> </p>'),(22,1,'<p>No, we do not provide printing services. Printing is typically not included in any of our project quotations.</p>\r\n<p> </p>\r\n<p> </p>'),(23,1,'<p>We believe in your complete satisfaction. We will continue to work with you to refine your design until you are completely happy; we offer \'unlimited\' revisions on your design project within the confines set out in the original design brief.</p>\r\n<p>However, if we collaborate on a project, and in the end we do not arrive at a result with which you are perfectly satisfied, we guarantee your money back. Any partial deposits or payments will be returned to you, less any financial institution fees. The copyrights to your design project remain with VISMARK®, while you maintain the copyright over your company or product names used in the designs. What this means is that we could theoretically use or resell the design to another VISMARK® client.</p>\r\n<p>Also, if you choose not to complete the project, you will also be asked to sign and warrant that you will not use any creative or interim designs created or presented to you as part of our design process together. We trust our work will speak for itself and your satisfaction will be assured.</p>\r\n<p>In case if you approve a project and then you change your mind about the need of this design, the 50% deposit is non-refundable.</p>\r\n<p> </p>'),(24,1,'<p>Once we have completed the design process, and you have paid in full for your final logo design, the copyrights of that final individual logo are then transferred to you and you own them. We own the rights to any creative concepts that are not completed.</p>\r\n<p> </p>\r\n<p> </p>'),(25,1,'<p>You will receive many different files of your finished logo design, in a variety of colors, sizes and file formats, which can be used in everything from print projects to Web sites. If you prefer or require a different type of file format, just let us know and we will be happy to supply it.</p>\r\n<p> </p>'),(26,1,'<p>Design versions can be thought of as different design directions or different creative directions. For instance, a restaurant may be presented with logo versions which use images of food, chefs or forks. These are three different logo versions or concepts for one company.</p>\r\n<p>Once you have narrowed down your choice to one or two concepts from the many presented, we then refine or alter your choice. These are design revisions and involve changes to color, font, and proportions of the logo, but typically don\'t involve changing the concept of the logo itself.</p>\r\n<p> </p>'),(26,3,'<p>Versiunile de design au la baza diferite directii de design (concepte) sau directori de creatie diferiti. Spre exemplu, pentru un restaurant pot fi create versiuni de design care includ imagini cu mancaruri, bucatari sau furculite. Acestea sunt trei versiuni de logo pentru o companie.</p>\r\n<p>In momentul in care te-ai decis la unul sau doua dintre conceptele prezentate (sa zicem, cel cu furculite), vom perfectiona alegerea ta. Acest proces de perfectionare implica revizii de design si se refera la modificari de culoare, font, proprzii, insa in mod normal nu inseamna schimbarea conceptului de logo.</p>\r\n<p> </p>'),(27,1,'<p>No problem! Changes happen. We are happy to incorporate your comments and revisions whether they happen at the beginning or middle of your project. If these changes affect the final price for your project, a change order will be sent to you for your approval prior to any changes being made.</p>\r\n<p> </p>'),(28,1,'<p>Final design files can be delivered by a variety of means. Files can be emailed to you, or will be available on your VISMARK®App account for you to download.</p>\r\n<p> </p>'),(29,1,'<p>Yes, the standard pack for every logo design or print material contains a full set of scalable vector files.</p>\r\n<p> </p>\r\n<p> </p>'),(30,1,'<p>Your business cards and stationery will be created in a vector format, so using any vector editing application such as Adobe Illustrator or CorelDraw you will be able to open, change and edit your files.</p>\r\n<p> </p>'),(31,1,'<p>Yes, we can design your full logo branding and complete stationery package.</p>\r\n<p><a href=\"en/contact\" target=\"_blank\">You can contact us here for a quotation.</a></p>\r\n<p> </p>'),(32,1,'<p>Depending on the type of project or design requirements, you should see initial graphic design concepts anywhere from 24 hours to 15 business days after the start of the design process.</p>\r\n<p> </p>'),(33,1,'<p>For a period of 50 days following your project, we keep your design in an active archive, in case you lose or damage your files, or require follow-up work. After this period, we archive your files. Any retrieval at this point may incur a nominal cost.</p>\r\n<p> </p>'),(34,1,'<p>We would like to give you a straight answer to this, however design services are not so easily quantifiable as requirement varies for each and every project.</p>\r\n<p> </p>\r\n<p>We have two types of billing depending on your design job:</p>\r\n<p>   a) Net Price - per-project price, pre-determined at the start of the project or</p>\r\n<p>   b) Hourly rated - billed according to the time utilized.</p>\r\n<p>       Clients are updated regularly on their project by our time-log and status reports.</p>\r\n<p> </p>\r\n<p>We offer a FREE, no-obligation quotation process, to help define the scope and specification of each project. We do not believe in disappointing anybody with any form of hidden cost. It is our policy to be transparent with our clients with all costs itemized prior to the start of any project. Any changes and adjustments are then made and agreed upon by both sides before embarking on any work.</p>\r\n<p> </p>'),(35,1,'<p>With the advent of easy-to-use, do-it-yourself graphics software, it is relatively simple for anyone to create a functional logo or adequate website. The answer it`s simple: if someone has a paintbrush, it doesn\'t make them Rembrandt.</p>\r\n<p>It\'s not just about the price, it\'s also about originality in design and concept, variety of options, mastery of the software and successful and on time delivery to the specifications of your printer or web host. Many who opt for the lowest price often discover they get what they pay for. So, hiring an outsourced design agency it will save you time and money in the long run.</p>\r\n<p> </p>'),(36,1,'<p>We have a <a href=\"en/customers\" target=\"_blank\">number of clients</a> who have retained our services on a longer term basis or for ongoing work. By paying a flat monthly retainer fee (with a 3 month minimum contract term) we can act as your fulltime, in-house design department. If you have larger, more involved projects or require multiple pieces created this can often be a more economical method compared to getting each item separately quoted and created.</p>\r\n<p>Let`s work together. <a href=\"en/contact\" target=\"_blank\">Hire us!</a></p>\r\n<p> </p>'),(37,1,'<p>Unless agreed otherwise with the Client, all design services require an advance payment of a minimum of fifty (50) percent of the project quotation total before the work commences. The remaining fifty (50) percent of the project quotation total will be due upon completion of the work prior to upload to the server or release of materials.</p>\r\n<p> </p>'),(38,1,'<p>Once we started working on you project and resources were allocated for the design work, in the case that you changed your mind, this deposit is <strong>non-refundable</strong>. VISMARK® endeavors to provide design services that meet and exceed a client’s needs and expectations, but in the event of a “change of mind” (after a project has commenced) by you the initial 50% deposit is forfeited, plus a prorate payment based upon the time spent.</p>\r\n<p> </p>'),(39,1,'<p> We accept and prefer payment by bank transfer, or you can choose a secure online payments using your credit card, debit card, or your bank account via PayPal.com. Opening an account is fast, easy, and FREE.</p>\r\n<p><a href=\"en/contact\" target=\"_blank\"> Hire us here.</a></p>\r\n<p> </p>\r\n<p><span style=\"color: #000000;\"> </span></p>'),(40,1,'<p>Yes, using PayPal.com, you can make payments using Visa or MasterCard.</p>\r\n<p> </p>\r\n<p> </p>'),(41,1,'<p>The invoices which remain unpaid for 7 days after the date of invoice will incur an additional late payment fee equivalent to 5% of the project costs for each week payment is outstanding. The client is responsible for all debt collection fees, legal fees and court fees that may be incurred as a result of the client’s failure to pay invoices within 7 calendar days of date of issue. If you are having difficulty paying your invoice, please get in touch as soon as you are aware of the issue, so we can discuss a solution that works for both sides.</p>\r\n<p> </p>'),(42,1,'<p>We are committed to respecting your right to privacy and will protect it when you visit our Web site or deal with our company. Click here to view the <a href=\"en/privacy-policy\" target=\"_blank\">VISMARK® Privacy Policy</a>. It explains our online information practices, including how we collect and use your personal information.</p>\r\n<p> </p>\r\n<p> </p>'),(43,1,'<p>The terms and conditions of use constitute a legal agreement between you and VISMARK® and govern your usage of our web site. Please read these terms and conditions of use in their entirety before you continue to use this site or its content.</p>\r\n<p>If you do not agree with these terms and conditions of use, please discontinue using this site.</p>\r\n<p><a href=\"en/terms-of-use\" target=\"_blank\">To view our terms and conditions of use please click here.</a></p>\r\n<p> </p>\r\n<p> </p>'),(44,1,'<p>We understand that the security of your personal information is important. We provide reasonable administrative, technical, and physical security controls to protect your personal information. However, despite our efforts, no security controls are 100% effective and VISMARK® cannot ensure or warrant the security of your personal information.</p>\r\n<p> </p>\r\n<p> </p>'),(45,1,'<p>Occasionally, we may change this privacy policy (or Term of services) to allow VISMARK®, to use or share your personal information in a different way to improve our services for our customers. We encourage you to periodically review the <a href=\"en/privacy-policy\" target=\"_blank\">VISMARK® Privacy Center</a> for the latest information on our privacy practices.</p>\r\n<p> </p>\r\n<p> </p>'),(46,1,'<p>We appreciate your desire to protect your intellectual property and are glad to sign any non-disclosure agreements. We usually sign a contract with our customers through we assure them that we protect the clients intellectual property, files and informations, business models, or concepts.</p>\r\n<p> </p>\r\n<p> </p>'),(47,1,'<p>Generally, businesses, including corporations, protect their trade names by registering their trade name as a service mark or trademark if the trade name also functions as a service mark or trademark. Denuding on your country/state of origin, different laws govern the protection of your business name. Because of the legal complexities involved, we recommend that businesses obtain private counsel to get advice on how to protect a trade name in interstate commerce.</p>\r\n<p> </p>\r\n<p> </p>'),(48,1,'<p>VISMARK® is a welcoming place for everyone, and we do our best to make sure people feel supported and connected at work. If you are interested, please access <a href=\"en/careers\" target=\"_blank\">Careers section.</a></p>\r\n<p> </p>\r\n<p> </p>'),(49,1,'<p>Apply directly for the position you’re interested in from our current listings in <a href=\"en/careers\">Careers section</a>. Please make sure you qualify for the role before applying. It’s okay to apply for positions in multiple offices, but applying for positions you do not qualify for won’t increase your chances, and will likely raise a red flag within the recruiting team. For design applicants, it’s important to include a PDF or URL of your portfolio for easy sharing of files.</p>\r\n<p> </p>\r\n<p> </p>'),(50,1,'<p>We have a small recruiting team who manages job listings, reads incoming applications, determines fit, and coordinates the interview and offer processes. The interview process can often include multiple (pre)interviews with a variety of HR managers. You should be ready to share examples of your work and passion areas to help us get a sense of who you are beyond your resume.</p>\r\n<p> </p>\r\n<p> </p>'),(51,1,'<p>Once we reach out to someone, we\'ve usually seen their work and now we want to talk to them. We\'re looking for people who are great storytellers. What got them here? How do they solve problems? What inspires them? We often see people who have followed rich and diverse paths to get to where they are. So sometimes that story is really interesting to us, and we look for that.</p>\r\n<p>We also want to know that they\'re passionate about the role. Sometimes there\'s a distinction between being passionate about working at VISMARK® and being passionate about the role we\'re hiring for. Do they truly love the idea of this job, whether it\'s at VISMARK® or somewhere else? </p>\r\n<p>We also look for people who embody our values in some way. We look for people who, when talking about their work or projects, talk about how they were part of a team. It\'s not just \"I did this\" or \"I had the good idea.\" Finally, curiosity: We love for them to be curious, to ask us questions.</p>\r\n<p> </p>\r\n<p> </p>'),(51,3,'<p>In momentul in care contactam pe cineva, le-am vazut deja munca si dorim sa deschidem discutia. Cautam oameni care sunt adevarati povestitori. Ce i-a adus aici? Cum rezolva problemele pe care le intalnesc? Ce ii inspira? Deseori, vedem oameni care au urmat trasee profesionale bogate si diverse pentru a ajunge unde sunt. Uneori, povestea aceea ni se pare foarte interesanta, iar asta cautam.</p>\r\n<p>Vrem sa stim si ca te pasioneaza postul oferit. Uneori este o diferenta intre a fi pasionat de a lucra la VISMARK® si a fi pasionat de postul pe care il oferim. Sunt cu adevarat entuziasmati sa faca asta, la VISMARK® sau altundeva? </p>\r\n<p>Cautam oameni care ne intruchipeaza valorile intr-un fel sau altul. Oameni care atunci cand vorbesc despre munca sau proiectele lor, vorbesc despre rolul lor ca parte a unei echipe. Nu este vorba doar despre „Ce am facut eu” sau „Cu ce idee am venit eu”. Si in final, curiozitatea: Ne-ar placea sa fie curiosi, sa ne puna intrebari.</p>\r\n<p> </p>\r\n<p> </p>'),(52,1,'<p>We hire people with a wide range of professional experience and educational background, as we know that bringing diverse perspectives is crucial to making positive, disproportionate impact in the world. Some roles call for seasoned professionals, while others have more flexibility to bring on less experienced candidates. Either way, we’ve designed systems that allow our community to learn, grow, and thrive. Degrees are important for some roles, but we aim to keep our community as diverse as the challenges we work on.</p>\r\n<p> </p>\r\n<p> </p>'),(53,1,'<p>We want to know as much as we can about you, and while clever gimmicks are sometimes entertaining, the best way to catch our eye is through your work. A thoughtful cover letter also goes a long way. Don’t write what you think we want to hear; be yourself.</p>\r\n<p> </p>\r\n<p> </p>'),(54,1,'<p>Because we receive hundreds of resumes, we can’t personally reply to each submission. Your application will be reviewed, and someone on the recruiting team will reach out directly if they’d like to schedule an interview. Whether or not you hear from us, your application will remain on file for potential future openings.</p>\r\n<p> </p>\r\n<p> </p>'),(55,1,'<p>Not yet. But soon!</p>\r\n<p> </p>\r\n<p> </p>\r\n<p> </p>'),(56,1,'<p>If you have a question that’s not answered here, please send an email to <a href=\"mailto:careers@vismark.eu\">careers@vismark.eu</a> . Please note that this email is not for submitting application materials.</p>\r\n<p> </p>\r\n<p> </p>'),(1,2,'General'),(2,2,'VISMARK<sup>®</sup> App'),(3,2,'Proiecte si Servicii'),(4,2,'Facturi si Plati'),(5,2,'Legal'),(6,2,'Talente si Joburi'),(56,4,'Inca am intrebari. Pot sa vorbesc cu cineva?'),(56,3,'<p>Daca ai o intrebare la care nu gasesti raspunsul aici, trimite un email la <a href=\"mailto:careers@vismark.eu\">careers@vismark.eu</a> . Te rog tine minte ca aceasta adresa nu e destinata depunerii CV-urilor.</p>\r\n<p> </p>\r\n<p> </p>'),(11,4,'Cum va pot contacta pentru intrebari sau nelamuriri?'),(11,3,'<p>Daca ai o nelamurire sau o intrebare pe partea de confidentialitate, te rugam sa e contactezi la <a href=\"mailto:hello@vismark.eu\">hello@vismark.eu</a> sau la <strong>+4 021 367 33 94.</strong></p>\r\n<p> </p>\r\n<p> </p>'),(1,4,'Cine este VISMARK®?'),(1,3,'<p>VISMARK® este o agentie de comunicare vizuala cu sediul in Romania. VISMARK® ofera servicii de design grafic companiilor care vor sa-si perfectioneze identitatea vizuala sau care isi doresc in mod regulat materiale pentru promovarea companiei, produselor si serviciilor.</p>\r\n<p>De asemenea, VISMARK® poate fi departamentul de design extern al oricarei companii sau agentii de publicitate care lucreaza pe proiecte multiple.</p>\r\n<p> </p>'),(1,5,'VISMARK® offers graphic design services to companies'),(1,6,'visual communications agency, graphic design agency, outsourced graphic department, outsourcing design, advertising agencies '),(1,9,'VISMARK® ofera servicii de design grafic'),(1,10,'comunicare vizuala, agentii de publicitate, servicii de design, design grafic'),(2,4,'Compania noastra are nevoie lunar de o cantitate mare de servicii de design. Puteti face fata unui astfel de volum?'),(2,3,'<p>Categoric! Echipa noastra consta in account manageri, art directori, copywriteri. Designerii nostri au abilitati diverse si expertize diferite: design comercial, ilustratie, 3D art, interfete grafice website-uri sau aplicatii, design de user experience, design grafic, design animat si multe altele.</p>\r\n<p>Noi suntem pregatiti. Hai sa lucram impreuna! <a title=\"Contacteaza-ne\" href=\"ro/contacteaza-ne\">Contacteaza-ne</a></p>\r\n<p> </p>'),(2,5,' Our designers have different expertise, like: commercial design, illustrate, 3D art, user interface and user experience design, graphic design, motion design'),(2,6,'brand design, commercial design, illustrate, 3D art, user interface and user experience design, graphic design, motion design, ui design'),(2,9,'Designerii nostri au abilitati diverse si expertize diferite: design comercial, ilustratie, 3D art, user interface, design de user experience, design grafic, design de miscare'),(2,10,'design comercial, ilustratie, 3D art, interfete grafice website-uri sau aplicatii, design de user experience, design grafic, brand design'),(3,4,'Nu stiu de unde sa incep. Ma puteti ajuta?'),(3,3,'<p>Da-ne un telefon la +4 021 367 33 94 ca sa vezi daca ne potrivim. Vom asculta nevoile tale si vom stabili impreuna ce optiuni de colaborare exista. Suntem capabili sa punem lucrurile in perspectiva si sa venim cu solutii noi. Ne place sa rezolvam probleme si sa cream branduri.</p>\r\n<p> </p>'),(3,5,'We are problem solvers and brand creators.'),(3,6,'brand design, visual communication, branding,brand creators'),(3,9,'Ne place sa rezolvam probleme si sa cream branduri. '),(3,10,'creare brand, branding'),(4,4,'De ce sa aleg VISMARK® si nu alta companie pentru designurile mele grafice?'),(4,3,'<p>- O echipa intreaga de designeri va lucra la proiectele tale</p>\r\n<p>- Platforma integrata, prin care iti poti gestiona proiectele</p>\r\n<p>- Metoda usoara de a face outsourcing</p>\r\n<p>- Numar nelimitat de feedback-uri</p>\r\n<p>- Fara contorizare de ore</p>\r\n<p> </p>'),(4,5,'Easy way to outsource graphic design materials'),(4,6,'design team, outsource graphic design, no counted hours'),(4,9,'Metoda usoara de a face outsourcing de design grafic publicitar'),(4,10,'echipa de designeri, graficieni, '),(5,4,'Detin o afacere dedicata adultilor. Putem colabora?'),(5,3,'<p>Ne cerem scuze, insa nu colaboram cu agentii sau companii care lucreaza cu materiale cu un continut ilegal, obscen sau daunator.</p>\r\n<p> </p>'),(5,5,'related business'),(5,6,'related business'),(5,9,'colaboram cu agentii'),(5,10,'colaboram cu agentii'),(6,4,'Putem discuta inainte sa imi iau un angajament?'),(6,3,'<p>Absolut! Daca ai intrebari scurte, ne poti contacta telefonic la +4 021 367 33 94 sau prin e-mail la <a href=\"mailto:suppor@vismark.eu\">hello@vismark.eu</a> . Daca doresti sa avem o discutie mai lunga pe o anumita problema, putem stabili o intalnire la sediul nostru din Bucuresti sau prin Skype.</p>\r\n<p> </p>'),(7,4,'Compania voastra poate lucra cu clienti din toata lumea?'),(7,3,'<p>Desi ne desfasuram activitatea in Bucuresti, am lucrat cu persoane fizice, agentii de publicitate si companii din intreaga lume. Cu multi dintre clientii nostri nu ne-am intalnit niciodata in persoana, discutiile fiind purtate la telefon sau prin Skype. Lucrarile noastre au fost prestate pentru clienti din intreaga Europa, dar si din Asia sau America de Nord.</p>\r\n<p>Vrei sa lucrezi cu noi?  <a title=\"Contacteaza-ne\" href=\"ro/contacteaza-ne\">Contacteaza-ne</a></p>\r\n<p> </p>'),(7,5,'Although we are located in Bucharest, Romania, we have worked with individuals, agencies and companies from all over the world.'),(7,6,' advertising agencies'),(7,9,'Desi ne desfasuram activitatea in Bucuresti, am lucrat cu persoane fizice, agentii de publicitate si companii din intreaga lume. '),(7,10,'agentii de publicitate'),(8,4,'Cum puteti fi gasiti?'),(8,3,'<p>Putem fi gasiti prin e-mail, telefon si Skype sau in persoana la adresa Bulevardul Mircea Voda 44, bloc M17, etaj 3, Sector 3, Bucuresti.</p>\r\n<p> </p>'),(8,6,'agentie de publicitate bucuresti'),(8,10,'advertising agency bucharest'),(9,4,'Cu ce tipuri de companii a lucrat agentia voastra?'),(9,3,'<p>VISMARK® are experienta de lucru cu organizatii si companii de diferite feluri si marimi. Printre domeniile de activitate pe care le acopera clientii nostri se numara: cabinete de avocatura, companii medicale, aeriene, agentii turism, retail, organizatii non-profit, restaurante, companii din domeniul mecanic si industrial si multe altele!</p>\r\n<p><a href=\"ro/portofoliu\" target=\"_blank\">Vezi portofoliul nostru in functie de domenii de activitate aici.</a></p>\r\n<p> </p>'),(9,5,'Graphic design for law firms, medical, aerial, tourism, retail, nonprofits, restaurants, mechanical, industrial'),(9,6,'law firms, medical, aerial, tourism, retail, nonprofits, restaurants, mechanical, industrial'),(9,9,'Printre domeniile de activitate pe care le acopera clientii nostri se numara: cabinete de avocatura, companii medicale, aeriene, agentii turism, retail, organizatii non-profit, restaurante, companii din domeniul mecanic si industrial '),(9,10,'cabinete de avocatura, companii medicale, aeriene, agentii turism, retail, organizatii non-profit, restaurante'),(10,4,'Pot sa vad mai multe exemple din munca voastra?'),(10,3,'<p>Avem mai multe proiecte de care suntem mandri pe website-ul nostru: <a href=\"ro/portofoliu\">www.vismark.eu/work</a> . Totusi, daca esti interesat sa vezi mai mult (inclusiv cateva proiecte care nu pot fi afisate pe website-ul VISMARK®), nu ezita sa <a href=\"ro/contacteaza-ne\">ne contactezi.</a></p>\r\n<p> </p>'),(10,5,'We’ve got plenty of examples of our  graphic design work on our website'),(10,6,'VISMARK® website'),(10,9,'Avem mai multe proiecte de care suntem mandri pe website-ul nostru'),(10,10,'VISMARK® website'),(12,4,'Ce este VISMARK®App?'),(12,3,'<p>VISMARK®App este aplicatia noastra interna. Crearea unui cont nou este gratuita pentru clientii nostri, iar scopul nostru este de a le oferi acestora o experienta de servicii completa.</p>\r\n<p>Esti clientul nostru? <a href=\"ro/contacteaza-ne\" target=\"_blank\">Te poti autentifica aici. </a></p>\r\n<p> </p>'),(12,5,'VISMARK®App is our internal app'),(12,6,'VISMARK®App'),(12,9,'VISMARK®App este aplicatia noastra interna. '),(12,10,'VISMARK®App'),(13,4,'Ce caracteristici are VISMARK®App?'),(13,3,'<p>VISMARK®App are o serie de caracteristici care te ajuta sa:</p>\r\n<p>- <strong>plasezi comenzi</strong> rapid si usor, dand startul la proiecte noi</p>\r\n<p>- <strong>incarci fisiere</strong>, alaturi de un scurt brief pentru fiecare proiect si un deadline pentru acesta</p>\r\n<p>- <strong>dai feedback direct pe design</strong></p>\r\n<p>- <strong>cauti si sortezi</strong> proiectele si preview-urile tale cu usurinta</p>\r\n<p>- <strong>deschizi conversatii</strong> pentru fiecare proiect in lucru, fara a pierde informatii</p>\r\n<p>- <strong>fixezi sarcini</strong> si descrii ajustarile pe care le doresti, modifici sau stergi aceste sarcini</p>\r\n<p>- <strong>prelungesti proiectul</strong>, deoarece nu exista ore contorizate</p>\r\n<p>- <strong>schimbi sau modifici draftul</strong> pana arata asa cum iti doresti, in mod gratuit</p>\r\n<p>- <strong>urmaresti istoricul activitatii tale</strong>, proiectele, preview-urile, facturile, mesajele sau sarcinile</p>\r\n<p>- esti relaxat, deoarece materialele tale vor avea o <strong>identitate vizuala unitara</strong></p>\r\n<p>- <strong>schimbi statustul proiectelor si preview-urilor tale</strong>: In lucru, Aprobat, Arhivat</p>\r\n<p>- <strong>descarci fisierele finale</strong> si fisierele pentru print cand proiectul este finalizat</p>\r\n<p>- <strong>evaluezi munca noastra</strong>, alegi nivelul de satisfactie si daca doresti ne poti lasa un testimonial sau o recomandare care sa ne ajute sa ne imbunatatim serviciile</p>\r\n<p>- <strong>beneficiezi de un nivel de serviciu clienti de cea mai buna calitate</strong>. Poti invata cum sa folosesti platforma in sectiunea Help Center, poti accesat Help Widget sau ne poti suna pentru instructiuni</p>\r\n<p>- <strong>esti notificat</strong> pe e-mail sau direct in platforma referitor la orice schimbare privitoare la contul, proiectele, mesajele sau activitatile tale</p>\r\n<p>- navighezi intr-o <strong>interfata prietenoasa si intuitiva</strong>, usor de invatat</p>\r\n<br />\r\n<p> </p>\r\n<p>Noi suntem pregatiti. Hai sa lucram impreuna! <a title=\"Contacteaza-ne\" href=\"ro/contacteaza-ne\">Contacteaza-ne</a></p>\r\n<p> </p>\r\n<p> </p>'),(13,5,'give feedbacks directly on design'),(13,6,'design feedback, create new projects, visual identity'),(13,9,'dai feedback direct pe design'),(13,10,'design feedback, identitate vizuala'),(14,4,'Cum imi pot crea un cont pentru a accesa aplicatia?'),(14,3,'<p>VISMARK®App este o comunitate inchisa, dedicata clientilor nostri. Pentru a accesa aplicatia, e nevoie sa faci o comanda pentru serviciile noastre de design, moment in care vei primi (gratuit) un user si o parola pentru a folosi VISMARK®App cat timp doresti.</p>\r\n<p>Vrei sa lucram impreuna? <a title=\"Contacteaza-ne\" href=\"ro/contacteaza-ne\">Contacteaza-ne</a></p>\r\n<p> </p>'),(14,5,' To access the app, you need to place an order for design services'),(14,6,'graphic design services, design community'),(14,9,'Pentru a accesa aplicatia, e nevoie sa faci o comanda pentru serviciile noastre de design'),(14,10,'servicii de design, comunitate design'),(15,4,'VISMARK®App este o platforma pentru freelanceri?'),(15,3,'<p>Nu. VISMARK®App este mecanismul nostru intern care ajuta clientii sa-si administreze fisierele si proiectele, iar pe noi sa ne imbunatatim serviciile si sa le oferim asistenta clientilor.</p>\r\n<p> </p>'),(16,4,'Pe ce dispozitive pot folosi VISMARK®App?'),(16,3,'<p>Aplicatia poate fi folosita pe MAC, PC, laptop, smartphone si tableta.</p>\r\n<p>Noi suntem pregatiti. Hai sa lucram impreuna! <a title=\"Contacteaza-ne\" href=\"ro/contacteaza-ne\">Contacteaza-ne</a></p>\r\n<p> </p>'),(17,4,'Cat trebuie sa platesc pentru un cont in aplicatie?'),(17,3,'<p>Nu trebuie sa platesti nimic. VISMARK®App este GRATUIT pentru clientii nostri.</p>\r\n<p>Fii clientul nostru!  <a title=\"Contacteaza-ne\" href=\"ro/contacteaza-ne\">Contacteaza-ne</a></p>\r\n<p> </p>'),(17,5,'VISMARK®App FREE for our clients.'),(17,9,'VISMARK®App este GRATUIT'),(18,4,'Care este procesul de incepere a proiectelor?'),(18,5,'As a very broad generalization, our design process follows the following steps'),(18,6,'design, customers agency, graphic design'),(18,9,'procesul nostru de realizare a unui design grafic are urmatorii pasi'),(18,10,'design, agentie de design, publicitate,  propunerile de design'),(20,3,'<p>VISMARK® ofera o gama completa de servicii de design pentru compania, agentia sau organiatia din care faci parte. Serviciile noastre includ: design grafic, design de brand, dessign UI si UX, design comperical, 3D, motion design, ilustratie si alte tipuri de servicii de comunicare vizuala. Pentru a ne vedea portofoliul, poti accesa <a href=\"ro/portofoliu\" target=\"_blank\">sectiunea Proiecte.</a></p>\r\n<p> </p>'),(20,5,'VISMARK® provides a full range of graphic design services to serve your company, agency or organization.'),(20,6,'graphic design, brand design, ui & ux design, commercial design, 3d design, motion design, illustrations,  visual communication design'),(20,9,'VISMARK® ofera o gama completa de servicii de design pentru compania, agentia sau organiatia din care faci parte.'),(20,10,'design grafic, design de brand, dessign UI si UX, design comperical, 3D, motion design, ilustratii, comunicare vizuala'),(21,4,'Care este munca propriu-zisa a unei agentii de design?'),(21,5,'A graphic designer is a communicator of your idea, your product and your solution to the world.'),(21,6,'agency design, graphic designer, typography, design directions'),(21,9,'Un designer este un profesionist care iti comunica ideea, produsul sau solutia catre intreaga lume.'),(21,10,'agentie de design, graphic designer, typography, variante de design'),(22,4,'Oferiti servicii de print?'),(22,3,'<p>Nu oferim servicii de print. Printingul nu este inclus in cotatiile de pret ale ofertelor noastre.</p>\r\n<p> </p>\r\n<p> </p>'),(22,6,'print services'),(22,10,'servicii de print'),(23,4,'Ce se intampla daca nu sunt multumit de produsul final?'),(23,3,'<p>Suntem convinsi ca trebuie sa ne satisfacem clientii. Din acest motiv, o sa continuam sa lucram la designul tau pana esti multumit cu el; in baza discutiei facute pe brief-ul initial, oferim revizii nelimitate pentru proiectul tau.</p>\r\n<p>Cu toate acestea, daca vom lucra impreuna pentru un proiect, iar la finalul acestuia nu esti complet satisfacut de rezultat, iti garantam banii inapoi. Orice depuneri partiale sau plati vor fi returnate, cu exceptia taxelor catre institutiile financiare. Drepturile de autor pentru proiectul tau vor ramane in custodia VISMARK®, in timp ce tu vei pastra drepturile pentru informatiile legate de companie care au fost folosite in material. Astfel, VISMARK® va putea comercializa in continuare designul conceput.</p>\r\n<p>De asemenea, daca alegi sa nu finalizezi proiectul inceput, vei fi rugat sa semnezi o garantie conform careia nu vei folosi niciun material realizat de catre noi care ti-a fost prezentat in procesul creativ. Totusi, suntem increzatori ca munca noastra va vorbi de la sine si ca satisfactia ta va fi garantata.</p>\r\n<p>Totusi, daca accepti designul primit iar apoi constati ca nu mai ai nevoie de acel material, avansul de 50% platit catre noi, nu va fi returnat.</p>\r\n<p> </p>'),(23,5,'continue to work with you to refine your design until you are completely happy'),(23,6,'design concept, design project'),(23,9,'continuam sa lucram la designul tau pana esti multumit cu el; in baza discutiei facute pe brief-ul initial'),(23,10,'design concept, Drepturile de autor'),(24,4,'O sa detin drepturile pentru un logo (sau alt material) pe care l-ai creat pentru mine?'),(24,3,'<p>In momentul in care am finalizat procesul de design si factura pentru aceasta a fost achitata, drepturile de autor pentru varianta finala a logo-ului (altui material) vor fi transferate catre tine. Noi vom detine drepturile pentru variantele de concept pe care le-am creat si nu au fost luate in considerare/finalizate.</p>\r\n<p> </p>\r\n<p> </p>'),(24,5,'Once we have completed the design process, and you have paid in full for your final logo design'),(24,6,'logo design, creative concepts, design process, logo'),(24,9,'In momentul in care am finalizat procesul de design si factura pentru aceasta a fost achitata'),(24,10,'procesul de design, drepturi de autor'),(25,4,'Poate fi integrat logo-ul meu in alte proiecte? (web, print etc)'),(25,3,'<p>Vei primi mai mute fisiere cu varianta finala a logo-ului tau, in varietati de culoare, marimi si formate, care vor putea folosite in orice tip material, fie el print sau digital. Daca iti doresti un anumit tip de fisier sau format, spune-ne si vom fi fericiti sa ti-l punem la dispozitie.</p>\r\n<p> </p>'),(25,5,'You will receive many different files of your finished logo design, in a variety of colors, sizes and file formats'),(25,6,'web sites, website,  logo, print, digital'),(25,9,'Vei primi mai mute fisiere cu varianta finala a logo-ului tau, in varietati de culoare'),(25,10,'website, logo, print, digital'),(26,4,'Cum se diferentiaza versiunile de design de reviziile de design?'),(26,5,' These are design revisions and involve changes to color, font, and proportions of the logo'),(26,6,'design directions, logo versions, different logo versions, concepts, concept of the logo, design revisions'),(26,9,'Versiunile de design au la baza diferite directii de design (concepte) sau directori de creatie diferiti'),(26,10,'design, directori de creatie, concepte, logo, versiuni de logo'),(27,4,'Ce se intampla daca mi se schimba alegerea in mijlocul unui proiect?'),(27,3,'<p>Nicio problema! Schimbarile se produc mereu. Vom tine cont de comentariile si modificarile aduse fie ca se produc la inceputul sau in mijlocul proiectului. Daca aceste modificari influenteaza pretul final al proiectului, costurile vor fi trimise catre aprobare inainte ca acestea sa fie aplicate.</p>\r\n<p> </p>'),(27,5,' We are happy to incorporate your comments and revisions whether they happen at the beginning or middle of your project'),(27,6,'graphic design job, design project'),(27,9,'Vom tine cont de comentariile si modificarile aduse fie ca se produc la inceputul sau in mijlocul proiectului'),(28,4,'Cum imi veti livra fisierele?'),(28,3,'<p>Fisierele final de design grafic pot fi livrate prin mai multe metode. Acestea pot fi trimise prin e-mail, dar sunt in acelasi timp disponibile pentru descarcare in contul VISMARK®App.</p>\r\n<p> </p>'),(28,5,'Final design files can be delivered by a variety of means.'),(28,6,'design files'),(28,9,'Fisierele final de design grafic pot fi livrate prin mai multe metode.'),(28,10,'design grafic'),(29,4,'Imi vor fi furnizate fisiere vectoriale scalabile pentru logo-ul sau materialele de print?'),(29,3,'<p>Da. In pachetul standard al fiecarui logo sau material de print sunt incluse fisiere scalabile vectoriale.</p>\r\n<p> </p>\r\n<p> </p>'),(29,5,'the standard pack for every logo design or print material contains a full set of scalable vector files.'),(29,6,'logo design, scalable vector files'),(29,9,'In pachetul standard al fiecarui logo sau material de print sunt incluse fisiere scalabile vectoriale.'),(29,10,'material de print, logo, design logo, creare logo, fisiere vectoriale'),(30,4,'Pot sa-mi editez cartile de vizita si celelalte materiale stationery?'),(30,3,'<p>Cartile de vizita si materialele de design stationery (mape de prezentare, coli cu antet) vor fi create intr-un format vectorial, asa ca folosirea oricarei aplicatii (cum ar fi Adobe Illustrator sau CorelDraw) ar trebui sa iti dea posibilitatea sa editezi aceste materiale.</p>\r\n<p> </p>'),(30,5,'Your business cards and stationery will be created in a vector format, so using any vector editing application such as Adobe Illustrator or CorelDraw'),(30,6,'Adobe Illustrator, CorelDraw, business cards, design, vector format'),(30,9,'Cartile de vizita si materialele de design stationery (mape de prezentare, coli cu antet) vor fi create intr-un format vectoria'),(30,10,'Adobe Illustrator, CorelDraw, carti de vizita, mape de prezentare, coli cu antet, format vectorial'),(31,4,'Imi puteti crea designul pentru carti de vizita, coli cu antet si mape impreuna cu designul de logo?'),(31,3,'<p>Da, putem sa iti cream un branding vizual complet, inclusiv design pentru: mape de prezentare, coli cu antet, identitate vizuala pentru autoturisme, casete volumetrice s.a.</p>\r\n<p><a href=\"ro/contacteaza-ne\" target=\"_blank\">Contacteaza-ne ca sa iti putem face o cotatie de pret.</a></p>\r\n<p> </p>'),(31,5,'design my business cards, letter heads and envelopes along with my new logo design'),(31,6,'branding, brand design, full logo branding, complete stationery package'),(31,9,'Design pentru carti de vizita, coli cu antet si mape impreuna cu designul de logo'),(31,10,'mape de prezentare, coli cu antet, identitate vizuala pentru autoturisme, casete volumetrice, branding, brand'),(32,4,'In cat timp voi putea vedea primele variante de design?'),(32,3,'<p>In functie de tipul de proiect si de cerintele particulare ale acestuia, ar trebui sa primesti primul draft de design intre 1 si 15 zile lucratoare din momentul inceperii acestuia.</p>\r\n<p> </p>'),(32,5,'you should see initial graphic design concepts anywhere from 24 hours to 15 business days'),(32,6,'graphic design, design concepts'),(32,10,'draft de design'),(33,4,'Pastrati fisierele materialelor mele de design dupa ce proiectul este incheiat?'),(33,3,'<p>Pentru o perioada de 50 de zile, iti pastram fisierele active, in caz ca iti pierzi sau strici fisierele sau in cazul in care soliciti modificari. Dupa aceasta perioada, acestea vor fi arhivate. Orice solicitare venita dupa aceasta perioada poate necesita costuri suplimentare.</p>\r\n<p> </p>'),(33,5,'Keep design files after we finish the project'),(33,9,'Pastrati fisierele materialelor mele de design dupa ce proiectul este incheiat'),(34,4,'Ce tipuri de preturi practicati?'),(34,3,'<p>Am dori sa putem da un raspuns direct in legatura cu acest subiect. Cu toate acestea, serviciile de design nu sunt atat de usor de cuantificat, deoarece cerintele variaza pentru fiecare proiect.</p>\r\n<p> </p>\r\n<p>Practicam doua tipuri de facturari in functie de serviciul de design pe care il soliciti:</p>\r\n<p>a)      Pret net- pretul pe proiect, predeterminat la inceputul proiectului.</p>\r\n<p>b)      Taxa pe ora- facturarea se face conform timpului utilizat.</p>\r\n<p>Clientii sunt tinuti la curent regulat cu privire la proiect de catre jurnalul nostru de timp si de rapoarte.</p>\r\n<p> </p>\r\n<p>Oferim un proces de stabilire a preturilor gratuit, fara obligatii, pentru a putea defini domeniul si specificul fiecarui proiect.  Nu vrem sa dezamagim pe nimeni cu niciun cost ascuns. A fi transparenti cu clientii nostri face parte din politica noastra, de aceea comunicam toate costurile detaliate inainte de inceperea oricarui proiect. Orice schimbare si ajustare este apoi facuta si convenita  de catre ambele parti inainte de inceperea unui proiect.</p>\r\n<p> </p>'),(34,5,'We have two types of billing depending on your design job'),(34,6,'graphic design prices, hourly rate, design job, graphic design services, design work'),(34,9,'Practicam doua tipuri de facturari in functie de serviciul de design pe care il solicit'),(34,10,'servicii de design, preturi design'),(35,4,'Ar trebui sa caut cel mai bun pret?'),(35,3,'<p>Odata cu aparitia softurilor de grafica easy-to-use sau do-it-yourself, este relativ simplu pentru oricine sa creeze un logo functional sau un website adecvat. Raspunsul este simplu: daca cineva are o pensula, asta nu il face Rembrandt.</p>\r\n<p>Nu este vorba doar de pret, este vorba de asemenea despre originalitate in design si concept, o varietate de optiuni, stapanirea softului si livrarea la timp si cu succes a specificatiilor catre imprimanta sau hostul web. Majoritatea celor care opteaza pentru cel mai mic pret descopera ca primesc ceea ce platesc. Asadar, angajand o agentie de design externalizata vei castiga timp si bani pe termen lung.</p>\r\n<p> </p>'),(35,6,'best price graphic design, design prices, design and concept, design agency, lowest price, outsourced design agency, functional logo'),(35,10,'pret design, agentie de design, outsourced design agency, functional logo'),(36,4,'Am nevoie de multe materiale, putem opta pentru un abonament lunar pentru ca voi sa creati aceste materiale?'),(36,3,'<p>Avem un <a href=\"ro/clienti\" target=\"_blank\">numar de clienti</a> care ne-au pastrat ca fiind agentia lor de design publicitar pe termen lung.  Pentru o taxa lunara fixa (cu un contract de minimum 3 luni) putem deveni departamentul tau de design cu norma intreaga. Daca ai proiecte mai mari, care necesita mai multa implicare sau mai multe materiale create, acest lucru poate fi de obicei o metoda mai economica comparativ cu crearea si fixarea fiecarui element.</p>\r\n<p>Hai sa lucram impreuna. <a href=\"ro/contacteaza-ne\" target=\"_blank\">Contacteaza-ne! </a></p>\r\n<p> </p>'),(36,5,'paying a flat monthly retainer fee for design services'),(36,6,'monthly retainer fee, monthly design services fee, graphic design retainer fee'),(36,9,' putem deveni departamentul tau de design cu norma intreaga'),(36,10,'abonament design publicitar, abonamente servicii design, agentie de design, plata lunara design'),(37,4,'Care sunt politicile de facturare?'),(37,3,'<p>Daca nu s-a stabilit in alt mod cu clientul, toate serviciile de design necesita o plata in avans de minimum cincizeci (50) de procente din cota totala a proiectului inainte de inceperea muncii. Celelalte cincizeci de procente vor fi platite inainte de trimiterea fisierelor finale catre client sau de urcarea lor pe server in contul acestuia.</p>\r\n<p> </p>'),(37,6,'design services'),(37,10,'serviciile de design'),(38,4,'Ce se intampla daca ma razgandesc dupa inceperea proiectului?'),(38,3,'<p>Odata ce proiectul a inceput si au fost alocate resurse pentru munca de design, in cazul in care te razgandesti, avansul de 50 de procente este nerambursabil. VISMARK® incearca furnizarea de servicii de design care se ridica sau depasesc asteptarile clientului, dar in cazul unei  „razgandiri” (dupa ce proiectul a inceput) de catre dumneavoastra, depozitul de 50% este pierdut, plus o plata pe baza timpului utilizat.</p>\r\n<p> </p>'),(38,5,'VISMARK® endeavors to provide design services '),(38,6,'graphic design services'),(38,9,'VISMARK® incearca furnizarea de servicii de design'),(38,10,'servicii de design'),(39,4,'Cum pot sa fac plata catre voi?'),(39,3,'<p>Acceptam si preferam plata prin transfer bancar, insa poti alege o metoda de plata online securizata folosind cardul de credit, cardul de debit sau contul bancar via PayPal.com. Deschiderea unui cont este rapida, usoara si GRAUITA.</p>\r\n<p><a href=\"ro/contacteaza-ne\" target=\"_blank\">Hai sa lucram impreuna. </a></p>\r\n<p> </p>'),(39,5,'choose a secure online payments'),(40,4,'Acceptati carduri de credit?'),(40,3,'<p>Da, folosind PayPal.com, puteti face plati folosind cardurile Visa si MasterCard.</p>\r\n<p> </p>\r\n<p> </p>'),(41,4,'Ce se intampla daca nu-mi platesc facturile la timp?'),(41,3,'<p>Facturile care raman neplatite timp de 7 zile de la data facturarii vor suporta o taxa aditionala de 5% din costul proiectului pentru fiecare saptamana in care plata nu este facuta. Clientul este responsabil  pentru toate taxele de colectare a debitelor, taxele legale si taxele de judecata care ar putea surveni ca rezultat al neplatii facturilor de catre client in 7 zile calendaristice de la data emiterii. Daca ai dificultati cu privire la plata facturilor, te rugam sa iei legatura cu no, in momentul in care semnalezi problema, ca sa putem gasi o solutie convenabila pentru ambele parti.</p>\r\n<p> </p>'),(42,4,'Care este politica voastra de confidentialitate?'),(42,3,'<p>Ne-am luat angajamentul de a va respecta dreptul de confidentialitate si o vom proteja atunci cand navigati pe website-ul nostru sau atunci cand colaborati cu compania noastra. Faceti click aici ca sa vizualizati <a href=\"en/privacy-policy\" target=\"_blank\">politica de confidensialitate (EN)</a> VISMARK®. Aceasta explica practicile noastre de informare online, inclusiv modul in care colectam si utilizam informatiile cu caracter personal.</p>\r\n<p> </p>\r\n<p> </p>'),(43,4,'Care sunt Termenii si Conditiile de Utilizare pentru website-urile VISMARK®?'),(43,3,'<p>Termenii si conditiile de utiliazre reprezinta un acord legal intre client si VISMARK® si guverneaza utlizarea website-ului nostru de catre acesta. Citeste termenii si conditiile de utilizare in intregime inainte de a utiliza website-ul sau continutul aferent. Daca nu esti de acord cu termenii si conditiile de utilizare, te rugam sa intrerupi utilizarea website-ului.</p>\r\n<p><a href=\"en/terms-of-use\" target=\"_blank\">Fa click aici pentru a vizualiza termenii si conditiile de utilizare.</a></p>\r\n<p> </p>\r\n<p> </p>'),(44,4,'Sunt informatiile mele personale in siguranta?'),(44,3,'<p>Intelegem ca securitatea informatiilor dumneavoastra personale este importanta. Va punem la dispozitie controale rezonabile de securitate fizica, administrativa si tehnica pentru a proteja informatiile dumneavoastra personale. Totusi, in ciuda eforturilor noastre, nu exista controale de securitate 100% eficiente si VISMARK® nu poate asigura sau garanta securitatea informatiilor personale.</p>\r\n<p> </p>\r\n<p> </p>'),(45,4,'Va suferi Politica de Confidentialitate schimbari?'),(45,3,'<p>Ocazional, am putea schimba aceasa politica de confidentialitate (sau termenii serviciilor) pentru a permite VISMARK® sa utilizeze sau sa faca schimb de informatii personale intr-un mod diferit, pentru a imbunatati serviciile oferite clientilor nostri. Va recomandam sa verificati <a href=\"en/privacy-policy\" target=\"_blank\">Centrul de Confidentialitate</a> periodic pentru a fi la curent cu toate informatiile sau modificarile recente privind practicile noastre de confidentialitate.  </p>\r\n<p> </p>\r\n<p> </p>'),(46,4,'Am o idee pe care as vrea sa o protejez, VISMARK® semneaza acorduri de non-divulgare?'),(46,3,'<p>Respectam dorinta ta de a-ti proteja proprietatea intelectuala si suntem dispusi sa semnam cu bucurie orice acord de non-divulgare. De regula, incheiem cu clientii nostri contracte prin care ii asiguram ca proprietatea lor intelectuala, fisierele, informatiile, conceptele sau modelele de afacere le sunt protejate.</p>\r\n<p> </p>\r\n<p> </p>'),(46,6,'intellectual property'),(46,10,'proprietatea intelectuala'),(47,4,'Cum pot proteja numele afacerii mele?'),(47,3,'<p>De regula, intreprinderile, inclusiv corporatiile, isi protejeaza denumirile comerciale prin inregistrarea lor ca marca de serviciu sau marca comerciala in cazul in care denumirea respectiva functioneaza ca oricare dintre cele doua. In functie de tara sau statul de origine, protectia numelui firmei este reglementata de diverse legi in vigoare. Din cauza complexitatii juridice implicate, recomandam intreprinderilor sa obtina sfaturi sau consultanta cu privire la modul protejarii unei denumiri comerciale in comertul interstatal.</p>\r\n<p> </p>\r\n<p> </p>'),(47,5,'Corporations protect their trade names by registering their trade name as a service mark or trademark'),(47,6,'business name, '),(47,9,'intreprinderile, inclusiv corporatiile, isi protejeaza denumirile comerciale prin inregistrarea lor ca marca de serviciu sau marca comercial'),(47,10,'marca comerciala, inregistrare brand, inregistrare denumire'),(48,4,'Unde pot vizualiza joburile disponibile?'),(48,3,'<p>VISMARK® este locul unde oricine este binevenit, si facem tot ce ne sta in putere pentru ca oamenii sa se simta sustinuti si in conexiune unii cu altii. Daca esti interesat, te rugam sa accesezi <a href=\"ro/cariere\" target=\"_blank\">sectiunea Cariere.</a></p>\r\n<p> </p>\r\n<p> </p>'),(48,6,'design agency job'),(48,10,'job agentie de design'),(49,4,'Cum ar trebui sa aplic?'),(49,3,'<p>Aplica direct pentru postul care te intereseaza de pe lista de la <a href=\"ro/cariere\" target=\"_blank\">sectiunea Cariere</a>. Te rugam sa te asiguri ca te califici pentru job inainte sa aplici. Este in regula sa aplici pentru posturi in mai multe departamente, dar daca aplici pentru posturi pentru care nu esti calificat nu iti vor creste sansele, ci vei transmite cel mai probabil un semnal de alarma echipei de recrutare. Daca aplici pe un post de designer, e important sa incluzi un PDF sau URL cu portofoliul, pentru a facilita accesul la fisiere.</p>\r\n<p> </p>\r\n<p> </p>'),(50,4,'Cum functioneaza procesul de recrutare?'),(50,3,'<p>Avem o mica echipa de recrutare, care gestioneaza listarea joburilor, citeste solicitarile primite, stabileste cat de potriviti sunt candidatii cu job-ul, coordoneaza interviurile si procesele de oferta. Procesul interviului poate include adeseori pre(interviuri) multiple cu manageri de HR variati. Ar trebui sa fii pregatit sa ne impartasesti exemple legate de munca si pasiunile tale, pentru a ne ajuta sa ne dam seama cine esti, dincolo de CV-ul tau.</p>\r\n<p> </p>\r\n<p> </p>'),(50,5,'We have a small recruiting team who manages job listings'),(50,9,'Avem o mica echipa de recrutare, care gestioneaza listarea joburilor'),(51,4,'Ce fel de persoane cautati?'),(52,4,'Cat de multa experienta este necesara?'),(52,3,'<p>Angajam oameni cu experienta profesionala si background educational foarte variat, pentru ca stim ca a aduce impreuna perspective diverse e crucial atunci cand vrei sa ai un puternic impact pozitiv in lume. Unele posturi necesita profesionisti, in timp ce in cazul altora exista flexibilitatea de a selecta candidati cu mai putina experienta. In orice caz, am proiectat sisteme care permit comunitatii sa invete, sa creasca si sa prospere. Diplomele sunt importante pentru unele posturi, dar urmarim sa ne pastram comunitatea la fel de diversa ca si provocarile pe care le intalnim la munca.</p>\r\n<p> </p>\r\n<p> </p>'),(53,4,'Cum as putea sa ies in evidenta?'),(53,3,'<p>Vrem sa stim cat mai multe despre tine si, desi trucurile sunt uneori amuzante, cel mai bun mod de a ne capta atentia este prin munca ta. Un rol important il are si o scrisoare de intentie scrisa cu atentie. Nu scrie ce crezi ca vrem sa auzim, fii tu insuti.</p>\r\n<p> </p>\r\n<p> </p>'),(54,4,'Voi fi contactat in legatura cu statusul solicitarii mele?'),(54,3,'<p>Pentru ca primim sute de CV-uri, nu putem raspunde personal la fiecare cerere. Solicitarea ta va fi examinata, iar cineva din echipa de recrutare te va contacta direct daca doresc sa programeze un interviu. Chiar daca nu primesti nici un semn, CV-ul tau va ramane la dosar pentru potentiale deschideri viitoare.</p>\r\n<p> </p>\r\n<p> </p>'),(55,4,'VISMARK® ofera si internship-uri?'),(55,3,'<p>Nu inca, dar vom oferi in curand!</p>\r\n<p> </p>\r\n<p> </p>\r\n<p> </p>'),(55,6,'internship in agency'),(55,10,'internship in agentie');

--
-- Table structure for table `cms_module_faq_images`
--

CREATE TABLE `cms_module_faq_images` (
  `image_id` int(10) NOT NULL AUTO_INCREMENT,
  `item_id` int(10) DEFAULT NULL,
  `filename` varchar(255) DEFAULT NULL,
  `position` int(10) DEFAULT NULL,
  PRIMARY KEY (`image_id`)
) ENGINE=MyISAM DEFAULT CHARSET=utf8;

--
-- Dumping data for table `cms_module_faq_images`
--


--
-- Table structure for table `cms_module_faq_item`
--

CREATE TABLE `cms_module_faq_item` (
  `item_id` int(11) NOT NULL AUTO_INCREMENT,
  `category_id` int(11) DEFAULT NULL,
  `title` varchar(255) DEFAULT NULL,
  `alias` varchar(255) DEFAULT NULL,
  `url` varchar(255) DEFAULT NULL,
  `recursive` varchar(50) DEFAULT NULL,
  `position` int(11) DEFAULT NULL,
  `active` int(1) DEFAULT NULL,
  `item_date` datetime DEFAULT NULL,
  `item_date_end` datetime DEFAULT NULL,
  `create_date` datetime DEFAULT NULL,
  `modified_date` datetime DEFAULT NULL,
  PRIMARY KEY (`item_id`),
  KEY `cms_faq_url` (`url`),
  KEY `cms_faq_category_id` (`category_id`)
) ENGINE=MyISAM AUTO_INCREMENT=57 DEFAULT CHARSET=utf8;

--
-- Dumping data for table `cms_module_faq_item`
--

INSERT INTO `cms_module_faq_item` VALUES (1,1,'Who is VISMARK®?','who-is-vismark','','',1,1,'2016-11-30 12:11:15','1970-01-01 02:00:00','2016-11-30 12:11:15','2016-11-30 12:11:15'),(2,1,'My company needs a huge amount of design services every month. Can you keep up and help us creating those materials?','my-company-needs-a-huge-amount-of-design-services-every-month-can-you-keep-up-and-help-us-creating-those-materials','','',2,1,'2016-11-30 12:38:20','1970-01-01 02:00:00','2016-11-30 12:38:20','2016-11-30 12:38:20'),(3,1,'I don’t know where to start. Can you help me?','i-don-t-know-where-to-start-can-you-help-me','','',3,1,'2016-11-30 12:38:36','1970-01-01 02:00:00','2016-11-30 12:38:36','2016-11-30 12:38:36'),(4,1,'Why should I choose VISMARK® over some other firm to do my design work?','why-should-i-choose-vismark-over-some-other-firm-to-do-my-design-work','','',4,1,'2016-11-30 12:39:03','1970-01-01 02:00:00','2016-11-30 12:39:03','2016-11-30 12:39:03'),(5,1,'I own an adult related business. Will you work with me?','i-own-an-adult-related-business-will-you-work-with-me','','',5,1,'2016-11-30 12:39:37','1970-01-01 02:00:00','2016-11-30 12:39:37','2016-11-30 12:39:37'),(6,1,'Can we talk first before I commit myself?','can-we-talk-first-before-i-commit-myself','','',6,1,'2016-11-30 12:39:56','1970-01-01 02:00:00','2016-11-30 12:39:56','2016-11-30 12:39:56'),(7,1,'Does your company work with clients all over the world?','does-your-company-work-with-clients-all-over-the-world','','',7,1,'2016-11-30 12:41:04','1970-01-01 02:00:00','2016-11-30 12:41:04','2016-11-30 12:41:04'),(8,1,'Where are you located?','where-are-you-located','','',8,1,'2016-11-30 12:41:21','1970-01-01 02:00:00','2016-11-30 12:41:21','2016-11-30 12:41:21'),(9,1,'What type of businesses has the agency worked with?','what-type-of-businesses-has-the-agency-worked-with','','',9,1,'2016-11-30 12:41:59','1970-01-01 02:00:00','2016-11-30 12:41:59','2016-11-30 12:41:59'),(10,1,'Can I see some more samples of your work?','can-i-see-some-more-samples-of-your-work','','',10,1,'2016-11-30 12:42:29','1970-01-01 02:00:00','2016-11-30 12:42:29','2016-11-30 12:42:29'),(11,1,'Who can I contact for questions or concerns?','who-can-i-contact-for-questions-or-concerns','','',11,1,'2016-11-30 12:42:47','1970-01-01 02:00:00','2016-11-30 12:42:47','2016-11-30 12:42:47'),(12,2,'What is VISMARK®App?','what-is-vismark-app','','',12,1,'2016-11-30 12:43:04','1970-01-01 02:00:00','2016-11-30 12:43:04','2016-11-30 12:43:04'),(13,2,'What features VISMARK®App has?','what-features-vismark-app-has','','',13,1,'2016-11-30 12:44:14','1970-01-01 02:00:00','2016-11-30 12:44:14','2016-11-30 12:44:14'),(14,2,'How can I create an account and access the app?','how-can-i-create-an-account-and-access-the-app','','',14,1,'2016-11-30 12:44:37','1970-01-01 02:00:00','2016-11-30 12:44:37','2016-11-30 12:44:37'),(15,2,'Is VISMARK®App freelance platform?','is-vismark-app-freelance-platform','','',15,1,'2016-11-30 12:45:11','1970-01-01 02:00:00','2016-11-30 12:45:11','2016-11-30 12:45:11'),(16,2,'On what devices can I use VISMARK®App?','on-what-devices-can-i-use-vismark-app','','',16,1,'2016-11-30 12:45:30','1970-01-01 02:00:00','2016-11-30 12:45:30','2016-11-30 12:45:30'),(17,2,'How much do I need to pay for an account?','how-much-do-i-need-to-pay-for-an-account','','',17,1,'2016-11-30 12:45:45','1970-01-01 02:00:00','2016-11-30 12:45:45','2016-11-30 12:45:45'),(18,3,'How do I get started with my project?','how-do-i-get-started-with-my-project','','',18,1,'2016-11-30 12:46:13','1970-01-01 02:00:00','2016-11-30 12:46:13','2016-11-30 12:46:13'),(20,3,'What services do you provide?','what-services-do-you-provide','','',20,1,'2016-11-30 12:47:35','1970-01-01 02:00:00','2016-11-30 12:47:35','2016-11-30 12:47:35'),(21,3,'What does the design agency actually do?','what-does-the-design-agency-actually-do','','',21,1,'2016-11-30 12:48:02','1970-01-01 02:00:00','2016-11-30 12:48:02','2016-11-30 12:48:02'),(22,3,'Do you provide print services?','do-you-provide-print-services','','',22,1,'2016-11-30 12:48:56','1970-01-01 02:00:00','2016-11-30 12:48:56','2016-11-30 12:48:56'),(23,3,'What if I am not satisfied with my final product?','what-if-i-am-not-satisfied-with-my-final-product','','',23,1,'2016-11-30 12:49:25','1970-01-01 02:00:00','2016-11-30 12:49:25','2016-11-30 12:49:25'),(24,3,'Will I own the rights to a logo (or any design material) that you design for us?','will-i-own-the-rights-to-a-logo-or-any-design-material-that-you-design-for-us','','',24,1,'2016-11-30 12:49:40','1970-01-01 02:00:00','2016-11-30 12:49:40','2016-11-30 12:49:40'),(25,3,'Can my logo be integrated into other projects (web, printing, etc)?','can-my-logo-be-integrated-into-other-projects-web-printing-etc','','',25,1,'2016-11-30 12:51:30','1970-01-01 02:00:00','2016-11-30 12:51:30','2016-11-30 12:51:30'),(26,3,'How do design versions differ from design revisions?','how-do-design-versions-differ-from-design-revisions','','',26,1,'2016-11-30 12:53:09','1970-01-01 02:00:00','2016-11-30 12:53:09','2016-11-30 12:53:09'),(27,3,'What if I change my mind in the middle of a job?','what-if-i-change-my-mind-in-the-middle-of-a-job','','',27,1,'2016-11-30 12:53:30','1970-01-01 02:00:00','2016-11-30 12:53:30','2016-11-30 12:53:30'),(28,3,'How do you deliver my design files?','how-do-you-deliver-my-design-files','','',28,1,'2016-11-30 12:53:51','1970-01-01 02:00:00','2016-11-30 12:53:51','2016-11-30 12:53:51'),(29,3,'Will you provide me with scalable vector files for my logo print materials?','will-you-provide-me-with-scalable-vector-files-for-my-logo-print-materials','','',29,1,'2016-11-30 12:54:09','1970-01-01 02:00:00','2016-11-30 12:54:09','2016-11-30 12:54:09'),(30,3,'Can I edit my business cards and stationery?','can-i-edit-my-business-cards-and-stationery','','',30,1,'2016-11-30 12:54:35','1970-01-01 02:00:00','2016-11-30 12:54:35','2016-11-30 12:54:35'),(31,3,'Can you design my business cards, letter heads and envelopes along with my new logo design?','can-you-design-my-business-cards-letter-heads-and-envelopes-along-with-my-new-logo-design','','',31,1,'2016-11-30 12:55:32','1970-01-01 02:00:00','2016-11-30 12:55:32','2016-11-30 12:55:32'),(32,3,'How long before I see my first designs?','how-long-before-i-see-my-first-designs','','',32,1,'2016-11-30 12:56:15','1970-01-01 02:00:00','2016-11-30 12:56:15','2016-11-30 12:56:15'),(33,3,'Do you keep my design files after we finish the project?','do-you-keep-my-design-files-after-we-finish-the-project','','',33,1,'2016-11-30 12:56:47','1970-01-01 02:00:00','2016-11-30 12:56:47','2016-11-30 12:56:47'),(34,4,'How much do you charge?','how-much-do-you-charge','','',34,1,'2016-11-30 12:58:02','1970-01-01 02:00:00','2016-11-30 12:58:02','2016-11-30 12:58:02'),(35,4,'Should I just look for the best price?','should-i-just-look-for-the-best-price','','',35,1,'2016-11-30 12:58:48','1970-01-01 02:00:00','2016-11-30 12:58:48','2016-11-30 12:58:48'),(36,4,'I have many items to produce, can we arrange for a monthly retainer fee for you to create everything for us?','i-have-many-items-to-produce-can-we-arrange-for-a-monthly-retainer-fee-for-you-to-create-everything-for-us','','',36,1,'2016-11-30 12:59:04','1970-01-01 02:00:00','2016-11-30 12:59:04','2016-11-30 12:59:04'),(37,4,'What are your billing policies?','what-are-your-billing-policies','','',37,1,'2016-11-30 12:59:25','1970-01-01 02:00:00','2016-11-30 12:59:25','2016-11-30 12:59:25'),(38,4,'What if I change my mind after the project has commenced?','what-if-i-change-my-mind-after-the-project-has-commenced','','',38,1,'2016-11-30 13:00:58','1970-01-01 02:00:00','2016-11-30 13:00:58','2016-11-30 13:00:58'),(39,4,'How can I make payments to you?','how-can-i-make-payments-to-you','','',39,1,'2016-11-30 13:01:17','1970-01-01 02:00:00','2016-11-30 13:01:17','2016-11-30 13:01:17'),(40,4,'Do you accept credit cards?','do-you-accept-credit-cards','','',40,1,'2016-11-30 13:01:43','1970-01-01 02:00:00','2016-11-30 13:01:43','2016-11-30 13:01:43'),(41,4,'What happens if I don’t pay my bills in time?','what-happens-if-i-don-t-pay-my-bills-in-time','','',41,1,'2016-11-30 13:02:28','1970-01-01 02:00:00','2016-11-30 13:02:28','2016-11-30 13:02:28'),(42,5,'What is your Privacy Policy?','what-is-your-privacy-policy','','',42,1,'2016-11-30 13:03:33','1970-01-01 02:00:00','2016-11-30 13:03:33','2016-11-30 13:03:33'),(43,5,'What are the Terms and Conditions of Use for VISMARK® websites?','what-are-the-terms-and-conditions-of-use-for-vismark-websites','','',43,1,'2016-11-30 13:04:10','1970-01-01 02:00:00','2016-11-30 13:04:10','2016-11-30 13:04:10'),(44,5,'Is my personal information secure?','is-my-personal-information-secure','','',44,1,'2016-11-30 13:04:50','1970-01-01 02:00:00','2016-11-30 13:04:50','2016-11-30 13:04:50'),(45,5,'Will this privacy policy change?','will-this-privacy-policy-change','','',45,1,'2016-11-30 13:05:33','1970-01-01 02:00:00','2016-11-30 13:05:33','2016-11-30 13:05:33'),(46,5,'I have an idea that I would like to protect, does VISMARK® sign non-disclosure agreements?','i-have-an-idea-that-i-would-like-to-protect-does-vismark-sign-non-disclosure-agreements','','',46,1,'2016-11-30 13:06:07','1970-01-01 02:00:00','2016-11-30 13:06:07','2016-11-30 13:06:07'),(47,5,'How can I protect my business name?','how-can-i-protect-my-business-name','','',47,1,'2016-11-30 13:06:27','1970-01-01 02:00:00','2016-11-30 13:06:27','2016-11-30 13:06:27'),(48,6,'Where can I find the available jobs?','where-can-i-find-the-available-jobs','','',48,1,'2016-11-30 13:06:59','1970-01-01 02:00:00','2016-11-30 13:06:59','2016-11-30 13:06:59'),(49,6,'How should I apply?','how-should-i-apply','','',49,1,'2016-11-30 13:07:31','1970-01-01 02:00:00','2016-11-30 13:07:31','2016-11-30 13:07:31'),(50,6,'How does the recruiting process work?','how-does-the-recruiting-process-work','','',50,1,'2016-11-30 13:07:46','1970-01-01 02:00:00','2016-11-30 13:07:46','2016-11-30 13:07:46'),(51,6,'What kind of people are you looking for?','what-kind-of-people-are-you-looking-for','','',51,1,'2016-11-30 13:08:08','1970-01-01 02:00:00','2016-11-30 13:08:08','2016-11-30 13:08:08'),(52,6,'How much experience do I need?','how-much-experience-do-i-need','','',52,1,'2016-11-30 13:08:28','1970-01-01 02:00:00','2016-11-30 13:08:28','2016-11-30 13:08:28'),(53,6,'How can I stand out?','how-can-i-stand-out','','',53,1,'2016-11-30 13:08:45','1970-01-01 02:00:00','2016-11-30 13:08:45','2016-11-30 13:08:45'),(54,6,'Will you contact me regarding the status of my application?','will-you-contact-me-regarding-the-status-of-my-application','','',54,1,'2016-11-30 13:09:03','1970-01-01 02:00:00','2016-11-30 13:09:03','2016-11-30 13:09:03'),(55,6,'Does VISMARK® offer internships?','does-vismark-offer-internships','','',55,1,'2016-11-30 13:09:22','1970-01-01 02:00:00','2016-11-30 13:09:22','2016-11-30 13:09:22'),(56,6,'I still have questions. May I talk with someone?','i-still-have-questions-may-i-talk-with-someone','','',56,1,'2016-11-30 13:09:54','1970-01-01 02:00:00','2016-11-30 13:09:54','2016-11-30 13:09:54');

--
-- Table structure for table `cms_module_gallery`
--

CREATE TABLE `cms_module_gallery` (
  `fileid` int(11) NOT NULL AUTO_INCREMENT,
  `filename` varchar(255) DEFAULT NULL,
  `filepath` varchar(255) DEFAULT NULL,
  `filedate` datetime DEFAULT NULL,
  `fileorder` int(11) DEFAULT NULL,
  `active` int(11) DEFAULT NULL,
  `defaultfile` int(11) DEFAULT NULL,
  `galleryid` int(11) DEFAULT NULL,
  `title` varchar(255) DEFAULT NULL,
  `comment` text DEFAULT NULL,
  PRIMARY KEY (`fileid`)
) ENGINE=MyISAM AUTO_INCREMENT=89 DEFAULT CHARSET=utf8;

--
-- Dumping data for table `cms_module_gallery`
--

INSERT INTO `cms_module_gallery` VALUES (1,'','','2016-07-06 10:34:18',-1,1,0,0,'',''),(2,'Galerie-Foto/','','2016-07-06 12:47:39',0,1,0,1,'',''),(56,'Caritsan Ioana017.JPG','Galerie-Foto/','2016-08-22 16:10:15',0,1,0,2,'',''),(5,'IMG_0009JPG.jpg','Galerie-Foto/','2016-07-06 13:07:41',6,1,0,2,'',''),(6,'IMG_0593.jpg','Galerie-Foto/','2016-07-06 13:07:43',11,1,0,2,'',''),(7,'IMG_0627.jpg','Galerie-Foto/','2016-07-06 13:08:00',28,1,0,2,'',''),(8,'IMG_0667.jpg','Galerie-Foto/','2016-07-06 13:08:09',41,1,0,2,'',''),(9,'IMG_0606.jpg','Galerie-Foto/','2016-07-06 13:07:47',17,1,0,2,'',''),(53,'Caritsan Ioana053.JPG','Galerie-Foto/','2016-08-22 16:10:39',0,1,0,2,'',''),(12,'IMG_0619.jpg','Galerie-Foto/','2016-07-06 13:07:52',24,1,0,2,'',''),(13,'IMG_0007JPG.jpg','Galerie-Foto/','2016-07-06 13:07:41',4,1,0,2,'',''),(14,'IMG_0673.jpg','Galerie-Foto/','2016-07-06 13:08:09',43,1,0,2,'',''),(15,'IMG_0637.jpg','Galerie-Foto/','2016-07-06 13:08:01',31,1,0,2,'',''),(16,'IMG_0616.jpg','Galerie-Foto/','2016-07-06 13:07:50',23,1,0,2,'',''),(18,'IMG_0639.jpg','Galerie-Foto/','2016-07-06 13:08:02',32,1,0,2,'',''),(19,'IMG_0645-vert.jpg','Galerie-Foto/','2016-07-06 13:08:07',36,1,0,2,'',''),(23,'IMG_0649.jpg','Galerie-Foto/','2016-07-06 13:08:08',39,1,0,2,'',''),(27,'IMG_0008JPG.jpg','Galerie-Foto/','2016-07-06 13:07:41',5,1,0,2,'',''),(29,'IMG_0634.jpg','Galerie-Foto/','2016-07-06 13:08:01',30,1,0,2,'',''),(30,'IMG_0641.jpg','Galerie-Foto/','2016-07-06 13:08:04',33,1,0,2,'',''),(54,'Caritsan Ioana090.JPG','Galerie-Foto/','2016-08-22 16:10:53',0,1,0,2,'',''),(33,'IMG_0011JPG.jpg','Galerie-Foto/','2016-07-06 13:07:42',7,1,0,2,'',''),(34,'IMG_0615.jpg','Galerie-Foto/','2016-07-06 13:07:49',22,1,0,2,'',''),(36,'IMG_0613.jpg','Galerie-Foto/','2016-07-06 13:07:48',20,1,0,2,'',''),(37,'IMG_0651.jpg','Galerie-Foto/','2016-07-06 13:08:08',40,1,0,2,'',''),(38,'IMG_0645.jpg','Galerie-Foto/','2016-07-06 13:08:06',35,1,0,2,'',''),(52,'Caritsan Ioana012.JPG','Galerie-Foto/','2016-08-22 16:10:06',0,1,0,2,'',''),(40,'IMG_0668.jpg','Galerie-Foto/','2016-07-06 13:08:09',42,1,0,2,'',''),(42,'IMG_0005JPG.jpg','Galerie-Foto/','2016-07-06 13:07:40',3,1,0,2,'',''),(44,'csm.jpg','Galerie-Foto/','2016-07-06 13:07:40',1,1,0,2,'',''),(45,'IMG_0591.jpg','Galerie-Foto/','2016-07-06 13:07:43',10,1,0,2,'',''),(55,'Caritsan Ioana011.JPG','Galerie-Foto/','2016-08-22 16:10:03',0,1,0,2,'',''),(49,'IMG_0633.jpg','Galerie-Foto/','2016-07-06 13:08:00',29,1,0,2,'',''),(57,'Caritsan Ioana056.JPG','Galerie-Foto/','2016-08-22 16:10:44',0,1,0,2,'',''),(59,'Caritsan Ioana022.JPG','Galerie-Foto/','2016-08-22 16:10:17',0,1,0,2,'',''),(60,'Caritsan Ioana050.JPG','Galerie-Foto/','2016-08-22 16:10:34',0,1,0,2,'',''),(61,'Caritsan Ioana030.JPG','Galerie-Foto/','2016-08-22 16:10:20',0,1,0,2,'',''),(62,'Caritsan Ioana006.JPG','Galerie-Foto/','2016-08-22 16:09:49',0,1,0,2,'',''),(63,'Caritsan Ioana032.JPG','Galerie-Foto/','2016-08-22 16:10:26',0,1,0,2,'',''),(64,'Caritsan Ioana046.JPG','Galerie-Foto/','2016-08-22 16:10:28',0,1,0,2,'',''),(65,'Caritsan Ioana100.JPG','Galerie-Foto/','2016-08-22 16:11:01',0,1,0,2,'',''),(66,'_D1A0574.jpg','Galerie-Foto/','2016-08-22 16:09:42',0,1,0,2,'',''),(67,'Caritsan Ioana092.JPG','Galerie-Foto/','2016-08-22 16:10:54',0,1,0,2,'',''),(68,'Caritsan Ioana097.JPG','Galerie-Foto/','2016-08-22 16:10:58',0,1,0,2,'',''),(69,'Caritsan Ioana015.JPG','Galerie-Foto/','2016-08-22 16:10:12',0,1,0,2,'',''),(78,'Caritsan_AndreeaMaria0057.JPG','Galerie-Foto/','2016-11-07 14:14:53',0,1,0,2,'',''),(71,'Caritsan_AndreeaS157.JPG','Galerie-Foto/','2016-10-04 14:17:42',0,1,0,2,'',''),(72,'Caritsan_AndreeaS006.JPG','Galerie-Foto/','2016-10-04 14:18:06',0,1,0,2,'',''),(73,'Caritsan_AndreeaS041.JPG','Galerie-Foto/','2016-10-04 14:18:40',0,1,0,2,'',''),(74,'Caritsan_AndreeaS083.JPG','Galerie-Foto/','2016-10-04 14:19:56',0,1,0,2,'',''),(75,'Caritsan_AndreeaS154.JPG','Galerie-Foto/','2016-10-04 14:19:24',0,1,0,2,'',''),(76,'Caritsan_AndreeaS037.JPG','Galerie-Foto/','2016-10-04 14:18:27',0,1,0,2,'',''),(77,'Caritsan_AndreeaS165.JPG','Galerie-Foto/','2016-10-04 14:18:55',0,1,0,2,'',''),(79,'Caritsan_AndreeaMaria0005.JPG','Galerie-Foto/','2016-11-07 14:14:51',0,1,0,2,'',''),(80,'Caritsan_AndreeaMaria0067.JPG','Galerie-Foto/','2016-11-07 14:14:53',0,1,0,2,'',''),(81,'Caritsan_AndreeaMaria0141.JPG','Galerie-Foto/','2016-11-07 14:14:55',0,1,0,2,'',''),(82,'Caritsan_AndreeaMaria0040.JPG','Galerie-Foto/','2016-11-07 14:14:52',0,1,0,2,'',''),(83,'Caritsan_AndreeaMaria0116.JPG','Galerie-Foto/','2016-11-07 14:14:54',0,1,0,2,'',''),(84,'Caritsan_AndreeaMaria0006.JPG','Galerie-Foto/','2016-11-07 14:14:51',0,1,0,2,'',''),(85,'Caritsan_AndreeaMaria0002.JPG','Galerie-Foto/','2016-11-07 14:14:50',0,1,0,2,'',''),(86,'Caritsan_AndreeaMaria0048.JPG','Galerie-Foto/','2016-11-07 14:14:52',0,1,0,2,'',''),(87,'Caritsan_AndreeaMaria0155.JPG','Galerie-Foto/','2016-11-07 14:14:56',0,1,0,2,'',''),(88,'Caritsan_AndreeaMaria0113.JPG','Galerie-Foto/','2016-11-07 14:14:54',0,1,0,2,'','');

--
-- Table structure for table `cms_module_gallery_fielddefs`
--

CREATE TABLE `cms_module_gallery_fielddefs` (
  `fieldid` int(11) NOT NULL AUTO_INCREMENT,
  `name` varchar(255) DEFAULT NULL,
  `type` varchar(20) DEFAULT NULL,
  `properties` varchar(255) DEFAULT NULL,
  `dirfield` tinyint(4) DEFAULT NULL,
  `sortorder` int(11) DEFAULT NULL,
  `public` tinyint(4) DEFAULT NULL,
  PRIMARY KEY (`fieldid`)
) ENGINE=MyISAM DEFAULT CHARSET=utf8;

--
-- Dumping data for table `cms_module_gallery_fielddefs`
--


--
-- Table structure for table `cms_module_gallery_fieldvals`
--

CREATE TABLE `cms_module_gallery_fieldvals` (
  `fileid` int(11) NOT NULL,
  `fieldid` int(11) NOT NULL,
  `value` text DEFAULT NULL,
  PRIMARY KEY (`fileid`,`fieldid`)
) ENGINE=MyISAM DEFAULT CHARSET=utf8;

--
-- Dumping data for table `cms_module_gallery_fieldvals`
--


--
-- Table structure for table `cms_module_gallery_props`
--

CREATE TABLE `cms_module_gallery_props` (
  `fileid` int(11) NOT NULL,
  `templateid` int(11) DEFAULT NULL,
  `hideparentlink` int(11) DEFAULT NULL,
  `feugroups` varchar(255) DEFAULT NULL,
  `editors` varchar(255) DEFAULT NULL,
  PRIMARY KEY (`fileid`)
) ENGINE=MyISAM DEFAULT CHARSET=utf8;

--
-- Dumping data for table `cms_module_gallery_props`
--

INSERT INTO `cms_module_gallery_props` VALUES (1,0,1,NULL,''),(2,0,1,NULL,'1');

--
-- Table structure for table `cms_module_gallery_templateprops`
--

CREATE TABLE `cms_module_gallery_templateprops` (
  `templateid` int(11) NOT NULL AUTO_INCREMENT,
  `template` varchar(255) DEFAULT NULL,
  `version` varchar(20) DEFAULT NULL,
  `about` text DEFAULT NULL,
  `thumbwidth` int(11) DEFAULT NULL,
  `thumbheight` int(11) DEFAULT NULL,
  `resizemethod` varchar(10) DEFAULT NULL,
  `maxnumber` int(11) DEFAULT NULL,
  `sortitems` varchar(255) DEFAULT NULL,
  `jsposition` int(11) DEFAULT NULL,
  `visible` int(11) DEFAULT NULL,
  PRIMARY KEY (`templateid`)
) ENGINE=MyISAM AUTO_INCREMENT=8 DEFAULT CHARSET=utf8;

--
-- Dumping data for table `cms_module_gallery_templateprops`
--

INSERT INTO `cms_module_gallery_templateprops` VALUES (1,'AE-Gallery','1.2.7-1','<p>This Gallerytemplate uses the AD-Gallery jQuery plugin version 1.2.7 by Anders Ekdahl.</p>\r\n<p>For the CMSms Gallery Module, the name is changed to AE-Gallery, to prevent the script being blocked by Ad-block browser plugins. All occurences of \'ad\' have been replaced by \'ae\' (the initials of the author).</p>\r\n<p>A demo (download) and documentation for extra options can be found at <a href=\"https://adgallery.codeplex.com/\" target=\"_blank\">adgallery.codeplex.com</a></p>\r\n<p>Files that come with AE-Gallery are stored in modules/Gallery/templates/ae-gallery/</p>\r\n<p>The AD-Gallery plugin is dual licensed under the MIT (<a href=\"http://www.opensource.org/licenses/mit-license.php\" target=\"_blank\">www.opensource.org/licenses/mit-license.php</a>) and GPL (<a href=\"http://www.opensource.org/licenses/gpl-license.php\" target=\"_blank\">www.opensource.org/licenses/gpl-license.php</a>) licenses.</p>',NULL,NULL,NULL,NULL,'s+file',0,1),(2,'Cycle','1.7-1','<p>This Gallerytemplate uses the jQuery Cycle Lite plugin version 1.7</p>\r\n<p>Documentation for extra options can be found at <a href=\"http://jquery.malsup.com/cycle/lite/\" target=\"_blank\">jquery.malsup.com/cycle/lite</a></p>\r\n<p>Files that come with Cycle are stored in <em>modules/Gallery/templates/cycle/</em></p>\r\n<p>Cycle was built using the <a href=\"http://jquery.com/\">jQuery library</a>. Licensed under both <a href=\"http://docs.jquery.com/Licensing\">MIT and GPL licenses</a></p>',300,120,'cr',NULL,'0',0,1),(3,'Fancybox','1.3.4-3','<p>This Gallerytemplate uses the Fancybox system version 1.3.4</p>\r\n<p>Documentation for extra options can be found at <a href=\"http://www.fancybox.net/\" target=\"_blank\">www.fancybox.net</a></p>\r\n<p>Files that come with Fancybox are stored in <em>modules/Gallery/templates/fancybox/</em></p>\r\n<p>Fancybox was built using the <a href=\"http://jquery.com/\">jQuery library</a>. Licensed under both <a href=\"http://docs.jquery.com/Licensing\">MIT and GPL licenses</a></p>',NULL,NULL,NULL,NULL,'n-isdir/s+file',0,1),(4,'gallerytree','1.0','<p>This template is ment for the {Gallery action=\'gallerytree\' template=\'gallerytree\'} call.</p>\r\n<p>The generated tree respects the sortorder settings for each (sub)gallery. Setting a sortorder for this template won\'t make any difference.</p>',NULL,NULL,NULL,NULL,'0',0,0),(5,'Lightbox','2.8.2-2','<p>This Gallerytemplate uses the Lightbox2 system version 2.8.2 by Lokesh Dhakar</p>\r\n<p>Documentation can be found at <a href=\"http://lokeshdhakar.com/projects/lightbox2/\" target=\"_blank\">www.lokeshdhakar.com/projects/lightbox2</a></p>\r\n<p>Files that come with Lightbox are stored in <em>modules/Gallery/templates/lightbox/</em></p>\r\n<p>Lightbox was built using the <a href=\"http://jquery.com/\">jQuery library</a>. Licensed under the <a href=\"https://raw.githubusercontent.com/lokesh/lightbox2/master/LICENSE\">MIT License</a></p>',NULL,NULL,NULL,NULL,'n-isdir/s+file',1,1),(6,'prettyPhoto','3.1.6-1','<p>This Gallerytemplate uses the prettyPhoto system version 3.1.6</p>\r\n<p>Documentation for extra options can be found at <a href=\"http://www.no-margin-for-errors.com/projects/prettyphoto-jquery-lightbox-clone/\" target=\"_blank\">www.no-margin-for-errors.com</a></p>\r\n<p>Files that come with prettyPhoto are stored in <em>modules/Gallery/templates/prettyphoto/</em></p>\r\n<p>prettyPhoto was built using the <a href=\"http://jquery.com/\">jQuery library</a>. It is released under the <a href=\"http://www.gnu.org/licenses/gpl-2.0.html\">GPLv2</a> or <a href=\"http://creativecommons.org/licenses/by/2.5/\">Creative Commons 2.5</a> license.</p>',300,300,'cr',NULL,'n-isdir/s+file',1,1),(7,'Slimbox','2.05-1','<p>This Gallerytemplate uses the Slimbox system version 2.05, a lightweight Lightbox clone using the jQuery javascript library, by Christophe Beyls.</p>\r\n<p>Documentation can be found at <a href=\"http://www.digitalia.be/software/slimbox2\">www.digitalia.be/software/slimbox2</a></p>\r\n<p>Files that come with Slimbox are stored in <em>modules/Gallery/templates/slimbox/</em></p>\r\nLicensed under <a href=\"http://www.opensource.org/licenses/mit-license.php\">MIT License</a>',NULL,NULL,NULL,NULL,'n-isdir/s+file',0,1);

--
-- Table structure for table `cms_module_generator`
--

CREATE TABLE `cms_module_generator` (
  `id` int(11) NOT NULL AUTO_INCREMENT,
  `module_name` varchar(255) DEFAULT NULL,
  `attach` varchar(255) DEFAULT NULL,
  `create_date` datetime DEFAULT NULL,
  `modified_date` datetime DEFAULT NULL,
  PRIMARY KEY (`id`)
) ENGINE=MyISAM DEFAULT CHARSET=utf8;

--
-- Dumping data for table `cms_module_generator`
--


--
-- Table structure for table `cms_module_parteneri_categories`
--

CREATE TABLE `cms_module_parteneri_categories` (
  `category_id` int(11) NOT NULL AUTO_INCREMENT,
  `category_name` varchar(255) DEFAULT NULL,
  `category_alias` varchar(255) DEFAULT NULL,
  `parent_id` int(11) DEFAULT NULL,
  `hierarchy` varchar(255) DEFAULT NULL,
  `position` int(11) DEFAULT NULL,
  `hierarchy_position` varchar(255) DEFAULT NULL,
  `long_name` text DEFAULT NULL,
  `usergroup` int(11) DEFAULT NULL,
  `create_date` time DEFAULT NULL,
  `modified_date` time DEFAULT NULL,
  PRIMARY KEY (`category_id`)
) ENGINE=MyISAM DEFAULT CHARSET=utf8;

--
-- Dumping data for table `cms_module_parteneri_categories`
--


--
-- Table structure for table `cms_module_parteneri_fielddef`
--

CREATE TABLE `cms_module_parteneri_fielddef` (
  `fielddef_id` int(11) NOT NULL AUTO_INCREMENT,
  `name` varchar(255) DEFAULT NULL,
  `alias` varchar(255) DEFAULT NULL,
  `help` varchar(255) DEFAULT NULL,
  `type` varchar(50) DEFAULT NULL,
  `section` varchar(10) DEFAULT NULL,
  `position` int(11) DEFAULT NULL,
  `required` int(1) DEFAULT NULL,
  `editview` int(1) DEFAULT NULL,
  `filter_frontend` int(1) DEFAULT NULL,
  `filter_admin` int(1) DEFAULT NULL,
  `searchable` int(1) DEFAULT NULL,
  `extra` varchar(255) DEFAULT NULL,
  PRIMARY KEY (`fielddef_id`)
) ENGINE=MyISAM AUTO_INCREMENT=2 DEFAULT CHARSET=utf8;

--
-- Dumping data for table `cms_module_parteneri_fielddef`
--

INSERT INTO `cms_module_parteneri_fielddef` VALUES (1,'Imagine Partener','logo_partener','','upload_file','items',1,1,0,NULL,NULL,NULL,'allow[gif,png,jpeg,jpg]');

--
-- Table structure for table `cms_module_parteneri_fieldval`
--

CREATE TABLE `cms_module_parteneri_fieldval` (
  `item_id` int(11) NOT NULL,
  `fielddef_id` int(11) NOT NULL,
  `value` text DEFAULT NULL,
  PRIMARY KEY (`item_id`,`fielddef_id`)
) ENGINE=MyISAM DEFAULT CHARSET=utf8;

--
-- Dumping data for table `cms_module_parteneri_fieldval`
--

INSERT INTO `cms_module_parteneri_fieldval` VALUES (12,1,'15.png'),(13,1,'14.png'),(14,1,'13.png'),(15,1,'12.png'),(16,1,'11.png'),(17,1,'10.png'),(18,1,'9.png'),(19,1,'8.png'),(20,1,'7.png'),(21,1,'6.png'),(22,1,'5.png'),(23,1,'4.png'),(24,1,'3.png'),(25,1,'2.png'),(26,1,'1.png'),(27,1,'vismark03.png'),(28,1,'vismark01.png'),(29,1,'vismark02.png');

--
-- Table structure for table `cms_module_parteneri_images`
--

CREATE TABLE `cms_module_parteneri_images` (
  `image_id` int(10) NOT NULL AUTO_INCREMENT,
  `item_id` int(10) DEFAULT NULL,
  `filename` varchar(255) DEFAULT NULL,
  `position` int(10) DEFAULT NULL,
  PRIMARY KEY (`image_id`)
) ENGINE=MyISAM DEFAULT CHARSET=utf8;

--
-- Dumping data for table `cms_module_parteneri_images`
--


--
-- Table structure for table `cms_module_parteneri_item`
--

CREATE TABLE `cms_module_parteneri_item` (
  `item_id` int(11) NOT NULL AUTO_INCREMENT,
  `category_id` int(11) DEFAULT NULL,
  `title` varchar(255) DEFAULT NULL,
  `alias` varchar(255) DEFAULT NULL,
  `url` varchar(255) DEFAULT NULL,
  `recursive` varchar(50) DEFAULT NULL,
  `position` int(11) DEFAULT NULL,
  `active` int(1) DEFAULT NULL,
  `item_date` datetime DEFAULT NULL,
  `item_date_end` datetime DEFAULT NULL,
  `create_date` datetime DEFAULT NULL,
  `modified_date` datetime DEFAULT NULL,
  PRIMARY KEY (`item_id`),
  KEY `cms_parteneri_url` (`url`),
  KEY `cms_parteneri_category_id` (`category_id`)
) ENGINE=MyISAM AUTO_INCREMENT=30 DEFAULT CHARSET=utf8;

--
-- Dumping data for table `cms_module_parteneri_item`
--

INSERT INTO `cms_module_parteneri_item` VALUES (12,0,'Speed Pizza','speed-pizza','','',1,1,'2017-01-04 17:06:51','0000-00-00 00:00:00','2017-01-04 17:06:51','2017-01-04 17:06:51'),(13,0,'Agentia de Turism KUSADASI','agentia-de-turism-kusadasi','','',2,1,'2017-01-04 17:07:08','0000-00-00 00:00:00','2017-01-04 17:07:08','2017-01-04 17:07:08'),(14,0,'International Airport Mihail Kogalniceanu Constanta','international-airport-mihail-kogalniceanu-constanta','','',3,1,'2017-01-04 17:07:41','1970-01-01 02:00:00','2017-01-04 17:07:41','2017-01-04 17:07:41'),(15,0,'Bizz Club','bizz-club','','',4,1,'2017-01-04 17:09:23','0000-00-00 00:00:00','2017-01-04 17:09:24','2017-01-04 17:09:24'),(16,0,'Soleta','soleta','','',5,1,'2017-01-04 17:09:38','0000-00-00 00:00:00','2017-01-04 17:09:38','2017-01-04 17:09:38'),(17,0,'Lorand Soares Szasz','lorand-soares-szasz','','',6,1,'2017-01-04 17:09:57','0000-00-00 00:00:00','2017-01-04 17:09:57','2017-01-04 17:09:57'),(18,0,'Deutz-Fahr','deutz-fahr','','',7,1,'2017-01-04 17:10:21','0000-00-00 00:00:00','2017-01-04 17:10:21','2017-01-04 17:10:21'),(19,0,'Granini','granini','','',8,1,'2017-01-04 17:10:37','0000-00-00 00:00:00','2017-01-04 17:10:37','2017-01-04 17:10:37'),(20,0,'Air Bucharest','air-bucharest','','',9,1,'2017-01-04 17:10:52','0000-00-00 00:00:00','2017-01-04 17:10:52','2017-01-04 17:10:52'),(21,0,'Stalinskaya','stalinskaya','','',10,1,'2017-01-04 17:11:22','0000-00-00 00:00:00','2017-01-04 17:11:22','2017-01-04 17:11:22'),(22,0,'Leonidas','leonidas','','',11,1,'2017-01-04 17:11:38','0000-00-00 00:00:00','2017-01-04 17:11:38','2017-01-04 17:11:38'),(23,0,'Kaufland','kaufland','','',12,1,'2017-01-04 17:11:53','0000-00-00 00:00:00','2017-01-04 17:11:53','2017-01-04 17:11:53'),(24,0,'LEGO','lego','','',13,1,'2017-01-04 17:12:10','0000-00-00 00:00:00','2017-01-04 17:12:10','2017-01-04 17:12:10'),(25,0,'F64','f64','','',14,1,'2017-01-04 17:12:27','0000-00-00 00:00:00','2017-01-04 17:12:27','2017-01-04 17:12:27'),(26,0,'OTTER','otter','','',15,1,'2017-01-04 17:12:38','0000-00-00 00:00:00','2017-01-04 17:12:38','2017-01-04 17:12:38'),(27,0,'fra','fra','','',16,1,'2017-02-22 15:16:37','0000-00-00 00:00:00','2017-02-22 15:16:37','2017-02-22 15:16:37'),(28,0,'blackd','blackd','','',17,1,'2017-02-22 15:16:56','0000-00-00 00:00:00','2017-02-22 15:16:56','2017-02-22 15:16:56'),(29,0,'bd','bd','','',18,1,'2017-02-22 15:17:13','0000-00-00 00:00:00','2017-02-22 15:17:13','2017-02-22 15:17:13');

--
-- Table structure for table `cms_module_portfolio_categories`
--

CREATE TABLE `cms_module_portfolio_categories` (
  `category_id` int(11) NOT NULL AUTO_INCREMENT,
  `category_name` varchar(255) DEFAULT NULL,
  `category_alias` varchar(255) DEFAULT NULL,
  `parent_id` int(11) DEFAULT NULL,
  `hierarchy` varchar(255) DEFAULT NULL,
  `position` int(11) DEFAULT NULL,
  `hierarchy_position` varchar(255) DEFAULT NULL,
  `long_name` text DEFAULT NULL,
  `usergroup` int(11) DEFAULT NULL,
  `create_date` time DEFAULT NULL,
  `modified_date` time DEFAULT NULL,
  PRIMARY KEY (`category_id`)
) ENGINE=MyISAM AUTO_INCREMENT=277 DEFAULT CHARSET=utf8;

--
-- Dumping data for table `cms_module_portfolio_categories`
--

INSERT INTO `cms_module_portfolio_categories` VALUES (89,'Fotografi-Cameramani.ro','',-1,'00089',37,'00037','Fotografi-Cameramani.ro',0,'16:31:34','16:31:34'),(90,'Gents Hairdresser - Austria','gents-hairdresser-brand-design',-1,'00090',38,'00038','Gents Hairdresser - Austria',0,'16:32:15','18:20:39'),(88,'Cafeneaua F64','',-1,'00088',36,'00036','Cafeneaua F64',0,'16:31:15','16:31:15'),(85,'Endurest Tours','',-1,'00085',33,'00033','Endurest Tours',0,'16:30:25','16:30:25'),(86,'Extrem Guard','',-1,'00086',34,'00034','Extrem Guard',0,'16:30:39','16:30:39'),(87,'F64 Studio','',-1,'00087',35,'00035','F64 Studio',0,'16:30:56','16:30:56'),(79,'Euphonic, USA','',-1,'00079',27,'00027','Euphonic, USA',0,'16:28:46','22:04:41'),(80,'DEX Auto Expert','',-1,'00080',28,'00028','DEX Auto Expert',0,'16:29:04','16:29:04'),(81,'Dolce Nera','dolce-nera',-1,'00081',29,'00029','Dolce Nera',0,'16:29:19','09:37:52'),(82,'Foggi Jeans','',-1,'00082',30,'00030','Foggi Jeans',0,'16:29:34','16:29:34'),(83,'Eduard Sandu - Ventriloc','',-1,'00083',31,'00031','Eduard Sandu - Ventriloc',0,'16:29:47','16:29:47'),(84,'Eka Expert','',-1,'00084',32,'00032','Eka Expert',0,'16:30:01','16:30:01'),(72,'CONS DDA','',-1,'00072',20,'00020','CONS DDA',0,'16:26:19','16:26:19'),(73,'Control F5','',-1,'00073',21,'00021','Control F5',0,'16:26:34','16:26:34'),(74,'Crama Gabai','crama-gabai-packaging-design',-1,'00074',22,'00022','Crama Gabai',0,'16:27:18','09:30:42'),(75,'Creative Coding','',-1,'00075',23,'00023','Creative Coding',0,'16:27:38','16:27:38'),(76,'Crystal Dental Clinic','',-1,'00076',24,'00024','Crystal Dental Clinic',0,'16:27:57','16:27:57'),(77,'Protect Life, USA','',-1,'00077',25,'00025','Protect Life, USA',0,'16:28:11','22:04:29'),(78,'Essence, USA','',-1,'00078',26,'00026','Essence, USA',0,'16:28:28','22:04:52'),(66,'CabinaFotoIeftina.ro','',-1,'00066',14,'00014','CabinaFotoIeftina.ro',0,'16:24:08','16:24:08'),(67,'Carit San Medical','',-1,'00067',15,'00015','Carit San Medical',0,'16:24:24','16:24:24'),(68,'Chasm','',-1,'00068',16,'00016','Chasm',0,'16:24:43','16:24:43'),(69,'Clever Toys','',-1,'00069',17,'00017','Clever Toys',0,'16:24:56','16:24:56'),(70,'Coaching4you','',-1,'00070',18,'00018','Coaching4you',0,'16:25:50','16:25:50'),(71,'Comunicare Esentiala','',-1,'00071',19,'00019','Comunicare Esentiala',0,'16:26:03','16:26:03'),(53,'AIMKC - International Airport  Mihail Kogalniceanu Constanta','aimkc-international-airport-mihail-kogalniceanu-constanta',-1,'00053',1,'00001','AIMKC - International Airport  Mihail Kogalniceanu Constanta',0,'21:48:41','15:59:47'),(54,'American Challenge','',-1,'00054',2,'00002','American Challenge',0,'16:20:25','16:20:25'),(55,'Ancora','',-1,'00055',3,'00003','Ancora',0,'16:20:40','16:20:40'),(56,'Artasociation','',-1,'00056',4,'00004','Artasociation',0,'16:21:12','16:21:12'),(57,'Benefits4u','',-1,'00057',5,'00005','Benefits4u',0,'16:21:29','16:21:29'),(58,'Bidrom','',-1,'00058',6,'00006','Bidrom',0,'16:21:42','16:21:42'),(59,'Bows','',-1,'00059',7,'00007','Bows',0,'16:21:58','16:21:58'),(60,'LEGO® Certified Stores Romania','',-1,'00060',8,'00008','LEGO® Certified Stores Romania',0,'16:22:17','22:48:16'),(61,'BTS LED Chisinau','bts-led-chisinau-visual-rebranding',-1,'00061',9,'00009','BTS LED Chisinau',0,'16:22:34','09:32:54'),(62,'Business Titans, Slovenia','',-1,'00062',10,'00010','Business Titans, Slovenia',0,'16:22:49','22:03:26'),(63,'MAAM Garments','',-1,'00063',11,'00011','MAAM Garments',0,'16:23:08','16:23:08'),(64,'Buurentech - Belgium','buurentech-belgium-visual-identity-design',-1,'00064',12,'00012','Buurentech - Belgium',0,'16:23:23','18:21:35'),(65,'Ca in cer','',-1,'00065',13,'00013','Ca in cer',0,'16:23:50','16:23:50'),(91,'H2On','',-1,'00091',39,'00039','H2On',0,'16:32:36','16:32:36'),(92,'HAFF Motorhome','',-1,'00092',40,'00040','HAFF Motorhome',0,'16:32:54','16:32:54'),(93,'Ideal Home','',-1,'00093',41,'00041','Ideal Home',0,'16:33:14','16:33:14'),(94,'Joy Tours','',-1,'00094',42,'00042','Joy Tours',0,'16:33:32','16:33:32'),(95,'Kaldio','kaldio-coffee-brand-design',-1,'00095',43,'00043','Kaldio',0,'16:33:46','09:31:39'),(96,'KAUFLAND Romania','',-1,'00096',44,'00044','KAUFLAND Romania',0,'16:33:59','16:33:59'),(97,'Kusadasi','',-1,'00097',45,'00045','Kusadasi',0,'16:34:48','16:34:48'),(98,'La empresa de limpieza, Madrid, Spain','',-1,'00098',46,'00046','La empresa de limpieza, Madrid, Spain',0,'16:35:06','22:01:26'),(99,'Leadscipline','',-1,'00099',47,'00047','Leadscipline',0,'16:35:20','16:35:20'),(100,'Leonidas Romania','',-1,'00100',48,'00048','Leonidas Romania',0,'16:35:46','16:35:46'),(101,'Kubik','',-1,'00101',49,'00049','Kubik',0,'16:35:58','16:35:58'),(102,'Loofy','',-1,'00102',50,'00050','Loofy',0,'16:36:10','16:36:10'),(103,'Loramed','',-1,'00103',51,'00051','Loramed',0,'16:36:25','16:36:25'),(104,'Agro Farm Meat','',-1,'00104',52,'00052','Agro Farm Meat',0,'20:39:24','20:39:24'),(105,'Maspertech','',-1,'00105',53,'00053','Maspertech',0,'20:39:40','20:39:40'),(106,'Om Tare','',-1,'00106',54,'00054','Om Tare',0,'20:39:59','20:39:59'),(107,'Pac Pac Studios','',-1,'00107',55,'00055','Pac Pac Studios',0,'20:40:16','20:40:16'),(108,'Perfexya, Madrid, Spain','',-1,'00108',56,'00056','Perfexya, Madrid, Spain',0,'20:40:31','22:02:00'),(109,'PinkBlack','',-1,'00109',57,'00057','PinkBlack',0,'20:40:51','20:40:51'),(110,'Placerea-n Bucate','',-1,'00110',58,'00058','Placerea-n Bucate',0,'20:41:11','20:41:11'),(111,'Prince Spa','',-1,'00111',59,'00059','Prince Spa',0,'20:42:36','20:42:36'),(112,'Prince Park Residences','',-1,'00112',60,'00060','Prince Park Residences',0,'20:43:07','20:43:07'),(113,'Quvette','',-1,'00113',61,'00061','Quvette',0,'20:43:27','20:43:27'),(114,'Ravissante','',-1,'00114',62,'00062','Ravissante',0,'20:43:51','20:43:51'),(115,'Rawmazing','',-1,'00115',63,'00063','Rawmazing',0,'20:44:09','20:44:09'),(116,'RB IT','',-1,'00116',64,'00064','RB IT',0,'20:44:26','20:44:26'),(117,'Repix.me','',-1,'00117',65,'00065','Repix.me',0,'20:44:44','20:44:44'),(118,'Restaurant Asiatic','',-1,'00118',66,'00066','Restaurant Asiatic',0,'20:45:02','20:45:02'),(119,'Robert Rolih, Slovenia','',-1,'00119',67,'00067','Robert Rolih, Slovenia',0,'20:45:33','22:09:48'),(120,'Rom Quality Cert','',-1,'00120',68,'00068','Rom Quality Cert',0,'20:46:02','20:46:02'),(122,'Royal School in Transylvania','',-1,'00122',69,'00069','Royal School in Transylvania',0,'20:47:33','20:47:33'),(123,'Young Bizstarters','',-1,'00123',70,'00070','Young Bizstarters',0,'20:48:02','20:48:02'),(124,'Santi Comexim','',-1,'00124',71,'00071','Santi Comexim',0,'20:48:20','20:48:20'),(125,'SAVI','',-1,'00125',72,'00072','SAVI',0,'20:48:38','20:48:38'),(126,'Selfie Fun','',-1,'00126',73,'00073','Selfie Fun',0,'20:48:59','20:48:59'),(127,'Server Config','',-1,'00127',74,'00074','Server Config',0,'20:49:20','20:49:20'),(128,'Shakti Spa','',-1,'00128',75,'00075','Shakti Spa',0,'20:49:38','20:49:38'),(129,'Shift Experience','',-1,'00129',76,'00076','Shift Experience',0,'20:50:03','20:50:03'),(130,'SHS Instal','',-1,'00130',77,'00077','SHS Instal',0,'20:50:28','20:50:28'),(131,'Sight Control','',-1,'00131',78,'00078','Sight Control',0,'20:50:50','20:50:50'),(132,'Speakers Club','',-1,'00132',79,'00079','Speakers Club',0,'20:51:07','20:51:07'),(133,'Paul Ardeleanu','',-1,'00133',80,'00080','Paul Ardeleanu',0,'20:51:36','20:51:36'),(134,'Speed Pizza','',-1,'00134',81,'00081','Speed Pizza',0,'20:52:00','20:52:00'),(135,'Sunt in forma','',-1,'00135',82,'00082','Sunt in forma',0,'20:52:19','20:52:19'),(136,'Vania Szasz, Portugal','',-1,'00136',83,'00083','Vania Szasz, Portugal',0,'20:53:46','22:09:59'),(137,'Business Mastery Romania','',-1,'00137',84,'00084','Business Mastery Romania',0,'20:54:11','20:54:11'),(138,'Soleta','',-1,'00138',85,'00085','Soleta',0,'20:54:33','20:54:33'),(140,'Lorand Soares Szasz','',-1,'00140',86,'00086','Lorand Soares Szasz',0,'20:55:59','20:55:59'),(141,'Tanar si Sanatos','',-1,'00141',87,'00087','Tanar si Sanatos',0,'20:56:18','20:56:18'),(142,'TeAsiguri.ro','',-1,'00142',88,'00088','TeAsiguri.ro',0,'20:56:36','20:56:36'),(143,'Team Vision Studio','',-1,'00143',89,'00089','Team Vision Studio',0,'20:56:56','20:56:56'),(144,'Telinfinity Business','',-1,'00144',90,'00090','Telinfinity Business',0,'20:57:16','20:57:16'),(145,'The Trainers','',-1,'00145',91,'00091','The Trainers',0,'20:57:32','20:57:32'),(146,'Toys123','',-1,'00146',92,'00092','Toys123',0,'20:57:47','20:57:47'),(147,'Trader Novo','',-1,'00147',93,'00093','Trader Novo',0,'20:58:06','20:58:06'),(148,'Trivet','',-1,'00148',94,'00094','Trivet',0,'20:58:24','20:58:24'),(149,'Tudor, Andrei & Associates','',-1,'00149',95,'00095','Tudor, Andrei & Associates',0,'20:58:47','20:58:47'),(150,'Twelp!','',-1,'00150',96,'00096','Twelp!',0,'20:59:06','20:59:06'),(151,'Web Suport','',-1,'00151',97,'00097','Web Suport',0,'20:59:25','20:59:25'),(152,'xBody Cathedral','',-1,'00152',98,'00098','xBody Cathedral',0,'20:59:47','20:59:47'),(153,'Young Living Romania','',-1,'00153',99,'00099','Young Living Romania',0,'21:00:03','21:00:03'),(154,'AdNet Services','',-1,'00154',100,'00100','AdNet Services',0,'21:00:19','21:00:19'),(155,'Air Bucharest','airline-company-design',-1,'00155',101,'00101','Air Bucharest',0,'21:00:34','09:30:07'),(156,'Alice Ceremony','',-1,'00156',102,'00102','Alice Ceremony',0,'21:00:55','21:00:55'),(157,'Anne Marie Trifu','',-1,'00157',103,'00103','Anne Marie Trifu',0,'21:01:48','21:01:48'),(158,'Aust Insurance','',-1,'00158',104,'00104','Aust Insurance',0,'21:02:14','21:02:14'),(159,'Deutz-Fahr Romania','',-1,'00159',105,'00105','Deutz-Fahr Romania',0,'21:02:38','21:02:38'),(160,'Crystal Palace Ballrooms','',-1,'00160',106,'00106','Crystal Palace Ballrooms',0,'21:03:07','21:03:07'),(161,'Peak Performer, USA','',-1,'00161',107,'00107','Peak Performer, USA',0,'21:03:29','22:11:40'),(162,'Kitchen Mastery, USA','',-1,'00162',108,'00108','Kitchen Mastery, USA',0,'21:03:48','22:11:51'),(163,'Despa Films','',-1,'00163',109,'00109','Despa Films',0,'21:04:12','21:04:12'),(164,'Deutoria','',-1,'00164',110,'00110','Deutoria',0,'21:04:29','21:04:29'),(165,'Dr. Iordache Bogdan','',-1,'00165',111,'00111','Dr. Iordache Bogdan',0,'21:04:53','21:04:53'),(166,'Sebastian 88','',-1,'00166',112,'00112','Sebastian 88',0,'21:05:17','21:05:17'),(167,'Evo Security','',-1,'00167',113,'00113','Evo Security',0,'21:05:42','21:05:42'),(168,'FunTrip World','',-1,'00168',114,'00114','FunTrip World',0,'21:06:00','21:06:00'),(169,'Gaviota Simbac Eastern Europe ','',-1,'00169',115,'00115','Gaviota Simbac Eastern Europe ',0,'21:06:41','22:35:43'),(170,'Ian Ramon','',-1,'00170',116,'00116','Ian Ramon',0,'21:06:58','21:06:58'),(171,'Il Dolce Divino, Parma, Italy','',-1,'00171',117,'00117','Il Dolce Divino, Parma, Italy',0,'21:07:15','22:13:34'),(172,'Innova Facility Services, Spain','',-1,'00172',118,'00118','Innova Facility Services, Spain',0,'21:07:42','22:13:45'),(173,'Izvorul Cristalin','',-1,'00173',119,'00119','Izvorul Cristalin',0,'21:08:44','21:08:44'),(174,'Papanat','',-1,'00174',120,'00120','Papanat',0,'21:09:06','21:09:06'),(175,'Logic Tours','',-1,'00175',121,'00121','Logic Tours',0,'21:10:17','21:10:17'),(176,'Lavyl','',-1,'00176',122,'00122','Lavyl',0,'21:10:32','21:10:32'),(177,'Leaders 4 the Future','',-1,'00177',123,'00123','Leaders 4 the Future',0,'21:10:51','21:10:51'),(178,'London Taxi, UK','',-1,'00178',124,'00124','London Taxi, UK',0,'21:11:32','21:11:32'),(179,'Locanda Belli Hotel','',-1,'00179',125,'00125','Locanda Belli Hotel',0,'21:12:06','21:12:06'),(180,'Sense Music','',-1,'00180',126,'00126','Sense Music',0,'21:12:28','21:12:28'),(181,'Granini','',-1,'00181',127,'00127','Granini',0,'21:12:46','21:12:46'),(182,'Castelul Bran','',-1,'00182',128,'00128','Castelul Bran',0,'21:13:12','21:13:12'),(183,'Mayateka','',-1,'00183',129,'00129','Mayateka',0,'21:13:29','21:13:29'),(184,'ODS - Optical Disc Solutions','',-1,'00184',130,'00130','ODS - Optical Disc Solutions',0,'21:13:53','21:13:53'),(185,'Paste Colorate','',-1,'00185',131,'00131','Paste Colorate',0,'21:14:11','21:14:11'),(186,'Pielorex','',-1,'00186',132,'00132','Pielorex',0,'21:14:33','21:14:33'),(187,'Programarea Succesului','',-1,'00187',133,'00133','Programarea Succesului',0,'21:14:53','21:14:53'),(188,'Qonjunct','',-1,'00188',134,'00134','Qonjunct',0,'21:15:14','21:15:14'),(189,'Quest','',-1,'00189',135,'00135','Quest',0,'21:15:35','21:15:35'),(190,'Robert Dumitru','',-1,'00190',136,'00136','Robert Dumitru',0,'21:15:59','21:15:59'),(191,'Rockstar Construct','',-1,'00191',137,'00137','Rockstar Construct',0,'21:17:21','21:17:21'),(192,'Seatbelt Consulting','',-1,'00192',138,'00138','Seatbelt Consulting',0,'21:17:45','21:17:45'),(193,'SSP - DIPP Security','',-1,'00193',139,'00139','SSP - DIPP Security',0,'21:18:05','21:18:05'),(194,'Swiss Partners','',-1,'00194',140,'00140','Swiss Partners',0,'21:18:24','21:18:24'),(195,'Technoelectric','',-1,'00195',141,'00141','Technoelectric',0,'21:18:41','21:18:41'),(196,'Terrasmart','',-1,'00196',142,'00142','Terrasmart',0,'21:19:01','21:19:01'),(197,'Mobile Force','',-1,'00197',143,'00143','Mobile Force',0,'21:19:24','21:19:24'),(198,'Traieste Bio','',-1,'00198',144,'00144','Traieste Bio',0,'21:19:43','21:19:43'),(199,'Victoriei Square Cafe','',-1,'00199',145,'00145','Victoriei Square Cafe',0,'21:19:59','21:19:59'),(200,'Afaceri.ro','',-1,'00200',146,'00146','Afaceri.ro',0,'21:20:17','21:20:17'),(201,'AS Invest','',-1,'00201',147,'00147','AS Invest',0,'21:20:41','21:20:41'),(202,'ASI Romania','',-1,'00202',148,'00148','ASI Romania',0,'21:21:03','22:37:26'),(203,'Baldanza','',-1,'00203',149,'00149','Baldanza',0,'21:21:47','21:21:47'),(204,'Bizz Club','',-1,'00204',150,'00150','Bizz Club',0,'21:22:07','21:22:07'),(205,'Brick Depot','',-1,'00205',151,'00151','Brick Depot',0,'21:22:26','21:22:26'),(206,'Bride Up My Style','',-1,'00206',152,'00152','Bride Up My Style',0,'21:22:45','21:22:45'),(207,'Eventlink 360','',-1,'00207',153,'00153','Eventlink 360',0,'21:23:30','22:47:21'),(208,'Grama','',-1,'00208',154,'00154','Grama',0,'21:23:57','21:23:57'),(209,'Gryxx by OTTER®','gryxx-by-otter-brand-design',-1,'00209',155,'00155','Gryxx by OTTER®',0,'21:25:33','09:30:25'),(210,'Le Lapin Bangkok, Thailand','',-1,'00210',156,'00156','Le Lapin Bangkok, Thailand',0,'21:25:56','21:25:56'),(211,'LTP Romania','',-1,'00211',157,'00157','LTP Romania',0,'21:26:30','21:26:30'),(212,'Di Manolo','',-1,'00212',158,'00158','Di Manolo',0,'21:27:28','21:27:28'),(213,'MansardaCopiilor.ro','',-1,'00213',159,'00159','MansardaCopiilor.ro',0,'21:27:47','21:27:47'),(214,'MenStyleGuide.com','',-1,'00214',160,'00160','MenStyleGuide.com',0,'21:28:09','21:28:09'),(215,'MERT-SAN','',-1,'00215',161,'00161','MERT-SAN',0,'21:28:28','21:28:28'),(216,'Peppermind','',-1,'00216',162,'00162','Peppermind',0,'21:28:47','21:28:47'),(217,'Revista Muzee','',-1,'00217',163,'00163','Revista Muzee',0,'21:29:41','21:29:41'),(218,'Sarmasan','',-1,'00218',164,'00164','Sarmasan',0,'21:30:06','21:30:06'),(219,'Softoria','',-1,'00219',165,'00165','Softoria',0,'21:30:26','21:30:26'),(220,'The Editor','',-1,'00220',166,'00166','The Editor',0,'21:30:49','21:30:49'),(221,'Viste Fotografia','',-1,'00221',167,'00167','Viste Fotografia',0,'21:31:11','21:31:11'),(222,'Agro Basic','',-1,'00222',168,'00168','Agro Basic',0,'21:31:43','21:31:43'),(223,'ASEBUSS - Romanian-American School of Business','',-1,'00223',169,'00169','ASEBUSS - Romanian-American School of Business',0,'21:32:15','21:32:15'),(224,'Bellota','',-1,'00224',170,'00170','Bellota',0,'21:32:38','22:16:28'),(225,'Absolute Events','',-1,'00225',171,'00171','Absolute Events',0,'21:33:24','21:33:24'),(226,'Car-Sound.ro','',-1,'00226',172,'00172','Car-Sound.ro',0,'21:33:40','21:33:40'),(227,'Net Print','',-1,'00227',173,'00173','Net Print',0,'21:33:59','21:33:59'),(228,'Perfect Bijoux','',-1,'00228',174,'00174','Perfect Bijoux',0,'21:34:22','21:34:22'),(229,'EuroMouse Trans','',-1,'00229',175,'00175','EuroMouse Trans',0,'21:34:42','21:34:42'),(230,'Focus Point','',-1,'00230',176,'00176','Focus Point',0,'21:35:08','21:35:08'),(231,'Mecomag','',-1,'00231',177,'00177','Mecomag',0,'21:35:23','21:35:23'),(232,'MIC News','',-1,'00232',178,'00178','MIC News',0,'21:35:42','21:35:42'),(233,'Marian Mocanu','',-1,'00233',179,'00179','Marian Mocanu',0,'21:36:45','21:36:45'),(234,'ProF`S - Professional Fleet Solution','',-1,'00234',180,'00180','ProF`S - Professional Fleet Solution',0,'21:37:22','21:37:22'),(235,'Mediadocs Publishing','',-1,'00235',181,'00181','Mediadocs Publishing',0,'21:37:46','21:37:46'),(236,'Rainteq','',-1,'00236',182,'00182','Rainteq',0,'21:38:11','21:38:11'),(237,'Rowood','',-1,'00237',183,'00183','Rowood',0,'21:38:42','21:38:42'),(238,'Top Controller','',-1,'00238',184,'00184','Top Controller',0,'21:39:04','21:39:04'),(239,'Stalinskaya','',-1,'00239',185,'00185','Stalinskaya',0,'21:39:23','21:39:23'),(240,'Sunbird','',-1,'00240',186,'00186','Sunbird',0,'21:40:05','21:40:05'),(241,'Reflextix','',-1,'00241',187,'00187','Reflextix',0,'21:40:30','21:40:30'),(242,'Pavatex','',-1,'00242',188,'00188','Pavatex',0,'21:40:53','21:40:53'),(243,'Radox Radiators','',-1,'00243',189,'00189','Radox Radiators',0,'21:41:34','21:41:34'),(244,'Auto Hybride Romania','',-1,'00244',190,'00190','Auto Hybride Romania',0,'21:41:50','21:41:50'),(245,'Colibri Print','',-1,'00245',191,'00191','Colibri Print',0,'21:42:22','21:42:22'),(246,'Gourmet Coffee','gourmet-coffee',-1,'00246',192,'00192','Gourmet Coffee',0,'21:42:49','09:37:27'),(247,'Ritmo Caliente','',-1,'00247',193,'00193','Ritmo Caliente',0,'21:43:16','21:43:16'),(248,'Telecompar','',-1,'00248',194,'00194','Telecompar',0,'21:43:53','21:43:53'),(249,'PIN.ro','',-1,'00249',195,'00195','PIN.ro',0,'21:44:14','21:44:14'),(250,'EcoAqua','',-1,'00250',196,'00196','EcoAqua',0,'21:45:48','21:45:48'),(251,'EmmeDue Sport','',-1,'00251',197,'00197','EmmeDue Sport',0,'21:46:11','21:46:11'),(252,'Vili Funerar','',-1,'00252',198,'00198','Vili Funerar',0,'21:46:42','21:46:42'),(253,'Activ Real Estate','',-1,'00253',199,'00199','Activ Real Estate',0,'21:47:10','21:47:10'),(254,'Societatea Notariala Profesionala ACTUM','',-1,'00254',200,'00200','Societatea Notariala Profesionala ACTUM',0,'21:47:32','21:47:32'),(255,'BLACK+DECKER','',-1,'00255',201,'00201','BLACK+DECKER',0,'21:48:41','21:48:41'),(256,'Auto Glass','',-1,'00256',202,'00202','Auto Glass',0,'21:49:10','21:49:10'),(257,'Reven Solutions','',-1,'00257',203,'00203','Reven Solutions',0,'21:49:36','21:49:36'),(258,'Piatraonline.ro','',-1,'00258',204,'00204','Piatraonline.ro',0,'21:50:18','21:50:18'),(259,'ASG Wind Transport','',-1,'00259',205,'00205','ASG Wind Transport',0,'21:51:26','21:51:26'),(260,'E-rovigneta.ro','',-1,'00260',206,'00206','E-rovigneta.ro',0,'21:51:50','21:58:34'),(261,'Expert Infocad','',-1,'00261',207,'00207','Expert Infocad',0,'21:52:14','21:52:14'),(262,'Invalio, France','',-1,'00262',208,'00208','Invalio, France',0,'21:52:39','22:16:40'),(263,'Lacto Genimico','',-1,'00263',209,'00209','Lacto Genimico',0,'21:52:59','21:52:59'),(264,'Marsyella','',-1,'00264',210,'00210','Marsyella',0,'21:53:35','21:53:35'),(265,'Taxa-Pod-Fetesti.ro','',-1,'00265',211,'00211','Taxa-Pod-Fetesti.ro',0,'21:53:56','21:53:56'),(266,'Better House','',-1,'00266',212,'00212','Better House',0,'21:54:15','21:54:15'),(267,'Detox Line','',-1,'00267',213,'00213','Detox Line',0,'21:54:42','21:54:42'),(268,'Gekko Construct','',-1,'00268',214,'00214','Gekko Construct',0,'21:55:01','21:55:01'),(269,'Total Grup Telecom','',-1,'00269',215,'00215','Total Grup Telecom',0,'21:55:22','21:55:22'),(270,'LiftUP Solutions','',-1,'00270',216,'00216','LiftUP Solutions',0,'21:55:42','21:55:42'),(271,'Art Studio Concept MM','',-1,'00271',217,'00217','Art Studio Concept MM',0,'21:56:06','21:56:06'),(272,'9695','',-1,'00272',218,'00218','9695',0,'21:56:33','21:56:33'),(274,'Fundatia Joyo','',-1,'00274',220,'00220','Fundatia Joyo',0,'22:36:02','22:36:02'),(273,'Social Art','',-1,'00273',219,'00219','Social Art',0,'22:35:19','22:35:19'),(275,'SOS Bambini, Romania','',-1,'00275',221,'00221','SOS Bambini, Romania',0,'22:42:52','22:42:52'),(276,'Brutaria cu Maia','brutaria-cu-maia',-1,'00276',222,'00222','Brutaria cu Maia',0,'07:43:26','07:43:26');

--
-- Table structure for table `cms_module_portfolio_fielddef`
--

CREATE TABLE `cms_module_portfolio_fielddef` (
  `fielddef_id` int(11) NOT NULL AUTO_INCREMENT,
  `name` varchar(255) DEFAULT NULL,
  `alias` varchar(255) DEFAULT NULL,
  `help` varchar(255) DEFAULT NULL,
  `type` varchar(50) DEFAULT NULL,
  `section` varchar(10) DEFAULT NULL,
  `position` int(11) DEFAULT NULL,
  `required` int(1) DEFAULT NULL,
  `editview` int(1) DEFAULT NULL,
  `filter_frontend` int(1) DEFAULT NULL,
  `filter_admin` int(1) DEFAULT NULL,
  `searchable` int(1) DEFAULT NULL,
  `extra` varchar(255) DEFAULT NULL,
  PRIMARY KEY (`fielddef_id`)
) ENGINE=MyISAM AUTO_INCREMENT=23 DEFAULT CHARSET=utf8;

--
-- Dumping data for table `cms_module_portfolio_fielddef`
--

INSERT INTO `cms_module_portfolio_fielddef` VALUES (1,'Featured Image','featured_image','Here we upload the featured preview.','upload_file','items',6,1,0,NULL,0,0,'allow[gif,png,jpeg,jpg]'),(2,'Content','content','','textarea','items',4,1,0,NULL,0,1,'wysiwyg[1] '),(4,'Type','type','It is a fullscreen image (1920px wide) or a half screen image (960px wide) ?','dropdown','galleries',4,1,0,NULL,NULL,NULL,'options[full=FullScreen,half=HalfScreen]'),(7,'Related Image','related_image','','upload_file','items',7,1,0,NULL,0,0,''),(8,'Industry','industry','','dropdown_from_udt','categories',1,1,0,NULL,0,NULL,'udt[portfolio_by_industry]'),(9,'Design Type','design_type','','dropdown_from_udt','items',2,1,0,NULL,1,0,'udt[portfolio_by_design_type]'),(10,'Content_RO','content_ro','','textarea','items',5,1,0,NULL,0,1,'wysiwyg[1] '),(11,'Titlu Ro','titlu_ro','','textbox','items',1,1,0,NULL,0,NULL,''),(12,'Descriere','descriere','','textarea','categories',2,1,0,NULL,NULL,NULL,'wysiwyg[1]'),(13,'Descriere RO','descriere_ro','','textarea','categories',3,1,0,NULL,NULL,NULL,'wysiwyg[1]'),(14,'Meta Description','meta_desc_item','','textbox','items',10,0,0,NULL,0,NULL,''),(15,'Meta Keywords','meta_key_item','','textbox','items',11,0,0,NULL,0,NULL,''),(16,'Meta Description RO','meta_desc_item_ro','','textbox','items',12,0,0,NULL,0,NULL,''),(17,'Meta Keywords RO','meta_key_item_ro','','textbox','items',13,0,0,NULL,0,NULL,''),(19,'Meta Description for Category','meta_desc_cat','','textbox','categories',4,0,0,NULL,NULL,NULL,''),(20,'Meta Description for Category RO','meta_desc_cat_ro','','textbox','categories',5,0,0,NULL,NULL,NULL,''),(21,'Meta Keywords for Category','meta_key_cat','','textbox','categories',6,0,0,NULL,NULL,NULL,''),(22,'Meta Keywords for Category RO','meta_key_cat_ro','','textbox','categories',7,0,0,NULL,NULL,NULL,'');

--
-- Table structure for table `cms_module_portfolio_fieldval`
--

CREATE TABLE `cms_module_portfolio_fieldval` (
  `item_id` int(11) NOT NULL,
  `fielddef_id` int(11) NOT NULL,
  `value` text DEFAULT NULL,
  PRIMARY KEY (`item_id`,`fielddef_id`)
) ENGINE=MyISAM DEFAULT CHARSET=utf8;

--
-- Dumping data for table `cms_module_portfolio_fieldval`
--

INSERT INTO `cms_module_portfolio_fieldval` VALUES (61,8,'industrial-engineering'),(60,8,'retail'),(14,1,'1.jpg'),(59,8,'fashion-beauty-cosmetics'),(58,8,'retail'),(56,8,'services'),(57,8,'insurance-security'),(54,8,'services'),(55,8,'horeca'),(53,8,'airline-tourism'),(13,4,'full'),(15,4,'half'),(16,4,'half'),(19,19,'9695 meta Eng'),(19,20,'9695 meta ro'),(19,21,'9695 key Eng'),(19,22,'9695 key ro'),(108,8,'services'),(109,8,'sports-entertainment'),(110,8,'food-beverages'),(111,8,'healthcare'),(112,8,'horeca'),(113,8,'industrial-engineering'),(114,8,'fashion-beauty-cosmetics'),(115,8,'food-beverages'),(116,8,'technology-telecom'),(117,8,'photo-video'),(118,8,'horeca'),(119,8,'training-coathing-education'),(120,8,'insurance-security'),(121,8,'insurance-security'),(122,8,'training-coathing-education'),(123,8,'training-coathing-education'),(124,8,'retail'),(125,8,'training-coathing-education'),(62,8,'training-coathing-education'),(63,8,'healthcare'),(64,8,'achitecture-decorative-coatings'),(65,8,'nonprofits-NGOs'),(66,8,'photo-video'),(67,8,'healthcare'),(68,8,'sports-entertainment'),(69,8,'retail'),(70,8,'training-coathing-education'),(71,8,'training-coathing-education'),(72,8,'agriculture-agribusiness'),(73,8,'technology-telecom'),(74,8,'food-beverages'),(75,8,'technology-telecom'),(76,8,'healthcare'),(77,8,'healthcare'),(78,8,'services'),(79,8,'technology-telecom'),(80,8,'training-coathing-education'),(81,8,'food-beverages'),(82,8,'fashion-beauty-cosmetics'),(83,8,'sports-entertainment'),(84,8,'financial-legal-accounting'),(85,8,'airline-tourism'),(86,8,'insurance-security'),(87,8,'photo-video'),(88,8,'horeca'),(89,8,'photo-video'),(90,8,'fashion-beauty-cosmetics'),(91,8,'food-beverages'),(92,8,'automotive-logistics'),(93,8,'real-estate'),(94,8,'airline-tourism'),(95,8,'food-beverages'),(96,8,'retail'),(97,8,'airline-tourism'),(98,8,'services'),(99,8,'training-coathing-education'),(100,8,'food-beverages'),(101,8,'sports-entertainment'),(102,8,'retail'),(103,8,'healthcare'),(104,8,'agriculture-agribusiness'),(105,8,'agriculture-agribusiness'),(106,8,'fashion-beauty-cosmetics'),(107,8,'photo-video'),(19,4,'full'),(20,4,'half'),(21,4,'half'),(22,4,'full'),(23,4,'half'),(24,4,'half'),(126,8,'photo-video'),(127,8,'retail'),(128,8,'fashion-beauty-cosmetics'),(129,8,'fashion-beauty-cosmetics'),(130,8,'industrial-engineering'),(131,8,'insurance-security'),(132,8,'training-coathing-education'),(133,8,'training-coathing-education'),(134,8,'food-beverages'),(135,8,'sports-entertainment'),(136,8,'fashion-beauty-cosmetics'),(48,8,'agriculture-agribusiness'),(19,8,'agriculture-agribusiness'),(52,8,'retail'),(137,8,'training-coathing-education'),(138,8,'achitecture-decorative-coatings'),(139,8,'achitecture-decorative-coatings'),(140,8,'training-coathing-education'),(141,8,'training-coathing-education'),(142,8,'insurance-security'),(143,8,'sports-entertainment'),(144,8,'technology-telecom'),(145,8,'training-coathing-education'),(146,8,'retail'),(147,8,'financial-legal-accounting'),(148,8,'healthcare'),(149,8,'financial-legal-accounting'),(150,8,'insurance-security'),(151,8,'insurance-security'),(152,8,'sports-entertainment'),(153,8,'healthcare'),(154,8,'technology-telecom'),(155,8,'airline-tourism'),(156,8,'services'),(157,8,'training-coathing-education'),(158,8,'insurance-security'),(159,8,'agriculture-agribusiness'),(160,8,'horeca'),(161,8,'sports-entertainment'),(162,8,'food-beverages'),(163,8,'photo-video'),(164,8,'technology-telecom'),(165,8,'healthcare'),(166,8,'real-estate'),(167,8,'insurance-security'),(168,8,'airline-tourism'),(169,8,'industrial-engineering'),(170,8,'training-coathing-education'),(171,8,'horeca'),(172,8,'services'),(173,8,'food-beverages'),(174,8,'food-beverages'),(175,8,'airline-tourism'),(176,8,'healthcare'),(177,8,'training-coathing-education'),(178,8,'automotive-logistics'),(179,8,'horeca'),(180,8,'sports-entertainment'),(181,8,'food-beverages'),(182,8,'airline-tourism'),(183,8,'sports-entertainment'),(184,8,'industrial-engineering'),(185,8,'food-beverages'),(186,8,'industrial-engineering'),(187,8,'training-coathing-education'),(188,8,'technology-telecom'),(189,8,'sports-entertainment'),(190,8,'photo-video'),(191,8,'achitecture-decorative-coatings'),(192,8,'insurance-security'),(193,8,'insurance-security'),(194,8,'financial-legal-accounting'),(195,8,'industrial-engineering'),(196,8,'industrial-engineering'),(197,8,'insurance-security'),(198,8,'healthcare'),(199,8,'horeca'),(200,8,'services'),(201,8,'financial-legal-accounting'),(202,8,'nonprofits-NGOs'),(203,8,'fashion-beauty-cosmetics'),(204,8,'training-coathing-education'),(205,8,'retail'),(206,8,'fashion-beauty-cosmetics'),(207,8,'technology-telecom'),(208,8,'food-beverages'),(209,8,'fashion-beauty-cosmetics'),(210,8,'food-beverages'),(211,8,'achitecture-decorative-coatings'),(212,8,'fashion-beauty-cosmetics'),(213,8,'retail'),(214,8,'training-coathing-education'),(215,8,'agriculture-agribusiness'),(216,8,'services'),(217,8,'publishing'),(218,8,'services'),(219,8,'technology-telecom'),(220,8,'photo-video'),(221,8,'photo-video'),(222,8,'agriculture-agribusiness'),(223,8,'training-coathing-education'),(224,8,'agriculture-agribusiness'),(225,8,'services'),(226,8,'retail'),(227,8,'services'),(228,8,'fashion-beauty-cosmetics'),(229,8,'automotive-logistics'),(230,8,'photo-video'),(231,8,'agriculture-agribusiness'),(232,8,'publishing'),(233,8,'photo-video'),(234,8,'automotive-logistics'),(235,8,'publishing'),(236,8,'agriculture-agribusiness'),(237,8,'achitecture-decorative-coatings'),(238,8,'industrial-engineering'),(239,8,'food-beverages'),(240,8,'financial-legal-accounting'),(241,8,'industrial-engineering'),(242,8,'industrial-engineering'),(243,8,'industrial-engineering'),(244,8,'automotive-logistics'),(245,8,'services'),(246,8,'food-beverages'),(247,8,'sports-entertainment'),(248,8,'technology-telecom'),(249,8,'industrial-engineering'),(250,8,'industrial-engineering'),(251,8,'sports-entertainment'),(252,8,'services'),(253,8,'real-estate'),(254,8,'financial-legal-accounting'),(255,8,'industrial-engineering'),(256,8,'automotive-logistics'),(257,8,'industrial-engineering'),(258,8,'achitecture-decorative-coatings'),(259,8,'automotive-logistics'),(260,8,'services'),(261,8,'achitecture-decorative-coatings'),(262,8,'training-coathing-education'),(263,8,'food-beverages'),(264,8,'fashion-beauty-cosmetics'),(265,8,'services'),(266,8,'real-estate'),(267,8,'healthcare'),(268,8,'industrial-engineering'),(269,8,'technology-telecom'),(270,8,'technology-telecom'),(271,8,'photo-video'),(272,8,'insurance-security'),(273,8,'nonprofits-NGOs'),(274,8,'nonprofits-NGOs'),(275,8,'nonprofits-NGOs'),(14,11,'Kaldio - Identity Design, Packaging'),(14,9,'logo-and-identity'),(14,2,'<p>Kaldio is a brand that understands how to please multiple types of customers when it comes to coffee, in different cities within Romania. Although the company is specialized in vending, it can cover every segment related to coffee.</p>\r\n<p>A brand that is so complex needed a complete visual brand that can reach its diverse of audience. This is how we created the logo design and other identity design materials, packaging, vending machines design and automobile identity design for Kaldio.</p>'),(14,10,'<p>Kaldio este un brand care a inteles cum sa multumeasca o varietate larga de consumatori din diferite orase din Romania cand vine vorba de cafea. Chiar daca este specilizat pe partea de vending, poate acoperi orice segment conex cafelei.</p>\r\n<p>Un brand atat de complex avea nevoie de o identitate vizuala care sa poata sa atinga o audienta diversa. Asa am creat intreg conceptul grafic de comunicare vizuala, de la design de logo si celelalte materiale de identitate, pana la packaging, identitate aparat vending si autoturisme.</p>'),(38,4,'full'),(39,4,'full'),(40,4,'full'),(14,7,'thumb2.jpg'),(42,4,'full'),(43,4,'half'),(44,4,'half'),(45,4,'full'),(46,4,'full'),(47,4,'half'),(15,11,'Gents Haidresser - Visual Identity'),(15,9,'logo-and-identity'),(15,2,'<p>Located in Wien, Austria, Gents Hairdresser is more than a Haircut Studio. It is a place that brings the atmosphere of a gentleman`s club where people can get a nice haircut, enjoy a drink or take part in social activities.</p>\r\n<p>To show what the place is about, the client needed a well-organized integrated visual identity, starting with logo design, stationary design and clothing, and finishing with outdoor billboards. We were glad to help them on this matter.</p>'),(35,4,'full'),(36,4,'full'),(37,4,'full'),(34,4,'half'),(30,4,'half'),(31,4,'half'),(32,4,'half'),(33,4,'half'),(28,4,'full'),(29,4,'full'),(13,11,'Buurentech - Visual Identity '),(13,9,'logo-and-identity'),(13,2,'<p>Buurentech is a construction design office, working with both individuals and companies on multiple projects. The company is situated in Bruxelles, Belgium.</p>\r\n<p>We helped this client with a visual branding consisting in logo design,  stationery design and other identity design materials. The approach for the logo creation consisted in a combination of simple and minimalistic elements, to fit with the construction industry.</p>'),(13,10,'<p>Buurentech este o companie din Bruxelles, Belgia, care presteaza servicii de proiectare, care dezvolta proiecte atat cu personae fizice, cat si cu companii.</p>\r\n<p>Am ajutat acest client prin realizarea unui branding visual care a constant in logo si alte materiale de identitate vizuala. Abordarea cu privire la logo a constant in combinarea unur elemente simple si minimaliste, pentru a reprezenta industria constructiilor.</p>'),(13,1,'1.jpg'),(13,7,'thumb2.jpg'),(15,10,'<p>Localizat in Viena, Austria, Gents Hairdresser este mai mult decat un salon de frizerie. Este un loc ce aduce atmosfera unui gentleman`s club, unde oamenii se pot tunde, pot sa savureze o bautura sau sa ia parte la activitati sociale.</p>\r\n<p>Pentru a arata ce inseamna acest salon, clientul avea nevoie de o identitate vizuala integrata si organizata, incepand de la logo si alte materiale de identitate vizuala, inclusiv conceptul de imbracaminte, si finalizand cu bannere outdoor si casete luminoase.</p>'),(15,1,'1.jpg'),(15,7,'thumb2.jpg'),(49,4,'full'),(50,4,'half'),(51,4,'half'),(52,4,'full'),(53,4,'full'),(54,4,'full'),(55,4,'half'),(56,4,'half'),(276,8,'food-beverages'),(16,11,'Air Bucharest - Visual Identity, Print Design'),(16,9,'print-design'),(16,2,'<p>Air Bucharest it is an airline charter company founded in 2010. The fleet includes aircrafts like Boeing 737 - 300 series, which is the most widespread aircraft in the world, or Boeing 737 – 400 series. The airline operates charter flights to holiday destinations in Turkey, Greece, Spain, Egypt and Dubai.</p>\r\n<p>Our team is proud that we could have an impact on how the airline company communicates through their visual designs.</p>'),(16,10,'<p>Air Bucharest este o companie aeriana de chartere si zboruri AD­HOC, infiintata in 2010. Flota companiei include aeronave precum Boeing 737 – Seria 300, fiind cea mai raspandita aeronava din lume, sau Boeing 737 – Seria 400. Compania opereaza zboruri charter pe destinatiile de vacanta Turcia, Grecia, Spania, Egipt si Dubai.</p>\r\n<p>Echipa noastra este mandra ca am reusit sa ne punem amprenta pe modul in care compania Air Bucharest comunica prin vizualurile grafice.</p>'),(16,1,'1.jpg'),(16,7,'thumb2.jpg'),(58,4,'full'),(59,4,'half'),(60,4,'half'),(61,4,'full'),(17,11,'Gryxx - Visual Identity Design'),(17,9,'logo-and-identity'),(17,2,'<p>Gryxx is the new brand of sports shoes, by OTTER®, launched in Romania. OTTER® strengthened its market position in Romania, currently holding over 30 multibrand stores in Bucharest and in the other large cities in the country. With over 1,000 new models per season, it brings together products from leading brands of footwear, leather goods and accessories.<br /> <br /> The challenge of creating a visual identity to reflect the vision and values of the brand, was a big one, but also rewarding.</p>'),(17,10,'<p>Gryxx este noul brand de incaltaminte sport lansat de OTTER® in Romania. OTTER® si-a consolidat pozitia pe piata din Romania, detinand in prezent peste 30 de magazine multibrand in Bucuresti si in tara. Cu peste 1000 de noi modele pe sezon, reunesc produse ale celor mai importante branduri de incaltaminte, marochinarie si accesorii.</p>\r\n<p>Provocarea de a crea o identitate vizuala care sa transmita cat mai bine viziunea si valorile brandului, a fost una mare, dar si cu satisfactii pe masura.</p>'),(17,1,'vismark-thumb1.jpg'),(17,7,'vismark-thumb2.jpg'),(63,4,'full'),(64,4,'full'),(65,4,'half'),(66,4,'half'),(67,4,'full'),(69,4,'full'),(70,4,'full'),(71,4,'half'),(72,4,'half'),(73,4,'full'),(74,4,'half'),(75,4,'half'),(18,11,'Dolce Nera Frappe - Packaging'),(18,9,'packaging'),(18,2,'<p>Dolce Nera is a brand that activates under the umbrella of Gourmet Coffe, a company with 25 years of experience in the coffee industry. It has a vast experience of working with different clients, from regular consumers to vending firms and coffee shops, from small businesses to companies like Springtime or Phoenicia Hotel.</p>\r\n<p>The Dolce Nera Frappe was all set up and ready to bring smiles and coolness on terraces this, but it needed people to find out about it. Therefore, we created the packaging design and promotion materials needed for the product to be launched on the market.</p>'),(18,10,'<p>Dolce Nera este un brand care activeaza sub umbrela Gourmet Coffee, o companie cu peste 25 de ani experienta in industria cafelei. Avand o experienta vasta in domeniu, Gourmet Coffe a lucrat cu difeite tipuri de clienti, de la consumatori finalpana la firme de vending si cafenele, de la business-uri mici la companii precum Springtime sau Phoenicia Hotel.</p>\r\n<p>Frappe-ul Dolce Nera a fost pregatit si gata sa aduce zambete pline de racoare pe terase, insa pentru asta a fost nevoie ca lumea sa afle despre el. Astfel, am creat packaging-ul si materialele promotionale necesare pentru ca acest proiect sa fie lansat pe piata.</p>'),(18,1,'vismark-thumb1.jpg'),(18,7,'vismark-thumb2.jpg'),(77,4,'full'),(78,4,'full'),(79,4,'half'),(80,4,'half'),(81,4,'full'),(82,4,'half'),(83,4,'half'),(84,4,'full'),(19,11,'Gourmet Coffee - Brochure Design'),(19,9,'print-design'),(19,2,'<p>Gourmet Coffee is a company with 25 years of experience in the coffee industry. It has a vast experience of working with different clients, from regular consumers to vending firms and coffee shops, from small businesses to companies like Springtime or Phoenicia Hotel.</p>\r\n<p>The client has a lot of products in his portfolio, from coffee and tea varieties to vending accessories and coffee machines. Those products needed to be brought together in one presentation material, so we were happy to help with creating the Gourmet Coffee Catalog design.</p>'),(19,10,'<p>Gourmet Coffee este o companie cu peste 25 de ani experienta in industria cafelei. Avand o experienta vasta in domeniu, Gourmet Coffe a lucrat cu difeite tipuri de clienti, de la consumatori finali pana la firme de vending si cafenele, de la business-uri mici la companii precum Springtime sau Phoenicia Hotel.</p>\r\n<p>Clientul nostru avea o multitudine de produse in portofoliul sau: varietati diferite de cafea si ceai, accesorii de vending, aparate pentru cafea si multe altele. Pentru a aduce aceste produse impreuna intr-un material de prezentare, ne-am pus la bataie experienta si creativitatea pentru a crea catalogul Gourmet Coffee.</p>'),(19,1,'vismark-thumb1.jpg'),(19,7,'vismark-thumb2.jpg'),(94,4,'full'),(95,4,'full'),(88,4,'half'),(89,4,'half'),(90,4,'full'),(91,4,'half'),(92,4,'half'),(93,4,'full'),(96,4,'full'),(20,11,'Crama Gabai - Brand Identity Design, Packaging'),(20,9,'packaging'),(20,2,'<p>Located in an area with important tradition in the manufacture of high-rank wines, the Gabai cellar complies with all rules when it comes to producing high-quality wines.</p>\r\n<p>The Quality of Gabai could not come otherwise but accompanied by a special bottle design. To create it, we first needed a logo design that matches the brands values, then we completed with the packaging.</p>'),(20,10,'<p>Localizat intr-o zona cu o importanta traditie in ceea ce priveste fabricarea vinurilor de rang inalt, Crama Gabai respecta toate regulile cand vine vorba de un produs de cea mai buna calitate.</p>\r\n<p>Calitatea vinurilor Gabai nu putea veni neinsotita de un design al sticlelor pe masura. Pentru a-l realiza, mai intai am creat designul logo-ului in conformitate cu valorile brandului, dupa care am completat cu materialul de packaging.</p>'),(20,1,'vismark-thumb1.jpg'),(20,7,'vismark-thumb2.jpg'),(98,4,'full'),(99,4,'full'),(100,4,'half'),(101,4,'half'),(102,4,'full'),(103,4,'full'),(104,4,'full'),(105,4,'full'),(106,4,'full'),(107,4,'half'),(108,4,'half'),(21,11,'BTS LED - Visual Rebranding'),(21,9,'logo-and-identity'),(21,2,'<p>BTS LED is a company situated in Chisinau, Republica Moldova, which provides its customers with a variety of lightning solutions using the LED Technology. The company works with different producers from around the world.</p>\r\n<p>A client with strong activity needed a strong visual identity, so we gave our best to match the logo with the brand`s values: quality, flexibility and variety. The contemporary look of the logo design translates to the rest of the visual identity.</p>'),(21,10,'<p>BTS LED este o companie cu sediul in Chisinau, Republica Moldova, care ofera o varietate de solutii de iluminat folosit tehnologia LED. Compania lucreaza cu producatori din toata lumea.</p>\r\n<p>Un client cu o activitate puternica avea nevoie de o identitate vizuala la fel de puternica, asa ca am depus tot efortul pentru a reconstrui logo-ul in linie cu valorile companiei: calitate, flexibilitate si varietate. Aspectul contemporan al logo-ului poate fi sesizat in toate materialele create.</p>'),(110,4,'full'),(111,4,'half'),(112,4,'half'),(113,4,'full'),(21,1,'vismark-thumb1.jpg'),(21,7,'vismark-thumb2.jpg');

--
-- Table structure for table `cms_module_portfolio_images`
--

CREATE TABLE `cms_module_portfolio_images` (
  `image_id` int(10) NOT NULL AUTO_INCREMENT,
  `item_id` int(10) DEFAULT NULL,
  `filename` varchar(255) DEFAULT NULL,
  `position` int(10) DEFAULT NULL,
  PRIMARY KEY (`image_id`)
) ENGINE=MyISAM AUTO_INCREMENT=114 DEFAULT CHARSET=utf8;

--
-- Dumping data for table `cms_module_portfolio_images`
--

INSERT INTO `cms_module_portfolio_images` VALUES (9,1,'project_small1.jpg',3),(8,1,'project_big2.jpg',5),(7,1,'project_big.jpg',2),(10,1,'project_small2.jpg',4),(11,1,'project_small3.jpg',6),(12,1,'project_small4.jpg',7),(13,2,'project_big.jpg',2),(14,2,'project_big2.jpg',5),(15,2,'project_small1.jpg',3),(16,2,'project_small2.jpg',4),(17,2,'project_small3.jpg',6),(18,2,'project_small4.jpg',7),(19,7,'s1.jpg',2),(20,7,'s2.jpg',3),(21,7,'studiu_de_caz_01.jpg',4),(22,6,'studiu_de_caz_01.jpg',2),(23,6,'studiu_de_caz_05.jpg',3),(24,6,'studiu_de_caz_07.jpg',4),(25,12,'logo1b.jpg',2),(26,NULL,'logo1b.jpg',2),(27,NULL,'logo1b.jpg',2),(30,13,'logo3.jpg',4),(29,13,'logo1_buurentech_logo_design.jpg',3),(31,13,'logo4.jpg',5),(33,13,'logo6.jpg',7),(34,13,'logo6_1.jpg',8),(37,13,'business_cards_design_3.jpg',9),(38,13,'tshirt_design_branding.jpg',10),(39,13,'folder_design_buurentech.jpg',11),(40,13,'social_media_design.jpg',12),(41,NULL,'logo1b.jpg',2),(42,14,'branding_visual_identity_coffee_vismark_design_agency_01.jpg',2),(43,14,'branding_visual_identity_coffee_vismark_design_agency_02.jpg',3),(47,14,'branding_visual_identity_coffee_vismark_design_agency_03.jpg',5),(45,14,'branding_visual_identity_coffee_vismark_design_agency_04.jpg',6),(46,14,'branding_visual_identity_coffee_vismark_design_agency_05.jpg',7),(48,NULL,'logo1b.jpg',2),(108,15,'gents_hairdressel_branding_logo_design_vismark_03.jpg',7),(107,15,'gents_hairdressel_branding_logo_design_vismark_02.jpg',6),(106,15,'gents_hairdressel_branding_logo_design_vismark_01.jpg',5),(52,15,'gents_hairdressel_branding_logo_design_vismark_04.jpg',8),(53,15,'gents_hairdressel_branding_logo_design_vismark_05.jpg',9),(54,15,'gents_hairdressel_branding_logo_design_vismark_06.jpg',10),(55,15,'gents_hairdressel_branding_logo_design_vismark_07.jpg',11),(56,15,'gents_hairdressel_branding_logo_design_vismark_08.jpg',12),(57,NULL,'logo1b.jpg',2),(58,16,'aviation_company_logo_design_identity_vismark_01.jpg',2),(59,16,'aviation_company_logo_design_identity_vismark_02.jpg',3),(60,16,'aviation_company_logo_design_identity_vismark_03.jpg',4),(61,16,'aviation_company_logo_design_identity_vismark_04.jpg',5),(62,NULL,'logo1b.jpg',2),(63,17,'logo_design_sport_shoes_gryxx_vismark_01.jpg',2),(64,17,'logo_design_sport_shoes_gryxx_vismark_02.jpg',3),(65,17,'logo_design_sport_shoes_gryxx_vismark_03.jpg',4),(66,17,'logo_design_sport_shoes_gryxx_vismark_04.jpg',5),(67,17,'logo_design_sport_shoes_gryxx_vismark_05.jpg',6),(68,17,'logo_design_sport_shoes_gryxx_vismark_06.jpg',7),(69,17,'logo_design_sport_shoes_gryxx_vismark_07.jpg',8),(70,17,'logo_design_sport_shoes_gryxx_vismark_08.jpg',9),(71,17,'logo_design_sport_shoes_gryxx_vismark_09.jpg',10),(72,17,'logo_design_sport_shoes_gryxx_vismark_10.jpg',11),(73,17,'logo_design_sport_shoes_gryxx_vismark_11.jpg',12),(74,17,'logo_design_sport_shoes_gryxx_vismark_12.jpg',13),(75,17,'logo_design_sport_shoes_gryxx_vismark_13.jpg',14),(76,NULL,'logo1b.jpg',2),(84,18,'dolce_nera_frappe_packaging_design_01.jpg',3),(78,18,'dolce_nera_frappe_packaging_design_02.jpg',4),(79,18,'dolce_nera_frappe_packaging_design_03.jpg',5),(80,18,'dolce_nera_frappe_packaging_design_04.jpg',6),(81,18,'dolce_nera_frappe_packaging_design_05.jpg',7),(82,18,'dolce_nera_frappe_packaging_design_06.jpg',8),(83,18,'dolce_nera_frappe_packaging_design_07.jpg',9),(85,NULL,'logo1b.jpg',2),(95,19,'gourmet_coffee_brochure_design_catalogue_02.jpg',5),(94,19,'gourmet_coffee_brochure_design_catalogue_01.jpg',4),(88,19,'gourmet_coffee_brochure_design_catalogue_03.jpg',6),(89,19,'gourmet_coffee_brochure_design_catalogue_04.jpg',7),(90,19,'gourmet_coffee_brochure_design_catalogue_05.jpg',8),(91,19,'gourmet_coffee_brochure_design_catalogue_06.jpg',9),(92,19,'gourmet_coffee_brochure_design_catalogue_07.jpg',10),(96,19,'gourmet_coffee_brochure_design_catalogue_08.jpg',11),(97,NULL,'logo1b.jpg',2),(98,20,'crama_gabai_logo_design_packaging_wine_identity_vismark_01.jpg',2),(99,20,'crama_gabai_logo_design_packaging_wine_identity_vismark_02.jpg',3),(100,20,'crama_gabai_logo_design_packaging_wine_identity_vismark_03.jpg',4),(101,20,'crama_gabai_logo_design_packaging_wine_identity_vismark_04.jpg',5),(102,20,'crama_gabai_logo_design_packaging_wine_identity_vismark_05.jpg',6),(103,20,'crama_gabai_logo_design_packaging_wine_identity_vismark_06.jpg',7),(104,20,'crama_gabai_logo_design_packaging_wine_identity_vismark_07.jpg',8),(105,20,'crama_gabai_logo_design_packaging_wine_identity_vismark_08.jpg',9),(109,NULL,'logo1b.jpg',2),(110,21,'bts_led_rebranding_logo_design_vismark_agency_01.jpg',2),(111,21,'bts_led_rebranding_logo_design_vismark_agency_02.jpg',3),(112,21,'bts_led_rebranding_logo_design_vismark_agency_03.jpg',4),(113,21,'bts_led_rebranding_logo_design_vismark_agency_04.jpg',5);

--
-- Table structure for table `cms_module_portfolio_item`
--

CREATE TABLE `cms_module_portfolio_item` (
  `item_id` int(11) NOT NULL AUTO_INCREMENT,
  `category_id` int(11) DEFAULT NULL,
  `title` varchar(255) DEFAULT NULL,
  `alias` varchar(255) DEFAULT NULL,
  `url` varchar(255) DEFAULT NULL,
  `recursive` varchar(50) DEFAULT NULL,
  `position` int(11) DEFAULT NULL,
  `active` int(1) DEFAULT NULL,
  `item_date` datetime DEFAULT NULL,
  `item_date_end` datetime DEFAULT NULL,
  `create_date` datetime DEFAULT NULL,
  `modified_date` datetime DEFAULT NULL,
  PRIMARY KEY (`item_id`),
  KEY `cms_portfolio_url` (`url`),
  KEY `cms_portfolio_category_id` (`category_id`)
) ENGINE=MyISAM AUTO_INCREMENT=22 DEFAULT CHARSET=utf8;

--
-- Dumping data for table `cms_module_portfolio_item`
--

INSERT INTO `cms_module_portfolio_item` VALUES (14,95,'Kaldio - Identity Design, Packaging','kaldio-identity-design-packaging','','',4,1,'2017-02-12 12:09:52','1970-01-01 02:00:00','2017-02-12 12:09:52','2017-02-12 12:09:52'),(15,90,'Gents Hairdresser - Visual Identity','gents-haidresser-visual-identity-design','','',5,1,'2017-02-12 15:59:32','1970-01-01 02:00:00','2017-02-12 15:59:32','2017-02-12 15:59:32'),(13,64,'Buurentech - Visual Identity ','buurentech-visual-identity-design','','',3,1,'2017-02-11 16:07:28','1970-01-01 02:00:00','2017-02-11 16:07:28','2017-02-11 16:07:28'),(18,81,'Dolce Nera Frappe - Packaging','dolce-nera-frappe-packaging','','',8,1,'2017-02-16 14:24:03','0000-00-00 00:00:00','2017-02-16 14:24:03','2017-02-16 14:24:03'),(16,155,'Air Bucharest - Visual Identity, Print Design','air-bucharest-visual-identity-print-design','','',6,1,'2017-02-15 16:08:52','1970-01-01 02:00:00','2017-02-15 16:08:53','2017-02-15 16:08:53'),(17,209,'Gryxx - Visual Identity Design','gryxx-visual-identity-design','','',7,1,'2017-02-15 21:08:07','0000-00-00 00:00:00','2017-02-15 21:08:07','2017-02-15 21:08:07'),(19,246,'Gourmet Coffee - Brochure Design','gourmet-coffee-prind-design','','',9,1,'2017-02-16 19:33:22','1970-01-01 02:00:00','2017-02-16 19:33:22','2017-02-16 19:33:22'),(20,74,'Crama Gabai - Brand Identity Design, Packaging','crama-gabai-brand-identity-design-packaging','','',10,1,'2017-02-16 19:55:08','1970-01-01 02:00:00','2017-02-16 19:55:08','2017-02-16 19:55:08'),(21,61,'BTS LED - Visual Rebranding','bts-led-visual-rebranding','','',11,1,'2017-02-18 14:10:15','1970-01-01 02:00:00','2017-02-18 14:10:15','2017-02-18 14:10:15');

--
-- Table structure for table `cms_module_portofoliu_categories`
--

CREATE TABLE `cms_module_portofoliu_categories` (
  `category_id` int(11) NOT NULL AUTO_INCREMENT,
  `category_name` varchar(255) DEFAULT NULL,
  `category_alias` varchar(255) DEFAULT NULL,
  `parent_id` int(11) DEFAULT NULL,
  `hierarchy` varchar(255) DEFAULT NULL,
  `position` int(11) DEFAULT NULL,
  `hierarchy_position` varchar(255) DEFAULT NULL,
  `long_name` text DEFAULT NULL,
  `usergroup` int(11) DEFAULT NULL,
  `create_date` time DEFAULT NULL,
  `modified_date` time DEFAULT NULL,
  PRIMARY KEY (`category_id`)
) ENGINE=MyISAM DEFAULT CHARSET=utf8;

--
-- Dumping data for table `cms_module_portofoliu_categories`
--


--
-- Table structure for table `cms_module_search_index`
--

CREATE TABLE `cms_module_search_index` (
  `item_id` int(11) DEFAULT NULL,
  `word` varchar(255) DEFAULT NULL,
  `count` int(11) DEFAULT NULL,
  KEY `cms_index_search_count` (`count`),
  KEY `cms_index_search_index` (`word`)
) ENGINE=MyISAM DEFAULT CHARSET=utf8;

--
-- Dumping data for table `cms_module_search_index`
--

INSERT INTO `cms_module_search_index` VALUES (1684,'agency',3),(1684,'brand',3),(1684,'design',9),(1684,'graphic',3),(1684,'outsource',3),(1684,'way',3),(1684,'new',3),(1686,'projects',1),(1686,'current',1),(1686,'look',1),(1686,'take',1),(1686,'work',5),(1686,'branding',3),(1686,'design',4),(1686,'graphic',3),(1686,'portfolio',3),(1688,'one',1),(1688,'kind',1),(1688,'different',1),(1688,'bring',1),(1688,'aim',1),(1688,'touch',1),(1688,'get',2),(1688,'stand',1),(1688,'truly',1),(1688,'makes',1),(1688,'defines',1),(1688,'experts',1),(1688,'quantity',1),(1688,'great',1),(1688,'feedbacks',1),(1688,'limited',1),(1688,'hours',1),(1688,'counted',1),(1688,'goodbye',1),(1688,'say',1),(1688,'partners',1),(1688,'clients',1),(1688,'price',2),(1688,'fair',2),(1688,'want',1),(1688,'deadline',1),(1688,'respecting',1),(1688,'need',1),(1688,'create',1),(1688,'work',3),(1688,'will',1),(1688,'team',3),(1688,'dedicated',1),(1688,'provide',1),(1688,'materials',3),(1688,'quality',3),(1688,'regarding',1),(1688,'needs',1),(1688,'fulfil',1),(1688,'agency',2),(1688,'advertising',2),(1688,'company',1),(1688,'represent',1),(1688,'whether',1),(1688,'headaches',1),(1688,'time',3),(1688,'money',1),(1688,'save',1),(1688,'can',3),(1688,'services',3),(1688,'design',6),(1688,'graphic',5),(1688,'outsource',2),(1688,'way',1),(1688,'easy',1),(1688,'new',1),(1688,'forward',2),(1688,'brings',1),(1688,'platform',1),(1688,'online',1),(1688,'vismark®',1),(1688,'business',1),(1688,'growing',1),(1688,'solution',1),(1688,'ideal',1),(1692,'help',1),(1692,'views',1),(1692,'things',1),(1692,'way',1),(1692,'talk',1),(1692,'others',1),(1692,'let',2),(1692,'better',1),(1692,'it`s',1),(1692,'impress',1),(1692,'hard',1),(1692,'working',1),(1692,'we\'ve',1),(1692,'customers',4),(1515,'outsourcing',4),(1515,'would',1),(1515,'like',1),(1515,'design',9),(1515,'department',1),(1515,'doesn’t',1),(1515,'matter',1),(1515,'represent',1),(1515,'company',2),(1515,'advertising',1),(1515,'agency',1),(1515,'came',1),(1515,'easiest',1),(1515,'way',3),(1515,'get',3),(1515,'graphic',2),(1515,'materials',3),(1515,'need',1),(1515,'shortest',1),(1515,'possible',1),(1515,'time',2),(1515,'entire',2),(1515,'team',2),(1515,'won’t',1),(1515,'designer',1),(1515,'two',1),(1515,'working',2),(1515,'project',1),(1515,'needs',1),(1515,'will',3),(1515,'certainly',1),(1515,'fulfilled',1),(1515,'request',1),(1515,'meeting',1),(1515,'work',3),(1515,'faster',1),(1515,'easierin',1),(1515,'one',2),(1515,'place',1),(1515,'explore',1),(1515,'new',1),(1515,'easy',1),(1515,'outsource',1),(1515,'using',2),(1515,'vismark®app',1),(1515,'free',1),(1515,'whether',1),(1515,'we’re',1),(1515,'talking',1),(1515,'logo',1),(1515,'website',1),(1515,'business',2),(1515,'card',1),(1515,'type',1),(1515,'material',1),(1515,'can',3),(1515,'find',2),(1515,'read',1),(1515,'faq',1),(1515,'number',1),(1515,'feedbacks',1),(1515,'directly',1),(1515,'important',2),(1515,'highest',1),(1515,'quality',1),(1515,'also',1),(1515,'fit',1),(1515,'perfect',1),(1515,'match',1),(1515,'contextual',1),(1515,'feedback',3),(1515,'app',1),(1515,'give',1),(1515,'straight',1),(1515,'onto',1),(1515,'progress',1),(1515,'leaving',1),(1515,'comments',2),(1515,'threaded',1),(1515,'conversations',1),(1515,'never',1),(1515,'lose',1),(1515,'track',1),(1515,'stored',1),(1515,'together',2),(1515,'convenient',1),(1515,'archive',1),(1515,'let`s',1),(1515,'counted',2),(1515,'hours',2),(1515,'joined',1),(1515,'community',1),(1515,'forget',1),(1515,'additional',1),(1515,'costs',1),(1515,'touch',2),(1515,'unified',1),(1515,'looking',1),(1515,'vismark®',1),(1515,'works',1),(1515,'know',1),(1515,'image',1),(1515,'front',1),(1515,'clients',1),(1515,'always',1),(1515,'make',1),(1515,'sure',1),(1515,'express',1),(1515,'personality',1),(1515,'brand',1),(1515,'contact',1),(1515,'what`s',1),(1515,'next',1),(1515,'we`re',1),(1515,'ready',1),(1516,'careers',4),(1516,'we\'re',2),(1516,'growing',1),(1516,'fast',1),(1516,'we\'d',1),(1516,'love',1),(1516,'join',1),(1516,'vismark®',1),(1516,'welcoming',1),(1516,'place',1),(1516,'everyone',1),(1516,'best',1),(1516,'make',1),(1516,'sure',1),(1516,'people',1),(1516,'feel',1),(1516,'supported',1),(1516,'connected',1),(1516,'work',1),(1516,'proud',1),(1516,'equal',1),(1516,'opportunity',1),(1516,'employer',1),(1516,'committed',1),(1516,'hiring',1),(1516,'top',1),(1516,'talent',1),(1516,'regardless',1),(1516,'race',1),(1516,'religion',1),(1516,'color',1),(1516,'national',1),(1516,'origin',1),(1516,'sex',1),(1516,'sexual',1),(1516,'orientation',1),(1516,'gender',1),(1516,'identity',1),(1516,'age',1),(1516,'status',2),(1516,'protected',2),(1516,'veteran',1),(1516,'individual',1),(1516,'disability',1),(1516,'applicable',1),(1516,'legally',1),(1516,'characteristics',1),(1517,'newsletter',5),(1517,'love',1),(1517,'graphic',1),(1517,'design',1),(1517,'know',1),(1517,'don`t',1),(1517,'bother',1),(1517,'seeking',1),(1517,'new',1),(1517,'information',1),(1517,'let',1),(1517,'keep',1),(1517,'updated',1),(1517,'latest',1),(1517,'weekly',1),(1517,'trends',1),(1683,'stock',5),(1683,'colour',5),(1683,'regarding',2),(1683,'advice',1),(1683,'provides',1),(1683,'checks',1),(1683,'thoroughly',1),(1683,'ready',1),(1683,'press',3),(1683,'ensure',2),(1683,'convert',1),(1683,'manipulate',1),(1683,'size',2),(1683,'actual',2),(1683,'300dpi',2),(1683,'cmyk',1),(1683,'reproduction',3),(1683,'print',6),(1683,'quality',3),(1683,'printing',3),(1683,'digital',2),(1683,'offset',3),(1683,'refunds',1),(1683,'credit',1),(1683,'associated',2),(1683,'solely',1),(1683,'reprint',1),(1683,'printers',1),(1683,'parties',2),(1683,'artwork',3),(1683,'identifying',1),(1683,'reading',1),(1683,'corrected',1),(1683,'liability',1),(1683,'accepts',3),(1683,'assumes',1),(1683,'understood',1),(1683,'producing',1),(1683,'taken',1),(1683,'care',1),(1683,'whilst',1),(1683,'omissions',2),(1683,'errors',3),(1683,'completed',4),(1683,'issued',1),(1683,'proceed',1),(1683,'should',4),(1683,'accounted',2),(1683,'nominated',1),(1683,'updates',1),(1683,'first',1),(1683,'minor',2),(1683,'rounds',2),(1683,'unlimited',1),(1683,'allows',1),(1683,'amendments',3),(1683,'changes',3),(1683,'corrections',3),(1683,'receipt',4),(1683,'supplied',7),(1683,'revisions',5),(1683,'approve',1),(1683,'confirm',1),(1683,'knowledge',1),(1683,'ability',1),(1683,'best',3),(1683,'presentation',1),(1683,'test',1),(1683,'proof',5),(1683,'reasonable',1),(1683,'exercises',1),(1683,'full',1),(1683,'files',7),(1683,'high',7),(1683,'proofing',3),(1683,'screen',4),(1683,'format',1),(1683,'draft',1),(1683,'resolution',7),(1683,'low',1),(1683,'created',2),(1683,'cannot',3),(1683,'approvals',2),(1683,'verbal',2),(1683,'–',2),(1683,'art',3),(1683,'approval',4),(1683,'final',10),(1683,'times',1),(1683,'turnaround',1),(1683,'contractor',1),(1683,'delay',1),(1683,'injury',1),(1683,'illness',1),(1683,'control',1),(1683,'vismark®\'s',4),(1683,'beyond',1),(1683,'circumstances',1),(1683,'met',1),(1683,'held',1),(1683,'liable',1),(1683,'responsibility',1),(1683,'hours',1),(1683,'normal',1),(1683,'made',2),(1683,'possible',2),(1683,'effort',3),(1683,'every',2),(1683,'deadlines',5),(1683,'confidentiality',1),(1683,'obligation',1),(1683,'received',2),(1683,'properly',1),(1683,'receiving',1),(1683,'fault',1),(1683,'publicly',1),(1683,'becomes',1),(1683,'domain',1),(1683,'public',2),(1683,'include',2),(1683,'authority',1),(1683,'governmental',1),(1683,'required',7),(1683,'obligations',1),(1683,'necessary',1),(1683,'disclose',1),(1683,'confidence',1),(1683,'strict',1),(1683,'maintain',1),(1683,'hold',1),(1683,'employees',1),(1683,'certain',1),(1683,'receive',1),(1683,'dealings',1),(1683,'business',2),(1683,'acknowledge',1),(1683,'confidential',6),(1683,'works',1),(1683,'discuss',1),(1683,'soon',1),(1683,'touch',2),(1683,'get',2),(1683,'paying',1),(1683,'difficulty',1),(1683,'calendar',3),(1683,'pay',1),(1683,'failure',1),(1683,'result',3),(1683,'incurred',3),(1683,'court',2),(1683,'legal',1),(1683,'fees',8),(1683,'collection',1),(1683,'debt',1),(1683,'outstanding',1),(1683,'week',1),(1683,'equivalent',1),(1683,'fee',2),(1683,'late',1),(1683,'incur',1),(1683,'invoice',6),(1683,'unpaid',1),(1683,'spent',1),(1683,'based',1),(1683,'prorata',1),(1683,'plus',1),(1683,'forfeited',1),(1683,'50%',1),(1683,'initial',2),(1683,'expectations',1),(1683,'needs',1),(1683,'exceed',1),(1683,'meet',3),(1683,'provide',1),(1683,'endeavours',1),(1683,'the',2),(1683,'mind',2),(1683,'change',2),(1683,'case',1),(1683,'refundable',2),(1683,'non',2),(1683,'commenced',2),(1683,'allocated',1),(1683,'resources',1),(1683,'research',1),(1683,'release',2),(1683,'server',1),(1683,'completion',3),(1683,'upon',6),(1683,'due',3),(1683,'remaining',1),(1683,'commences',1),(1683,'total',2),(1683,'percent',2),(1683,'fifty',2),(1683,'minimum',4),(1683,'advance',1),(1683,'require',2),(1683,'&amp',4),(1683,'indicating',1),(1683,'acceptance',2),(1683,'signed',1),(1683,'customer\'s',1),(1683,'estimate',2),(1683,'set',1),(1683,'charges',3),(1683,'hour',2),(1683,'per',3),(1683,'€35',2),(1683,'€20',2),(1683,'rate',2),(1683,'hourly',2),(1683,'charged',2),(1683,'original',2),(1683,'outside',3),(1683,'additional',8),(1683,'euros',1),(1683,'priced',1),(1683,'quoted',1),(1683,'amendment',1),(1683,'subject',1),(1683,'within',6),(1683,'accepted',3),(1683,'issue',6),(1683,'date',6),(1683,'days',10),(1683,'valid',1),(1683,'charge',1),(1683,'quotations',2),(1683,'agrees',2),(1683,'contravene',1),(1683,'actions',1),(1683,'knowingly',1),(1683,'will',10),(1683,'bound',2),(1683,'suppliers',1),(1683,'agents',2),(1683,'contractors',1),(1683,'sub',3),(1683,'constitutes',1),(1683,'deposit',4),(1683,'payment',11),(1683,'brief',1),(1683,'submission',1),(1683,'commencement',2),(1683,'delete',1),(1683,'close',1),(1683,'reserves',3),(1683,'request',5),(1683,'deleted',1),(1683,'order',2),(1683,'place',1),(1683,'free',2),(1683,'create',1),(1683,'can',8),(1683,'billing',1),(1683,'personal',1),(1683,'details',1),(1683,'tasks',1),(1683,'pin',1),(1683,'invoices',3),(1683,'messages',1),(1683,'chat',1),(1683,'previews',1),(1683,'projects',4),(1683,'access',2),(1683,'manage',1),(1683,'person\'s',1),(1683,'another',1),(1683,'administrator',2),(1683,'authorized',1),(1683,'except',2),(1683,'share',1),(1683,'unauthorized',1),(1683,'aware',2),(1683,'becoming',1),(1683,'immediately',1),(1683,'support',1),(1683,'customer',2),(1683,'notify',4),(1683,'must',7),(1683,'account',11),(1683,'via',1),(1683,'occurs',1),(1683,'activity',1),(1683,'responsible',8),(1683,'security',1),(1683,'passwords',2),(1683,'accounts',1),(1683,'right',5),(1683,'party',9),(1683,'third',7),(1683,'violates',1),(1683,'way',1),(1683,'owners',1),(1683,'respective',1),(1683,'consent',1),(1683,'written',3),(1683,'prior',5),(1683,'express',2),(1683,'owned',1),(1683,'proprietary',1),(1683,'whatsoever',1),(1683,'purposes',2),(1683,'exploit',1),(1683,'sell',1),(1683,'license',1),(1683,'display',2),(1683,'upload',2),(1683,'perform',3),(1683,'distribute',1),(1683,'transmit',1),(1683,'broadcast',1),(1683,'publish',2),(1683,'translate',1),(1683,'modify',1),(1683,'reproduce',1),(1683,'copy',2),(1683,'accessed',1),(1683,'contained',1),(1683,'restrictions',1),(1683,'information',12),(1683,'rules',1),(1683,'trademark',1),(1683,'notices',1),(1683,'abide',1),(1683,'shall',5),(1683,'protected',1),(1683,'known',2),(1683,'images',7),(1683,'photographs',1),(1683,'articles',1),(1683,'graphics',1),(1683,'text',1),(1683,'limited',2),(1683,'performed',1),(1683,'displayed',1),(1683,'agreement',3),(1683,'accordance',1),(1683,'used',3),(1683,'contents',1),(1683,'content',5),(1683,'maintained',1),(1683,'entity',1),(1683,'single',1),(1683,'regarded',1),(1683,'web',1),(1683,'wide',1),(1683,'world',1),(1683,'pages',1),(1683,'group',1),(1683,'connected',1),(1683,'website',4),(1683,'specified',1),(1683,'media',2),(1683,'form',1),(1683,'delivered',1),(1683,'end',1),(1683,'materials',4),(1683,'deliverables',2),(1683,'defined',1),(1683,'otherwise',6),(1683,'described',2),(1683,'product',2),(1683,'usage',2),(1683,'identified',2),(1683,'client\'s',5),(1683,'purpose',1),(1683,'scope',2),(1683,'quotation',17),(1683,'related',1),(1683,'engages',1),(1683,'company',4),(1683,'person',1),(1683,'vismark®app',5),(1683,'vismark',2),(1683,'means',7),(1683,'definitions',1),(1683,'notice',2),(1683,'without',4),(1683,'alter',1),(1683,'need',1),(1683,'may',16),(1683,'time',5),(1683,'note',1),(1683,'also',4),(1683,'document',1),(1683,'understand',1),(1683,'contact',4),(1683,'please',4),(1683,'clients',5),(1683,'it`s',1),(1683,'choose',2),(1683,'rights',2),(1683,'reserved',1),(1683,'property',1),(1683,'remain',2),(1683,'contract',1),(1683,'fulfilling',1),(1683,'given',1),(1683,'deemed',1),(1683,'solution',2),(1683,'project',19),(1683,'chosen',3),(1683,'one',1),(1683,'presented',3),(1683,'designs',2),(1683,'choice',1),(1683,'settled',1),(1683,'costs',8),(1683,'writing',8),(1683,'released',5),(1683,'specifically',3),(1683,'unless',4),(1683,'illustrations',2),(1683,'concepts',3),(1683,'visual',1),(1683,'proofs',11),(1683,'ideas',1),(1683,'pictures',1),(1683,'words',1),(1683,'including',3),(1683,'design',10),(1683,'retained',1),(1683,'copyright',6),(1683,'agreed',3),(1683,'client',41),(1683,'understanding',1),(1683,'carried',1),(1683,'work',15),(1683,'romania',2),(1683,'laws',1),(1683,'governed',1),(1683,'dispute',1),(1683,'event',3),(1683,'referred',1),(1683,'hereinafter',1),(1683,'consulting',4),(1683,'vismark®',59),(1683,'provided',12),(1683,'services',13),(1683,'products',1),(1683,'apply',3),(1683,'conditions',7),(1683,'following',1),(1683,'service',4),(1683,'use',14),(1683,'terms',15),(1681,'general',1),(1681,'relevant',1),(1681,'statement',1),(1681,'lengthy',1),(1681,'seems',2),(1681,'writer',1),(1681,'testimonial',1),(1681,'message',2),(1681,'whole',2),(1681,'shortened',1),(1681,'errors',1),(1681,'typing',1),(1681,'grammatical',1),(1681,'correction',1),(1681,'except',1),(1681,'verbatim',1),(1681,'reproduced',1),(1681,'form',2),(1681,'displayed',2),(1681,'representative',1),(1681,'necessarily',1),(1681,'typical',1),(1681,'claim',1),(1681,'vary',1),(1681,'results',3),(1681,'life',1),(1681,'real',1),(1681,'reflecting',1),(1681,'experiences',3),(1681,'submission',1),(1681,'video',2),(1681,'audio',2),(1681,'text',2),(1681,'actually',1),(1681,'appear',2),(1681,'advertising',1),(1681,'endorsements',1),(1681,'concerning',1),(1681,'guidelines',1),(1681,'testimonials',9),(1681,'kept',1),(1681,'areas',2),(1681,'password',2),(1681,'username',2),(1681,'point',1),(1681,'full',1),(1681,'reserve',1),(1681,'parts',1),(1681,'need',1),(1681,'future',1),(1681,'access',3),(1681,'restricted',2),(1681,'related',1),(1681,'marketing',1),(1681,'commercial',1),(1681,'unsolicited',1),(1681,'within',1),(1681,'dialogue',1),(1681,'flow',1),(1681,'normal',1),(1681,'disrupting',1),(1681,'offensive',1),(1681,'obscene',1),(1681,'transmitting',1),(1681,'inconvenience',1),(1681,'distress',1),(1681,'causing',1),(1681,'harassing',1),(1681,'includes',1),(1681,'behavior',1),(1681,'enjoyment',1),(1681,'else\'s',1),(1681,'inhibit',1),(1681,'restrict',2),(1681,'infringe',1),(1681,'way',2),(1681,'lawful',1),(1681,'acceptable',1),(1681,'another',2),(1681,'onto',1),(1681,'including',2),(1681,'redistribute',1),(1681,'purpose',2),(1681,'exploit',1),(1681,'copy',1),(1681,'derivative',1),(1681,'create',1),(1681,'duplicate',1),(1681,'reproduce',1),(1681,'prior',1),(1681,'material',3),(1681,'republish',1),(1681,'must',4),(1681,'written',3),(1681,'express',2),(1681,'forbidden',1),(1681,'licensors',1),(1681,'sole',1),(1681,'remain',1),(1681,'software',1),(1681,'patents',1),(1681,'trademarks',2),(1681,'copyrights',1),(1681,'property',4),(1681,'intellectual',3),(1681,'mark',1),(1681,'trade',1),(1681,'copyright',1),(1681,'protected',1),(1681,'contained',1),(1681,'prohibited',2),(1681,'local',1),(1681,'regulations',1),(1681,'conditions',1),(1681,'bound',1),(1681,'agreeing',1),(1681,'accessing',3),(1681,'therein',1),(1681,'presented',1),(1681,'products',4),(1681,'sponsors',1),(1681,'employees',1),(1681,'endorsement',1),(1681,'constitute',1),(1681,'controlled',1),(1681,'owned',1),(1681,'sites',6),(1681,'linked',2),(1681,'found',1),(1681,'accuracy',1),(1681,'websites',1),(1681,'many',1),(1681,'www',2),(1681,'http',2),(1681,'links',3),(1681,'external',2),(1681,'securely',1),(1681,'treated',1),(1681,'ensure',2),(1681,'necessary',1),(1681,'reasonably',1),(1681,'steps',1),(1681,'processing',1),(1681,'storing',1),(1681,'agree',4),(1681,'submitting',1),(1681,'destination',1),(1681,'processed',2),(1681,'stored',2),(1681,'client',2),(1681,'store',1),(1681,'processes',1),(1681,'advised',1),(1681,'romania',9),(1681,'protective',1),(1681,'less',1),(1681,'laws',3),(1681,'location',1),(1681,'country',1),(1681,'outside',3),(1681,'transfer',4),(1681,'actions',1),(1681,'responsible',5),(1681,'transmitted',1),(1681,'guarantee',2),(1681,'cannot',2),(1681,'impenetrable',1),(1681,'perfect',1),(1681,'aware',2),(1681,'notwithstanding',1),(1681,'alteration',1),(1681,'misuse',1),(1681,'loss',1),(1681,'protect',3),(1681,'measures',3),(1681,'reasonable',1),(1681,'commercially',1),(1681,'protecting',1),(1681,'issue',1),(1681,'serious',1),(1681,'security',5),(1681,'storage',1),(1681,'link',2),(1681,'clicking',1),(1681,'materials',2),(1681,'promotional',1),(1681,'newsletter',1),(1681,'wish',1),(1681,'longer',1),(1681,'anytime',1),(1681,'bottom',1),(1681,'located',5),(1681,'instructions',1),(1681,'unsubscribe',2),(1681,'reading',1),(1681,'partners',2),(1681,'receiving',2),(1681,'opportunity',1),(1681,'users',2),(1681,'provides',2),(1681,'opt',3),(1681,'choice',1),(1681,'communication',1),(1681,'receive',5),(1681,'list',1),(1681,'mailing',1),(1681,'remove',1),(1681,'concise',1),(1681,'contain',3),(1681,'addition',1),(1681,'sender',1),(1681,'clear',1),(1681,'state',2),(1681,'clearly',1),(1681,'organization',1),(1681,'act',1),(1681,'compliance',3),(1681,'spam',2),(1681,'applicable',4),(1681,'accordance',3),(1681,'via',3),(1681,'send',3),(1681,'maintain',2),(1681,'timely',1),(1681,'solely',1),(1681,'strictly',1),(1681,'agency',1),(1681,'government',1),(1681,'individual',3),(1681,'party',4),(1681,'lists',1),(1681,'subscription',1),(1681,'lease',1),(1681,'rent',2),(1681,'sell',2),(1681,'confidential',2),(1681,'keeping',1),(1681,'committed',2),(1681,'see',1),(1681,'purchase',1),(1681,'make',3),(1681,'forms',1),(1681,'sign',1),(1681,'applies',2),(1681,'also',3),(1681,'telephone',1),(1681,'app',4),(1681,'mail',10),(1681,'online',1),(1681,'received',3),(1681,'maintenance',1),(1681,'communications',4),(1681,'electronic',1),(1681,'protections',1),(1681,'responses',1),(1681,'together',1),(1681,'messages',2),(1681,'retain',2),(1681,'correspond',1),(1681,'email',10),(1681,'sent',2),(1681,'can',4),(1681,'request',1),(1681,'pages',1),(1681,'traffic',1),(1681,'known',1),(1681,'data',3),(1681,'profile',1),(1681,'demographic',1),(1681,'part',1),(1681,'server',1),(1681,'web',4),(1681,'collected',1),(1681,'automatically',1),(1681,'identify',1),(1681,'network',1),(1681,'computers',2),(1681,'number',1),(1681,'address',5),(1681,'internet',1),(1681,'connected',1),(1681,'every',2),(1681,'computer',2),(1681,'addresses',3),(1681,'one',2),(1681,'register',2),(1681,'persons',1),(1681,'allow',1),(1681,'age',2),(1681,'anyone',3),(1681,'solicit',1),(1681,'knowingly',2),(1681,'manage',1),(1681,'employ',2),(1681,'individuals',1),(1681,'control',2),(1681,'companies',1),(1681,'apply',2),(1681,'rights',5),(1681,'legal',2),(1681,'protection',1),(1681,'requires',1),(1681,'law',4),(1681,'believe',2),(1681,'faith',1),(1681,'good',1),(1681,'words',2),(1681,'compelled',2),(1681,'legally',1),(1681,'disclose',1),(1681,'may',18),(1681,'collection',1),(1681,'time',3),(1681,'approval',1),(1681,'parties',4),(1681,'third',8),(1681,'unaffiliated',1),(1681,'transferred',3),(1681,'otherwise',2),(1681,'sold',1),(1681,'choose',3),(1681,'unless',2),(1681,'site',10),(1681,'visit',1),(1681,'identifying',1),(1681,'personally',1),(1681,'obtain',1),(1681,'clienti',1),(1681,'prospective',1),(1681,'items',1),(1681,'available',1),(1681,'making',1),(1681,'customer',1),(1681,'providing',2),(1681,'activities',1),(1681,'business',3),(1681,'administering',1),(1681,'purposes',3),(1681,'speaking',1),(1681,'broadly',1),(1681,'informations',1),(1681,'content',8),(1681,'user',3),(1681,'company',2),(1681,'account',4),(1681,'financial',2),(1681,'contact',3),(1681,'service',12),(1681,'types',2),(1681,'given',1),(1681,'meaning',1),(1681,'shall',2),(1681,'definition',1),(1681,'without',5),(1681,'herein',1),(1681,'terms',6),(1681,'capitalized',1),(1681,'ways',1),(1681,'share',2),(1681,'use',19),(1681,'collect',5),(1681,'will',15),(1681,'consent',6),(1681,'hereby',1),(1681,'outlined',1),(1681,'policies',5),(1681,'practices',3),(1681,'accept',1),(1681,'acknowledge',1),(1681,'manner',1),(1681,'services',9),(1681,'using',4),(1681,'visiting',1),(1681,'learn',1),(1681,'following',4),(1681,'read',2),(1681,'please',4),(1681,'org',3),(1681,'vismark',6),(1681,'website',17),(1681,'provide',11),(1681,'uses',1),(1681,'collects',2),(1681,'describes',1),(1681,'seriously',1),(1681,'take',2),(1681,'shared',1),(1681,'used',6),(1681,'information',50),(1681,'personal',16),(1681,'care',1),(1681,'your',1),(1681,'you',1),(1681,'clients',3),(1681,'know',1),(1681,'our',1),(1681,'consulting',2),(1681,'vismark®',30),(1681,'overview',1),(1681,'trust',1),(1681,'value',1),(1681,'policy',18),(1681,'privacy',21),(1680,'floor',1),(1680,'street',1),(1680,'voda',1),(1680,'radu',1),(1680,'office',1),(1680,'101',1),(1680,'031',1),(1680,'line',1),(1680,'main',2),(1680,'else',1),(1680,'anything',1),(1680,'careers@vismark',1),(1680,'send',1),(1680,'section',1),(1680,'career',1),(1680,'visit',1),(1680,'touch',1),(1680,'get',1),(1680,'ruckus',1),(1680,'make',1),(1680,'heart',1),(1680,'hustle',1),(1680,'talent',1),(1680,'744',1),(1680,'call',2),(1680,'give',1),(1680,'office@vismark',1),(1680,'reach',1),(1680,'inquiries',1),(1680,'partnership',1),(1680,'hello@vismark',1),(1680,'email',2),(1680,'form',1),(1680,'complete',1),(1680,'please',2),(1680,'discuss',1),(1680,'like',1),(1680,'you’d',1),(1680,'project',1),(1680,'contact',5),(1521,'faq',4),(1685,'companiilor',3),(1685,'vizuala',3),(1685,'identitatea',3),(1685,'imbunatatim',3),(1685,'construim',3),(1685,'brand',3),(1685,'publicitar',3),(1685,'grafic',3),(1685,'design',9),(1685,'agentie',3),(1687,'recente',1),(1687,'mai',1),(1687,'cele',1),(1687,'vizualizeaza',1),(1687,'portofoliu',2),(1687,'branding',3),(1687,'vizuala',3),(1687,'identitate',3),(1687,'grafic',3),(1687,'design',3),(1687,'lucrari',3),(1687,'nostru',3),(1687,'portofoliul',3),(1689,'simultan',1),(1689,'puna',1),(1689,'isi',1),(1689,'poate',1),(1689,'una',1),(1689,'tip',1),(1689,'nou',1),(1689,'dezvoltam',1),(1689,'propunem',1),(1689,'contacteaza',1),(1689,'deosebeste',1),(1689,'ceea',1),(1689,'lor',1),(1689,'muncii',1),(1689,'calitatea',1),(1689,'iar',1),(1689,'design',2),(1689,'experti',1),(1689,'mare',1),(1689,'numar',1),(1689,'dintr',1),(1689,'compusa',1),(1689,'noastra',1),(1689,'limitate',1),(1689,'uri',1),(1689,'feedback',1),(1689,'contorizare',1),(1689,'ore',1),(1689,'uita',1),(1689,'lucru',1),(1689,'nostru',1),(1689,'sistemului',1),(1689,'datorita',1),(1689,'tai',1),(1689,'partenerii',1),(1689,'clientii',1),(1689,'tine',1),(1689,'corect',2),(1689,'pretul',1),(1689,'dorit',1),(1689,'timpul',1),(1689,'tale',1),(1689,'materialele',1),(1689,'lucra',1),(1689,'vor',1),(1689,'desineri',2),(1689,'dedicata',2),(1689,'echipa',3),(1689,'dispozitie',2),(1689,'punem',2),(1689,'grafice',2),(1689,'materiale',2),(1689,'privire',1),(1689,'nevoie',1),(1689,'orice',1),(1689,'satisface',1),(1689,'putem',1),(1689,'iti',3),(1689,'publicitate',2),(1689,'agentie',2),(1689,'sau',1),(1689,'companie',1),(1689,'reprezinti',1),(1689,'fie',1),(1689,'cap',1),(1689,'dureri',1),(1689,'bani',1),(1689,'timp',2),(1689,'salvezi',1),(1689,'astfel',2),(1689,'simplificata',1),(1689,'noua',1),(1689,'metoda',1),(1689,'printr',1),(1689,'grafic',1),(1689,'designul',1),(1689,'externaliza',1),(1689,'poti',3),(1689,'prin',1),(1689,'online',1),(1689,'platforma',1),(1689,'este',2),(1689,'vismark®',1),(1689,'dezvolta',1),(1689,'care',4),(1689,'afacerile',1),(1689,'pentru',3),(1689,'ideala',1),(1689,'solutia',1),(1689,'noi',2),(1689,'despre',5),(1691,'imbunatateasca',1),(1691,'ajutat',1),(1691,'care',1),(1691,'cei',1),(1691,'uri',1),(1691,'feedback',1),(1691,'cateva',1),(1691,'iata',1),(1691,'lucru',1),(1691,'nostru',1),(1691,'modul',1),(1691,'confirme',1),(1691,'altii',1),(1691,'lasam',1),(1691,'preferam',1),(1691,'dar',1),(1526,'externalizare',2),(1526,'outsourcing',3),(1526,'placea',1),(1526,'propriul',1),(1526,'departament',1),(1526,'design',4),(1526,'grafic',1),(1526,'suntem',1),(1526,'aici',2),(1526,'ajutam',1),(1526,'indiferent',1),(1526,'daca',2),(1526,'esti',1),(1526,'companie',1),(1526,'sau',3),(1526,'agentie',1),(1526,'publicitate',1),(1526,'acum',1),(1526,'iti',1),(1526,'poti',3),(1526,'realiza',1),(1526,'materiale',2),(1526,'grafice',2),(1526,'oricand',1),(1526,'chiar',1),(1526,'volum',1),(1526,'mare',1),(1526,'solicitari',1),(1526,'pret',1),(1526,'corect',1),(1526,'intreaga',2),(1526,'echipa',2),(1526,'graficieni',1),(1526,'pentru',1),(1526,'tine',1),(1526,'proiectele',1),(1526,'tale',4),(1526,'vor',1),(1526,'lucra',2),(1526,'unul',1),(1526,'doi',1),(1526,'designeri',1),(1526,'astfel',1),(1526,'fii',1),(1526,'sigur',1),(1526,'materialele',2),(1526,'sunt',2),(1526,'gata',1),(1526,'timp',1),(1526,'cea',1),(1526,'mai',4),(1526,'inalta',1),(1526,'calitate',2),(1526,'contacteaza',3),(1526,'rapid',1),(1526,'usorintr',1),(1526,'singur',1),(1526,'loc',1),(1526,'parte',2),(1526,'experienta',1),(1526,'usoara',1),(1526,'oferita',1),(1526,'aplicatia',2),(1526,'vismark®app',1),(1526,'fie',2),(1526,'vorbim',1),(1526,'logo',1),(1526,'website',1),(1526,'carti',1),(1526,'vizita',1),(1526,'alt',1),(1526,'tip',1),(1526,'material',2),(1526,'vei',1),(1526,'gasi',2),(1526,'toate',1),(1526,'citeste',1),(1526,'mult',1),(1526,'numar',1),(1526,'nelimitat',1),(1526,'feedback',4),(1526,'uri',1),(1526,'direct',2),(1526,'important',1),(1526,'doar',1),(1526,'potriveasca',1),(1526,'vom',3),(1526,'ele',1),(1526,'pana',1),(1526,'potrivirea',1),(1526,'perfecta',1),(1526,'contextual',1),(1526,'folosind',1),(1526,'live',1),(1526,'comentand',1),(1526,'materialul',1),(1526,'lucru',2),(1526,'arhiva',2),(1526,'conversatii',1),(1526,'control',1),(1526,'total',1),(1526,'asupra',1),(1526,'urilor',1),(1526,'acestea',1),(1526,'pastrate',1),(1526,'din',2),(1526,'contul',1),(1526,'tau',2),(1526,'personal',1),(1526,'hai',2),(1526,'lucram',1),(1526,'impreuna',1),(1526,'fara',2),(1526,'ore',1),(1526,'contorizate',2),(1526,'odata',1),(1526,'faci',1),(1526,'comunitate',1),(1526,'iei',1),(1526,'adio',1),(1526,'orele',1),(1526,'bucura',1),(1526,'costuri',1),(1526,'suplimentare',1),(1526,'unitar',1),(1526,'care',1),(1526,'urmareste',1),(1526,'linia',1),(1526,'brandului',2),(1526,'stim',1),(1526,'cat',1),(1526,'importanta',1),(1526,'este',1),(1526,'imaginea',1),(1526,'fata',1),(1526,'clientilor',1),(1526,'aceea',1),(1526,'avea',1),(1526,'grija',1),(1526,'fiecare',1),(1526,'corespunda',1),(1526,'personalitatii',1),(1526,'scrie',1),(1526,'cunoastem',1),(1527,'cariere',4),(1527,'crestem',1),(1527,'repede',1),(1527,'face',1),(1527,'placere',1),(1527,'alaturi',1),(1527,'vismark®',1),(1527,'este',1),(1527,'binevenit',1),(1527,'oricine',1),(1527,'dam',1),(1527,'silinta',1),(1527,'oamenii',1),(1527,'simta',1),(1527,'sprijiniti',1),(1527,'conectati',1),(1527,'munca',1),(1527,'fiind',1),(1527,'angajator',1),(1527,'care',1),(1527,'ofera',1),(1527,'drepturi',1),(1527,'egale',1),(1527,'tuturor',1),(1527,'suntem',1),(1527,'deschisi',1),(1527,'angaja',1),(1527,'noi',1),(1527,'talente',1),(1527,'indiferent',1),(1527,'rasa',1),(1527,'religie',1),(1527,'culoare',1),(1527,'nationalitate',1),(1527,'sex',1),(1527,'orientare',1),(1527,'sexuala',1),(1527,'varsta',1),(1527,'statut',1),(1527,'sau',1),(1527,'orice',1),(1527,'alte',1),(1527,'caracteristici',1),(1527,'aplicativitati',1),(1527,'legale',1),(1528,'newsletter',5),(1528,'suntem',1),(1528,'indragostiti',1),(1528,'design',1),(1528,'grafic',1),(1528,'stim',1),(1528,'tie',1),(1528,'iti',1),(1528,'place',1),(1528,'chinui',1),(1528,'cauti',1),(1528,'noutati',1),(1528,'din',1),(1528,'domeniu',1),(1528,'lasa',1),(1528,'noi',1),(1528,'tinem',1),(1528,'saptamanal',1),(1528,'curent',1),(1528,'ultimele',1),(1528,'trenduri',1),(1682,'public',3),(1682,'general',1),(1682,'relevant',1),(1682,'statement',1),(1682,'lengthy',1),(1682,'seems',2),(1682,'writer',1),(1682,'testimonial',1),(1682,'message',2),(1682,'whole',2),(1682,'shortened',1),(1682,'errors',1),(1682,'typing',1),(1682,'grammatical',1),(1682,'correction',1),(1682,'except',1),(1682,'verbatim',1),(1682,'reproduced',1),(1682,'form',2),(1682,'displayed',2),(1682,'representative',1),(1682,'necessarily',1),(1682,'typical',1),(1682,'claim',1),(1682,'vary',1),(1682,'results',3),(1682,'life',1),(1682,'real',1),(1682,'reflecting',1),(1682,'experiences',3),(1682,'submission',1),(1682,'video',2),(1682,'audio',2),(1682,'text',2),(1682,'actually',1),(1682,'appear',2),(1682,'advertising',1),(1682,'endorsements',1),(1682,'concerning',1),(1682,'guidelines',1),(1682,'testimonials',9),(1682,'kept',1),(1682,'areas',2),(1682,'password',2),(1682,'username',2),(1682,'point',1),(1682,'full',1),(1682,'reserve',1),(1682,'parts',1),(1682,'need',1),(1682,'future',1),(1682,'access',3),(1682,'restricted',2),(1682,'related',1),(1682,'marketing',1),(1682,'commercial',1),(1682,'unsolicited',1),(1682,'within',1),(1682,'dialogue',1),(1682,'flow',1),(1682,'normal',1),(1682,'disrupting',1),(1682,'offensive',1),(1682,'obscene',1),(1682,'transmitting',1),(1682,'inconvenience',1),(1682,'distress',1),(1682,'causing',1),(1682,'harassing',1),(1682,'includes',1),(1682,'behavior',1),(1682,'enjoyment',1),(1682,'else\'s',1),(1682,'inhibit',1),(1682,'restrict',2),(1682,'infringe',1),(1682,'way',2),(1682,'lawful',1),(1682,'acceptable',1),(1682,'another',2),(1682,'onto',1),(1682,'including',2),(1682,'redistribute',1),(1682,'purpose',2),(1682,'exploit',1),(1682,'copy',1),(1682,'derivative',1),(1682,'create',1),(1682,'duplicate',1),(1682,'reproduce',1),(1682,'prior',1),(1682,'material',3),(1682,'republish',1),(1682,'must',4),(1682,'written',3),(1682,'express',2),(1682,'forbidden',1),(1682,'licensors',1),(1682,'sole',1),(1682,'remain',1),(1682,'software',1),(1682,'patents',1),(1682,'trademarks',2),(1682,'copyrights',1),(1682,'property',4),(1682,'intellectual',3),(1682,'mark',1),(1682,'trade',1),(1682,'copyright',1),(1682,'protected',1),(1682,'contained',1),(1682,'prohibited',2),(1682,'local',1),(1682,'regulations',1),(1682,'conditions',1),(1682,'bound',1),(1682,'agreeing',1),(1682,'accessing',3),(1682,'therein',1),(1682,'presented',1),(1682,'products',4),(1682,'sponsors',1),(1682,'employees',1),(1682,'endorsement',1),(1682,'constitute',1),(1682,'controlled',1),(1682,'owned',1),(1682,'sites',6),(1682,'linked',2),(1682,'found',1),(1682,'accuracy',1),(1682,'websites',1),(1682,'many',1),(1682,'www',2),(1682,'http',2),(1682,'links',3),(1682,'external',2),(1682,'securely',1),(1682,'treated',1),(1682,'ensure',2),(1682,'necessary',1),(1682,'reasonably',1),(1682,'steps',1),(1682,'processing',1),(1682,'storing',1),(1682,'agree',4),(1682,'submitting',1),(1682,'destination',1),(1682,'processed',2),(1682,'stored',2),(1682,'client',2),(1682,'store',1),(1682,'processes',1),(1682,'advised',1),(1682,'romania',9),(1682,'protective',1),(1682,'less',1),(1682,'laws',3),(1682,'location',1),(1682,'country',1),(1682,'outside',3),(1682,'transfer',4),(1682,'actions',1),(1682,'responsible',5),(1682,'transmitted',1),(1682,'guarantee',2),(1682,'cannot',2),(1682,'impenetrable',1),(1682,'perfect',1),(1682,'aware',2),(1682,'notwithstanding',1),(1682,'alteration',1),(1682,'misuse',1),(1682,'loss',1),(1682,'protect',3),(1682,'measures',3),(1682,'reasonable',1),(1682,'commercially',1),(1682,'protecting',1),(1682,'issue',1),(1682,'serious',1),(1682,'security',5),(1682,'storage',1),(1682,'link',2),(1682,'clicking',1),(1682,'materials',2),(1682,'promotional',1),(1682,'newsletter',1),(1682,'wish',1),(1682,'longer',1),(1682,'anytime',1),(1682,'bottom',1),(1682,'located',5),(1682,'instructions',1),(1682,'unsubscribe',2),(1682,'reading',1),(1682,'partners',2),(1682,'receiving',2),(1682,'opportunity',1),(1682,'users',2),(1682,'provides',2),(1682,'opt',3),(1682,'choice',1),(1682,'communication',1),(1682,'receive',5),(1682,'list',1),(1682,'mailing',1),(1682,'remove',1),(1682,'concise',1),(1682,'contain',3),(1682,'addition',1),(1682,'sender',1),(1682,'clear',1),(1682,'state',2),(1682,'clearly',1),(1682,'organization',1),(1682,'act',1),(1682,'compliance',3),(1682,'spam',2),(1682,'applicable',4),(1682,'accordance',3),(1682,'via',3),(1682,'send',3),(1682,'maintain',2),(1682,'timely',1),(1682,'solely',1),(1682,'strictly',1),(1682,'agency',1),(1682,'government',1),(1682,'individual',3),(1682,'party',4),(1682,'lists',1),(1682,'subscription',1),(1682,'lease',1),(1682,'rent',2),(1682,'sell',2),(1682,'confidential',2),(1682,'keeping',1),(1682,'committed',2),(1682,'see',1),(1682,'purchase',1),(1682,'make',3),(1682,'forms',1),(1682,'sign',1),(1682,'applies',2),(1682,'also',3),(1682,'telephone',1),(1682,'app',4),(1682,'mail',10),(1682,'online',1),(1682,'received',3),(1682,'maintenance',1),(1682,'communications',4),(1682,'electronic',1),(1682,'protections',1),(1682,'responses',1),(1682,'together',1),(1682,'messages',2),(1682,'retain',2),(1682,'correspond',1),(1682,'email',10),(1682,'sent',2),(1682,'can',4),(1682,'request',1),(1682,'pages',1),(1682,'traffic',1),(1682,'known',1),(1682,'data',3),(1682,'profile',1),(1682,'demographic',1),(1682,'part',1),(1682,'server',1),(1682,'web',4),(1682,'collected',1),(1682,'automatically',1),(1682,'identify',1),(1682,'network',1),(1682,'computers',2),(1682,'number',1),(1682,'address',5),(1682,'internet',1),(1682,'connected',1),(1682,'every',2),(1682,'computer',2),(1682,'addresses',3),(1682,'one',2),(1682,'register',2),(1682,'persons',1),(1682,'allow',1),(1682,'age',2),(1682,'anyone',3),(1682,'solicit',1),(1682,'knowingly',2),(1682,'manage',1),(1682,'employ',2),(1682,'individuals',1),(1682,'control',2),(1682,'companies',1),(1682,'apply',2),(1682,'rights',5),(1682,'legal',2),(1682,'protection',1),(1682,'requires',1),(1682,'law',4),(1682,'believe',2),(1682,'faith',1),(1682,'good',1),(1682,'words',2),(1682,'compelled',2),(1682,'legally',1),(1682,'disclose',1),(1682,'may',18),(1682,'collection',1),(1682,'time',3),(1682,'approval',1),(1682,'parties',4),(1682,'third',8),(1682,'unaffiliated',1),(1682,'transferred',3),(1682,'otherwise',2),(1682,'sold',1),(1682,'choose',3),(1682,'unless',2),(1682,'site',10),(1682,'visit',1),(1682,'identifying',1),(1682,'personally',1),(1682,'obtain',1),(1682,'clienti',1),(1682,'prospective',1),(1682,'items',1),(1682,'available',1),(1682,'making',1),(1682,'customer',1),(1682,'providing',2),(1682,'activities',1),(1682,'business',3),(1682,'administering',1),(1682,'purposes',3),(1682,'speaking',1),(1682,'broadly',1),(1682,'informations',1),(1682,'content',8),(1682,'user',3),(1682,'company',2),(1682,'account',4),(1682,'financial',2),(1682,'contact',3),(1682,'service',12),(1682,'types',2),(1682,'given',1),(1682,'meaning',1),(1682,'shall',2),(1682,'definition',1),(1682,'without',5),(1682,'herein',1),(1682,'terms',6),(1682,'capitalized',1),(1682,'ways',1),(1682,'share',2),(1682,'use',19),(1682,'collect',5),(1682,'will',15),(1682,'consent',6),(1682,'hereby',1),(1682,'outlined',1),(1682,'policies',5),(1682,'practices',3),(1682,'accept',1),(1682,'acknowledge',1),(1682,'manner',1),(1682,'services',9),(1682,'using',4),(1682,'visiting',1),(1682,'learn',1),(1682,'following',4),(1682,'read',2),(1682,'please',4),(1682,'org',3),(1682,'vismark',6),(1682,'website',17),(1682,'provide',11),(1682,'uses',1),(1682,'collects',2),(1682,'describes',1),(1682,'policy',14),(1682,'seriously',1),(1682,'take',2),(1682,'shared',1),(1682,'used',6),(1682,'information',50),(1682,'personal',16),(1682,'care',1),(1682,'your',1),(1682,'you',1),(1682,'clients',3),(1682,'know',1),(1682,'our',1),(1682,'consulting',2),(1682,'vismark®',30),(1682,'overview',1),(1682,'trust',1),(1682,'privacy',17),(1682,'value',1),(1682,'confidentialitate',4),(1682,'politica',4),(1679,'noi',1),(1679,'proiecte',1),(1679,'intrebari',1),(1679,'careers@vismark',1),(1679,'scrie',1),(1679,'cariere',1),(1679,'sectiunea',1),(1679,'viziteaza',1),(1679,'anunti',1),(1679,'determinare',1),(1679,'inspiratie',1),(1679,'talent',1),(1679,'daca',1),(1679,'744',1),(1679,'07411',1),(1679,'suna',2),(1679,'office@vismark',1),(1679,'emai',1),(1679,'contacta',1),(1679,'poti',3),(1679,'parteneriate',1),(1679,'pentru',2),(1679,'hello@vismark',1),(1679,'email',1),(1679,'trimiti',1),(1679,'sau',4),(1679,'jos',1),(1679,'mai',1),(1679,'formularul',1),(1679,'completezi',1),(1679,'rugam',2),(1679,'discutam',1),(1679,'vrei',1),(1679,'care',1),(1679,'despre',1),(1679,'proiect',1),(1679,'contact',5),(1531,'intrebari',4),(1531,'frecvente',4),(1532,'web',2),(1532,'developer',2),(1533,'product',2),(1533,'designer',2),(1534,'copywriter',2),(1535,'product',2),(1535,'marketing',2),(1535,'lead',2),(1536,'product',2),(1536,'marketing',2),(1536,'manager',2),(1537,'brand',2),(1537,'illustrator',2),(1538,'deal',2),(1538,'desk',2),(1538,'strategy',2),(1538,'analyst',2),(1539,'distribution',2),(1539,'manager',2),(1540,'software',2),(1540,'engineer',2),(1540,'engineering',1),(1541,'business',2),(1541,'dev',2),(1541,'representative',2),(1542,'vismark®',3),(1542,'vismark',1),(1542,'romanian',1),(1542,'based',1),(1542,'design',2),(1542,'visual',3),(1542,'communications',1),(1542,'agency',1),(1542,'offers',1),(1542,'graphic',3),(1542,'services',2),(1542,'companies',2),(1542,'looking',1),(1542,'create',1),(1542,'improve',1),(1542,'identity',1),(1542,'materials',1),(1542,'promoting',1),(1542,'company',1),(1542,'products',1),(1542,'especially',1),(1542,'regular',1),(1542,'basics',1),(1542,' vismark®',1),(1542,'also',1),(1542,'outsourced',1),(1542,'department',1),(1542,'need',1),(1542,'designs',1),(1542,'advertising',1),(1542,'agencies',1),(1542,'multiple',1),(1542,'projects',1),(1543,'company',2),(1543,'needs',2),(1543,'huge',2),(1543,'amount',2),(1543,'design',7),(1543,'services',2),(1543,'every',2),(1543,'month',2),(1543,'can',2),(1543,'keep',2),(1543,'help',2),(1543,'creating',2),(1543,'materials',2),(1543,'definitely',1),(1543,'team',1),(1543,'consists',1),(1543,'account',1),(1543,'managers',1),(1543,'art',2),(1543,'directors',1),(1543,'designers',1),(1543,'different',1),(1543,'expertise',1),(1543,'like',1),(1543,'brand',1),(1543,'commercial',1),(1543,'illustrate',1),(1543,'user',2),(1543,'interface',1),(1543,'experience',1),(1543,'graphic',1),(1543,'motion',1),(1543,'we`re',1),(1543,'ready',1),(1543,'let`s',1),(1543,'work',1),(1543,'together',1),(1543,'contact',1),(1544,'don’t',1),(1544,'know',2),(1544,'start',2),(1544,'can',3),(1544,'help',2),(1544,'don',1),(1544,'call',1),(1544,'021',1),(1544,'367',1),(1544,'send',1),(1544,'email',1),(1544,'hello@vismark',1),(1544,'see',1),(1544,'fit',1),(1544,'we’ll',1),(1544,'listen',1),(1544,'needs',1),(1544,'tell',1),(1544,'options',1),(1544,'put',1),(1544,'things',1),(1544,'perspective',1),(1544,'offer',1),(1544,'solutions',1),(1544,'may',1),(1544,'even',1),(1544,'considered',1),(1544,'problem',1),(1544,'solvers',1),(1544,'brand',1),(1544,'creators',1),(1544,'let',1),(1544,'create',1),(1544,'consistency',1),(1544,'that’s',1),(1544,'currently',1),(1544,'missing',1),(1544,'visual',1),(1544,'communication',1),(1545,'should',2),(1545,'choose',2),(1545,'vismark®',1),(1545,'firm',2),(1545,'design',4),(1545,'work',2),(1545,'vismark',1),(1545,'entire',1),(1545,'team',1),(1545,'working',1),(1545,'projects',1),(1545,'integrated',1),(1545,'platform',1),(1545,'easy',1),(1545,'way',1),(1545,'outsource',1),(1545,'graphic',1),(1545,'materials',1),(1545,'unlimited',1),(1545,'number',1),(1545,'feedbacks',1),(1545,'counted',1),(1545,'hours',1),(1546,'adult',3),(1546,'related',2),(1546,'business',2),(1546,'will',2),(1546,'work',3),(1546,'apologies',1),(1546,'companies',1),(1546,'dealing',1),(1546,'harmful',1),(1546,'unlawful',1),(1546,'questionable',1),(1546,'material',1),(1547,'can',3),(1547,'talk',2),(1547,'first',2),(1547,'commit',2),(1547,'absolutely',1),(1547,'quick',1),(1547,'question',1),(1547,'please',1),(1547,'give',1),(1547,'call',1),(1547,'021',1),(1547,'367',1),(1547,'send',1),(1547,'email',1),(1547,'hello@vismark',1),(1547,'you\'d',1),(1547,'like',1),(1547,'longer',1),(1547,'chat',1),(1547,'schedule',1),(1547,'meeting',1),(1547,'office',1),(1547,'bucharest',1),(1547,'romania',1),(1547,'via',1),(1547,'skype',1),(1548,'company',2),(1548,'work',3),(1548,'clients',4),(1548,'world',3),(1548,'although',1),(1548,'located',1),(1548,'bucharest',1),(1548,'romania',1),(1548,'worked',1),(1548,'individuals',1),(1548,'advertising',1),(1548,'agencies',1),(1548,'companies',1),(1548,'long',1),(1548,'term',1),(1548,'haven`t',1),(1548,'even',1),(1548,'met',1),(1548,'person',1),(1548,'many',1),(1548,'meetings',1),(1548,'took',1),(1548,'place',1),(1548,'phone',1),(1548,'skype',1),(1548,'europe',1),(1548,'also',1),(1548,'asia',1),(1548,'northern',1),(1548,'america',1),(1548,'want',1),(1548,'together',1),(1548,'contact',1),(1549,'located',2),(1549,'can',1),(1549,'connect',1),(1549,'email',1),(1549,'phone',1),(1549,'skype',1),(1549,'person',1),(1549,'live',1),(1549,'locally',1),(1549,'mircea',1),(1549,'voda',1),(1549,'boulevard',1),(1549,'building',1),(1549,'m17',1),(1549,'floor',1),(1549,'sector',1),(1549,'bucharest',1),(1549,'romania',1),(1550,'type',2),(1550,'businesses',4),(1550,'agency',2),(1550,'worked',3),(1550,'vismark®',1),(1550,'experience',1),(1550,'working',1),(1550,'lots',1),(1550,'different',1),(1550,'types',1),(1550,'sizes',1),(1550,'organizations',1),(1550,'company',1),(1550,'include',1),(1550,'law',1),(1550,'firms',1),(1550,'medical',1),(1550,'aerial',1),(1550,'tourism',1),(1550,'retail',1),(1550,'nonprofits',1),(1550,'restaurants',1),(1550,'mechanical',1),(1550,'industrial',1),(1550,'much',1),(1550,' see',1),(1550,'portfolio',1),(1550,'industry',1),(1551,'can',2),(1551,'see',3),(1551,'samples',2),(1551,'work',4),(1551,'we’ve',1),(1551,'got',1),(1551,'plenty',1),(1551,'examples',1),(1551,'graphic',1),(1551,'design',1),(1551,'website',2),(1551,'www',1),(1551,'vismark',1),(1551,' but',1),(1551,'you’d',1),(1551,'like',1),(1551,'including',1),(1551,'designs',1),(1551,'can’t',1),(1551,'display',1),(1551,'vismark®',1),(1551,'please',1),(1551,'just',1),(1551,'contact',1),(1552,'can',2),(1552,'contact',2),(1552,'questions',2),(1552,'concerns',2),(1552,'privacy',1),(1552,'question',1),(1552,'concern',1),(1552,'please',1),(1552,'email',1),(1552,'hello@vismark',1),(1552,'call',1),(1552,'021',1),(1552,'367',1),(1553,'vismark®app',2),(1553,'vismark',1),(1553,'app',2),(1553,'internal',1),(1553,'account',1),(1553,'creation',1),(1553,'free',1),(1553,'clients',1),(1553,'pursue',1),(1553,'establish',1),(1553,'comprehensive',1),(1553,'service',1),(1553,'experience',1),(1553,'customer',1),(1553,'click',1),(1553,'log',1),(1554,'features',3),(1554,'vismark®app',2),(1554,'vismark',1),(1554,'app',1),(1554,'includes',1),(1554,'helps',1),(1554,'place',1),(1554,'orders',1),(1554,'quick',1),(1554,'easy',3),(1554,'create',1),(1554,'new',2),(1554,'projects',5),(1554,'upload',1),(1554,'files',2),(1554,'write',1),(1554,'brief',1),(1554,'every',3),(1554,'project',5),(1554,'choose',2),(1554,'deadlines',1),(1554,'give',2),(1554,'feedbacks',1),(1554,'directly',1),(1554,'design',3),(1554,'search',1),(1554,'sort',1),(1554,'previews',3),(1554,'open',2),(1554,'chat',1),(1554,'conversation',1),(1554,'information',1),(1554,'wasted',1),(1554,'pin',2),(1554,'task',1),(1554,'describe',1),(1554,'want',1),(1554,'adjusted',1),(1554,'can',6),(1554,'edit',1),(1554,'replies',1),(1554,'delete',1),(1554,'stretch',1),(1554,'will',3),(1554,'counted',1),(1554,'hours',1),(1554,'change',2),(1554,'modify',1),(1554,'draft',1),(1554,'it`s',1),(1554,'right',1),(1554,'free',1),(1554,'view',1),(1554,'history',1),(1554,'activity',1),(1554,'invoices',1),(1554,'messages',2),(1554,'tasks',1),(1554,'status',1),(1554,'progress',1),(1554,'approved',1),(1554,'archived',1),(1554,'download',1),(1554,'source',1),(1554,'print',1),(1554,'finished',1),(1554,'rate',1),(1554,'work',3),(1554,'level',1),(1554,'satisfaction',1),(1554,'leave',1),(1554,'testimonial',1),(1554,'recommendation',1),(1554,'help',3),(1554,'improve',1),(1554,'services',1),(1554,'benefit',1),(1554,'great',1),(1554,'customer',1),(1554,'care',1),(1554,'service',1),(1554,'learn',2),(1554,'use',1),(1554,'platform',2),(1554,'center',2),(1554,'section',1),(1554,'access',1),(1554,'widget',1),(1554,'simply',1),(1554,'call',2),(1554,'instructions',1),(1554,'notified',1),(1554,'email',1),(1554,'everything',1),(1554,'happens',1),(1554,'account',1),(1554,'activities',1),(1554,'navigate',1),(1554,'friendly',1),(1554,'intuitive',1),(1554,'user',1),(1554,'interface',1),(1554,'learn ',1),(1554,'cand',1),(1554,'relaxed',1),(1554,'materials',1),(1554,'unified',1),(1554,'looking',1),(1554,'team',1),(1554,'brand',1),(1554,'way',1),(1554,'communicate',1),(1554,'customers',1),(1554,'we`re',1),(1554,'ready',1),(1554,'let`s',1),(1554,'together',1),(1554,'contact',1),(1555,'can',2),(1555,'create',2),(1555,'account',2),(1555,'access',4),(1555,'app',3),(1555,'vismark®app',2),(1555,'closed',1),(1555,'group',1),(1555,'dedicated',1),(1555,'clients',1),(1555,'need',1),(1555,'place',1),(1555,'order',1),(1555,'design',1),(1555,'services',1),(1555,'will',1),(1555,'get',1),(1555,'free',1),(1555,'username',1),(1555,'password',1),(1555,'unlimited',1),(1555,'amount',1),(1555,'time',1),(1555,'want',1),(1555,'work',1),(1555,'contact',1),(1556,'vismark®app',2),(1556,'freelance',2),(1556,'platform',2),(1556,'vismark',1),(1556,'app',1),(1556,'internal',1),(1556,'tool',1),(1556,'helps',1),(1556,'customers',1),(1556,'manage',1),(1556,'projects',1),(1556,'files',1),(1556,'improve',1),(1556,'services',1),(1556,'offer',1),(1556,'great',1),(1556,'customer',1),(1556,'care',1),(1557,'devices',2),(1557,'can',3),(1557,'use',2),(1557,'vismark®app',1),(1557,'vismark',1),(1557,'app',2),(1557,'used',1),(1557,'mac',1),(1557,'laptop',1),(1557,'smartphones',1),(1557,'tablets',1),(1557,'well',1),(1557,'we`re',1),(1557,'ready',1),(1557,'let`s',1),(1557,'work',1),(1557,'together',1),(1557,'contact',1),(1558,'much',2),(1558,'need',3),(1558,'pay',3),(1558,'account',2),(1558,'don`t',1),(1558,'anything',1),(1558,'vismark®app',1),(1558,'free',1),(1558,'clients',1),(1558,'want',1),(1558,'client',1),(1558,'contact',1),(1559,'get',3),(1559,'started',2),(1559,'project',5),(1559,'broad',1),(1559,'generalization',1),(1559,'design',6),(1559,'process',1),(1559,'follows',1),(1559,'following',1),(1559,'steps',1),(1559,'complete',1),(1559,'quote',3),(1559,'form',2),(1559,'contact',2),(1559,'submit',1),(1559,'specifics',1),(1559,'will',7),(1559,'either',1),(1559,'clarify',1),(1559,'requirements',2),(1559,'provide',3),(1559,'price',2),(1559,'accepted',1),(1559,'conduct',1),(1559,'creative',2),(1559,'research',1),(1559,'company',1),(1559,'product',1),(1559,'service',1),(1559,'tastes',1),(1559,'armed',1),(1559,'input',1),(1559,'designs',1),(1559,'available',1),(1559,'projects',1),(1559,'section',1),(1559,'vismark®app',2),(1559,'account',2),(1559,'point',1),(1559,'wait',1),(1559,'feedback',4),(1559,'within',1),(1559,'business',1),(1559,'days',1),(1559,'comments',2),(1559,'first',1),(1559,'round',1),(1559,'concepts',1),(1559,'directly',1),(1559,'series',1),(1559,'redesign',1),(1559,'cycles',1),(1559,'changes',1),(1559,'integrated',1),(1559,'refined',1),(1559,'approved',1),(1559,'final',3),(1559,'prepare',1),(1559,'files',2),(1559,'delivery',1),(1559,'takes',1),(1559,'anywhere',1),(1559,'hours',1),(1559,'invoice',1),(1559,'delivered',1),(1559,'can',2),(1559,'rate',1),(1559,'services',1),(1559,'help',1),(1559,'improve',1),(1559,'serve',1),(1559,'customers',1),(1559,'better',1),(1559,'time',1),(1559,'frames',1),(1559,'general',1),(1559,'adjusted',1),(1559,'match',1),(1559,'schedule',1),(1560,'services',4),(1560,'provide',2),(1560,'vismark®',1),(1560,'provides',1),(1560,'full',1),(1560,'range',1),(1560,'graphic',2),(1560,'design',8),(1560,'serve',1),(1560,'company',1),(1560,'agency',1),(1560,'organization',1),(1560,'include',1),(1560,'brand',1),(1560,'&amp',1),(1560,'commercial',1),(1560,'motion',1),(1560,'illustrations',1),(1560,'othe',1),(1560,'visual',1),(1560,'communication',1),(1560,'see',1),(1560,'portfolio',1),(1560,'please',1),(1560,'visit',1),(1560,'work',1),(1560,'page',1),(1560,'section',1),(1561,'design',4),(1561,'agency',3),(1561,'actually',2),(1561,'graphic',1),(1561,'designer',3),(1561,'communicator',2),(1561,'idea',1),(1561,'product',2),(1561,'solution',1),(1561,'world',1),(1561,'training',1),(1561,'experience',1),(1561,'visual',1),(1561,'will',2),(1561,'combine',1),(1561,'content',1),(1561,'elements',1),(1561,'color',1),(1561,'typography',1),(1561,'line',1),(1561,'space',1),(1561,'shape',1),(1561,'balance',1),(1561,'create',1),(1561,'complete',1),(1561,'communication',1),(1561,'piece',2),(1561,'business',1),(1561,'organization',1),(1561,'work',1),(1561,'explore',1),(1561,'different',1),(1561,'options',1),(1561,'directions',1),(1561,'solve',1),(1561,'particular',1),(1561,'challenge',1),(1561,'can',2),(1561,'make',1),(1561,'imagine',1),(1561,'entire',1),(1561,'also',1),(1561,'prepare',2),(1561,'mechanical',1),(1561,'requirements',1),(1561,'finished',2),(1561,'specifications',1),(1561,'printer',1),(1561,'magazine',1),(1561,'web',1),(1561,'host',1),(1561,'television',1),(1561,'studio',1),(1561,'output',2),(1561,'medium',1),(1561,'ensure',1),(1561,'trouble',1),(1561,'free',1),(1561,'final',1),(1562,'provide',3),(1562,'print',2),(1562,'services',3),(1562,'printing',2),(1562,'typically',1),(1562,'included',1),(1562,'project',1),(1562,'quotations',1),(1563,'satisfied',3),(1563,'final',2),(1563,'product',3),(1563,'believe',1),(1563,'complete',2),(1563,'satisfaction',2),(1563,'will',6),(1563,'continue',1),(1563,'work',2),(1563,'refine',1),(1563,'design',7),(1563,'completely',1),(1563,'happy',1),(1563,'offer',1),(1563,'unlimited',1),(1563,'revisions',1),(1563,'project',5),(1563,'within',1),(1563,'confines',1),(1563,'set',1),(1563,'original',1),(1563,'brief',1),(1563,'however',1),(1563,'collaborate',1),(1563,'end',1),(1563,'arrive',1),(1563,'result',1),(1563,'perfectly',1),(1563,'guarantee',1),(1563,'money',1),(1563,'back',1),(1563,'partial',1),(1563,'deposits',1),(1563,'payments',1),(1563,'returned',1),(1563,'less',1),(1563,'financial',1),(1563,'institution',1),(1563,'fees',1),(1563,'copyrights',1),(1563,'remain',1),(1563,'vismark®',2),(1563,'maintain',1),(1563,'copyright',1),(1563,'company',1),(1563,'names',1),(1563,'used',1),(1563,'designs',2),(1563,'means',1),(1563,'could',1),(1563,'theoretically',1),(1563,'use',2),(1563,'resell',1),(1563,'another',1),(1563,'client',1),(1563,'also',2),(1563,'choose',1),(1563,'asked',1),(1563,'sign',1),(1563,'warrant',1),(1563,'creative',1),(1563,'interim',1),(1563,'created',1),(1563,'presented',1),(1563,'part',1),(1563,'process',1),(1563,'together',1),(1563,'trust',1),(1563,'speak',1),(1563,'assured',1),(1563,'case',1),(1563,'approve',1),(1563,'change',1),(1563,'mind',1),(1563,'need',1),(1563,'50%',1),(1563,'deposit',1),(1563,'non',1),(1563,'refundable',1),(1564,'will',2),(1564,'rights',3),(1564,'logo',4),(1564,'design',6),(1564,'material',2),(1564,'completed',2),(1564,'process',1),(1564,'paid',1),(1564,'full',1),(1564,'final',2),(1564,'copyrights',1),(1564,'individual',1),(1564,'transferred',1),(1564,'creative',1),(1564,'concepts',1),(1565,'can',3),(1565,'logo',3),(1565,'integrated',2),(1565,'projects',3),(1565,'web',3),(1565,'printing',2),(1565,'etc',2),(1565,'will',2),(1565,'receive',1),(1565,'many',1),(1565,'different',2),(1565,'files',1),(1565,'finished',1),(1565,'design',1),(1565,'variety',1),(1565,'colors',1),(1565,'sizes',1),(1565,'file',2),(1565,'formats',1),(1565,'used',1),(1565,'everything',1),(1565,'print',1),(1565,'sites',1),(1565,'prefer',1),(1565,'require',1),(1565,'type',1),(1565,'format',1),(1565,'just',1),(1565,'let',1),(1565,'know',1),(1565,'happy',1),(1565,'supply',1),(1566,'design',7),(1566,'versions',5),(1566,'differ',2),(1566,'revisions',3),(1566,'can',1),(1566,'thought',1),(1566,'different',3),(1566,'directions',2),(1566,'creative',1),(1566,'instance',1),(1566,'restaurant',1),(1566,'may',1),(1566,'presented',2),(1566,'logo',4),(1566,'use',1),(1566,'images',1),(1566,'food',1),(1566,'chefs',1),(1566,'forks',1),(1566,'three',1),(1566,'concepts',2),(1566,'one',2),(1566,'company',1),(1566,'narrowed',1),(1566,'choice',2),(1566,'two',1),(1566,'many',1),(1566,'refine',1),(1566,'alter',1),(1566,'involve',2),(1566,'changes',1),(1566,'color',1),(1566,'font',1),(1566,'proportions',1),(1566,'typically',1),(1566,'don\'t',1),(1566,'changing',1),(1566,'concept',1),(1567,'change',3),(1567,'mind',2),(1567,'middle',3),(1567,'job',2),(1567,'problem',1),(1567,'changes',3),(1567,'happen',2),(1567,'happy',1),(1567,'incorporate',1),(1567,'comments',1),(1567,'revisions',1),(1567,'whether',1),(1567,'beginning',1),(1567,'project',2),(1567,'affect',1),(1567,'final',1),(1567,'price',1),(1567,'order',1),(1567,'will',1),(1567,'sent',1),(1567,'approval',1),(1567,'prior',1),(1567,'made',1),(1568,'deliver',2),(1568,'design',3),(1568,'files',4),(1568,'final',1),(1568,'can',2),(1568,'delivered',1),(1568,'variety',1),(1568,'means',1),(1568,'emailed',1),(1568,'will',1),(1568,'available',1),(1568,'vismark®app',1),(1568,'account',1),(1568,'download',1),(1569,'will',2),(1569,'provide',2),(1569,'scalable',3),(1569,'vector',3),(1569,'files',3),(1569,'logo',3),(1569,'print',3),(1569,'materials',2),(1569,'yes',1),(1569,'standard',1),(1569,'pack',1),(1569,'every',1),(1569,'design',1),(1569,'material',1),(1569,'contains',1),(1569,'full',1),(1569,'set',1),(1570,'can',2),(1570,'edit',3),(1570,'business',3),(1570,'cards',3),(1570,'stationery',3),(1570,'will',2),(1570,'created',1),(1570,'vector',2),(1570,'format',1),(1570,'using',1),(1570,'editing',1),(1570,'application',1),(1570,'adobe',1),(1570,'illustrator',1),(1570,'coreldraw',1),(1570,'able',1),(1570,'open',1),(1570,'change',1),(1570,'files',1),(1571,'can',4),(1571,'design',5),(1571,'business',2),(1571,'cards',2),(1571,'letter',2),(1571,'heads',2),(1571,'envelopes',2),(1571,'along',2),(1571,'new',2),(1571,'logo',3),(1571,'yes',1),(1571,'full',1),(1571,'branding',1),(1571,'complete',1),(1571,'stationery',1),(1571,'package',1),(1571,'contact',1),(1571,'quotation',1),(1572,'long',2),(1572,'see',3),(1572,'first',2),(1572,'designs',2),(1572,'depending',1),(1572,'type',1),(1572,'project',1),(1572,'design',3),(1572,'requirements',1),(1572,'should',1),(1572,'initial',1),(1572,'graphic',1),(1572,'concepts',1),(1572,'anywhere',1),(1572,'hours',1),(1572,'business',1),(1572,'days',1),(1572,'start',1),(1572,'process',1),(1573,'keep',3),(1573,'design',3),(1573,'files',4),(1573,'finish',2),(1573,'project',3),(1573,'period',2),(1573,'days',1),(1573,'following',1),(1573,'active',1),(1573,'archive',2),(1573,'case',1),(1573,'lose',1),(1573,'damage',1),(1573,'require',1),(1573,'follow',1),(1573,'work',1),(1573,'retrieval',1),(1573,'point',1),(1573,'may',1),(1573,'incur',1),(1573,'nominal',1),(1573,'cost',1),(1574,'much',2),(1574,'charge',2),(1574,'would',1),(1574,'like',1),(1574,'give',1),(1574,'straight',1),(1574,'answer',1),(1574,'however',1),(1574,'design',2),(1574,'services',1),(1574,'easily',1),(1574,'quantifiable',1),(1574,'requirement',1),(1574,'varies',1),(1574,'every',1),(1574,'project',6),(1574,'two',1),(1574,'types',1),(1574,'billing',1),(1574,'depending',1),(1574,'job',1),(1574,'  ',2),(1574,'net',1),(1574,'price',2),(1574,'per',1),(1574,'pre',1),(1574,'determined',1),(1574,'start',2),(1574,'hourly',1),(1574,'rated',1),(1574,'billed',1),(1574,'according',1),(1574,'time',2),(1574,'utilized',1),(1574,'      ',1),(1574,'clients',2),(1574,'updated',1),(1574,'regularly',1),(1574,'log',1),(1574,'status',1),(1574,'reports',1),(1574,'offer',1),(1574,'free',1),(1574,'obligation',1),(1574,'quotation',1),(1574,'process',1),(1574,'help',1),(1574,'define',1),(1574,'scope',1),(1574,'specification',1),(1574,'believe',1),(1574,'disappointing',1),(1574,'anybody',1),(1574,'form',1),(1574,'hidden',1),(1574,'cost',1),(1574,'policy',1),(1574,'transparent',1),(1574,'costs',1),(1574,'itemized',1),(1574,'prior',1),(1574,'changes',1),(1574,'adjustments',1),(1574,'made',1),(1574,'agreed',1),(1574,'upon',1),(1574,'sides',1),(1574,'embarking',1),(1574,'work',1),(1575,'should',2),(1575,'just',3),(1575,'look',2),(1575,'best',2),(1575,'price',4),(1575,'advent',1),(1575,'easy',1),(1575,'use',1),(1575,'graphics',1),(1575,'software',2),(1575,'relatively',1),(1575,'simple',2),(1575,'anyone',1),(1575,'create',1),(1575,'functional',1),(1575,'logo',1),(1575,'adequate',1),(1575,'website',1),(1575,'answer',1),(1575,'it`s',1),(1575,'someone',1),(1575,'paintbrush',1),(1575,'doesn\'t',1),(1575,'make',1),(1575,'rembrandt',1),(1575,'it\'s',2),(1575,'also',1),(1575,'originality',1),(1575,'design',2),(1575,'concept',1),(1575,'variety',1),(1575,'options',1),(1575,'mastery',1),(1575,'successful',1),(1575,'time',2),(1575,'delivery',1),(1575,'specifications',1),(1575,'printer',1),(1575,'web',1),(1575,'host',1),(1575,'many',1),(1575,'opt',1),(1575,'lowest',1),(1575,'often',1),(1575,'discover',1),(1575,'get',1),(1575,'pay',1),(1575,'hiring',1),(1575,'outsourced',1),(1575,'agency',1),(1575,'will',1),(1575,'save',1),(1575,'money',1),(1575,'long',1),(1575,'run',1),(1576,'many',2),(1576,'items',2),(1576,'produce',2),(1576,'can',4),(1576,'arrange',2),(1576,'monthly',3),(1576,'retainer',3),(1576,'fee',3),(1576,'create',2),(1576,'everything',2),(1576,'number',1),(1576,'clients',1),(1576,'retained',1),(1576,'services',1),(1576,'longer',1),(1576,'term',2),(1576,'basis',1),(1576,'ongoing',1),(1576,'work',2),(1576,'paying',1),(1576,'flat',1),(1576,'month',1),(1576,'minimum',1),(1576,'contract',1),(1576,'act',1),(1576,'fulltime',1),(1576,'house',1),(1576,'design',1),(1576,'department',1),(1576,'larger',1),(1576,'involved',1),(1576,'projects',1),(1576,'require',1),(1576,'multiple',1),(1576,'pieces',1),(1576,'created',2),(1576,'often',1),(1576,'economical',1),(1576,'method',1),(1576,'compared',1),(1576,'getting',1),(1576,'item',1),(1576,'separately',1),(1576,'quoted',1),(1576,'let`s',1),(1576,'together',1),(1576,'hire',1),(1577,'billing',2),(1577,'policies',2),(1577,'unless',1),(1577,'agreed',1),(1577,'otherwise',1),(1577,'client',1),(1577,'design',1),(1577,'services',1),(1577,'require',1),(1577,'advance',1),(1577,'payment',1),(1577,'minimum',1),(1577,'fifty',2),(1577,'percent',2),(1577,'project',2),(1577,'quotation',2),(1577,'total',2),(1577,'work',2),(1577,'commences',1),(1577,'remaining',1),(1577,'will',1),(1577,'due',1),(1577,'upon',1),(1577,'completion',1),(1577,'prior',1),(1577,'upload',1),(1577,'server',1),(1577,'release',1),(1577,'materials',1),(1578,'change',2),(1578,'mind',3),(1578,'project',4),(1578,'commenced',3),(1578,'started',1),(1578,'working',1),(1578,'resources',1),(1578,'allocated',1),(1578,'design',2),(1578,'work',1),(1578,'case',1),(1578,'changed',1),(1578,'deposit',2),(1578,'non',1),(1578,'refundable',1),(1578,'vismark®',1),(1578,'endeavors',1),(1578,'provide',1),(1578,'services',1),(1578,'meet',1),(1578,'exceed',1),(1578,'client’s',1),(1578,'needs',1),(1578,'expectations',1),(1578,'event',1),(1578,'“change',1),(1578,'mind”',1),(1578,'initial',1),(1578,'50%',1),(1578,'forfeited',1),(1578,'plus',1),(1578,'prorate',1),(1578,'payment',1),(1578,'based',1),(1578,'upon',1),(1578,'time',1),(1578,'spent',1),(1579,'can',3),(1579,'make',2),(1579,'payments',3),(1579,' we',1),(1579,'accept',1),(1579,'prefer',1),(1579,'payment',1),(1579,'bank',2),(1579,'transfer',1),(1579,'choose',1),(1579,'secure',1),(1579,'online',1),(1579,'using',1),(1579,'credit',1),(1579,'card',2),(1579,'debit',1),(1579,'account',2),(1579,'via',1),(1579,'paypal',1),(1579,'com',1),(1579,'opening',1),(1579,'fast',1),(1579,'easy',1),(1579,'free',1),(1579,' hire',1),(1580,'accept',2),(1580,'credit',2),(1580,'cards',2),(1580,'yes',1),(1580,'using',2),(1580,'paypal',1),(1580,'com',1),(1580,'can',1),(1580,'make',1),(1580,'payments',1),(1580,'visa',1),(1580,'mastercard',1),(1581,'happens',2),(1581,'don’t',1),(1581,'pay',3),(1581,'bills',2),(1581,'time',2),(1581,'don',1),(1581,'invoices',2),(1581,'remain',1),(1581,'unpaid',1),(1581,'days',2),(1581,'date',2),(1581,'invoice',2),(1581,'will',1),(1581,'incur',1),(1581,'additional',1),(1581,'late',1),(1581,'payment',2),(1581,'fee',1),(1581,'equivalent',1),(1581,'project',1),(1581,'costs',1),(1581,'week',1),(1581,'outstanding',1),(1581,'client',1),(1581,'responsible',1),(1581,'debt',1),(1581,'collection',1),(1581,'fees',3),(1581,'legal',1),(1581,'court',1),(1581,'may',1),(1581,'incurred',1),(1581,'result',1),(1581,'client’s',1),(1581,'failure',1),(1581,'within',1),(1581,'calendar',1),(1581,'issue',2),(1581,'difficulty',1),(1581,'paying',1),(1581,'please',1),(1581,'get',1),(1581,'touch',1),(1581,'soon',1),(1581,'aware',1),(1581,'can',1),(1581,'discuss',1),(1581,'solution',1),(1581,'works',1),(1581,'sides',1),(1582,'privacy',4),(1582,'policy',3),(1582,'committed',1),(1582,'respecting',1),(1582,'right',1),(1582,'will',1),(1582,'protect',1),(1582,'visit',1),(1582,'web',1),(1582,'site',1),(1582,'deal',1),(1582,'company',1),(1582,'click',1),(1582,'view',1),(1582,'vismark®',1),(1582,'explains',1),(1582,'online',1),(1582,'information',2),(1582,'practices',1),(1582,'including',1),(1582,'collect',1),(1582,'use',1),(1582,'personal',1),(1583,'terms',6),(1583,'conditions',6),(1583,'use',7),(1583,'vismark®',2),(1583,'websites',2),(1583,'vismark',1),(1583,'constitute',1),(1583,'legal',1),(1583,'agreement',1),(1583,'govern',1),(1583,'usage',1),(1583,'web',1),(1583,'site',3),(1583,'please',3),(1583,'read',1),(1583,'entirety',1),(1583,'continue',1),(1583,'content',1),(1583,'agree',1),(1583,'discontinue',1),(1583,'using',1),(1583,'view',1),(1583,'click',1),(1584,'personal',5),(1584,'information',5),(1584,'secure',2),(1584,'understand',1),(1584,'security',4),(1584,'important',1),(1584,'provide',1),(1584,'reasonable',1),(1584,'administrative',1),(1584,'technical',1),(1584,'physical',1),(1584,'controls',2),(1584,'protect',1),(1584,'however',1),(1584,'despite',1),(1584,'efforts',1),(1584,'100%',1),(1584,'effective',1),(1584,'vismark®',1),(1584,'cannot',1),(1584,'ensure',1),(1584,'warrant',1),(1585,'will',2),(1585,'privacy',5),(1585,'policy',3),(1585,'change',3),(1585,'occasionally',1),(1585,'may',1),(1585,'term',1),(1585,'services',2),(1585,'allow',1),(1585,'vismark®',2),(1585,'use',1),(1585,'share',1),(1585,'personal',1),(1585,'information',2),(1585,'different',1),(1585,'way',1),(1585,'improve',1),(1585,'customers',1),(1585,'encourage',1),(1585,'periodically',1),(1585,'review',1),(1585,'center',1),(1585,'latest',1),(1585,'practices',1),(1586,'idea',2),(1586,'would',2),(1586,'like',2),(1586,'protect',4),(1586,'vismark®',1),(1586,'sign',4),(1586,'non',3),(1586,'disclosure',3),(1586,'agreements',3),(1586,'vismark',1),(1586,'appreciate',1),(1586,'desire',1),(1586,'intellectual',2),(1586,'property',2),(1586,'glad',1),(1586,'usually',1),(1586,'contract',1),(1586,'customers',1),(1586,'assure',1),(1586,'clients',1),(1586,'files',1),(1586,'informations',1),(1586,'business',1),(1586,'models',1),(1586,'concepts',1),(1587,'can',2),(1587,'protect',4),(1587,'business',3),(1587,'name',6),(1587,'generally',1),(1587,'businesses',2),(1587,'including',1),(1587,'corporations',1),(1587,'trade',4),(1587,'names',1),(1587,'registering',1),(1587,'service',2),(1587,'mark',2),(1587,'trademark',2),(1587,'also',1),(1587,'functions',1),(1587,'denuding',1),(1587,'country',1),(1587,'state',1),(1587,'origin',1),(1587,'different',1),(1587,'laws',1),(1587,'govern',1),(1587,'protection',1),(1587,'legal',1),(1587,'complexities',1),(1587,'involved',1),(1587,'recommend',1),(1587,'obtain',1),(1587,'private',1),(1587,'counsel',1),(1587,'get',1),(1587,'advice',1),(1587,'interstate',1),(1587,'commerce',1),(1588,'can',2),(1588,'find',2),(1588,'available',2),(1588,'jobs',2),(1588,'vismark®',1),(1588,'welcoming',1),(1588,'place',1),(1588,'everyone',1),(1588,'best',1),(1588,'make',1),(1588,'sure',1),(1588,'people',1),(1588,'feel',1),(1588,'supported',1),(1588,'connected',1),(1588,'work',1),(1588,'interested',1),(1588,'please',1),(1588,'access',1),(1588,'careers',1),(1588,'section',1),(1589,'should',2),(1589,'apply',4),(1589,'directly',1),(1589,'position',1),(1589,'you’re',1),(1589,'interested',1),(1589,'current',1),(1589,'listings',1),(1589,'careers',1),(1589,'section',1),(1589,'please',1),(1589,'make',1),(1589,'sure',1),(1589,'qualify',2),(1589,'role',1),(1589,'applying',2),(1589,'it’s',2),(1589,'okay',1),(1589,'positions',2),(1589,'multiple',1),(1589,'offices',1),(1589,'won’t',1),(1589,'increase',1),(1589,'chances',1),(1589,'will',1),(1589,'likely',1),(1589,'raise',1),(1589,'red',1),(1589,'flag',1),(1589,'within',1),(1589,'recruiting',1),(1589,'team',1),(1589,'design',1),(1589,'applicants',1),(1589,'important',1),(1589,'include',1),(1589,'pdf',1),(1589,'url',1),(1589,'portfolio',1),(1589,'easy',1),(1589,'sharing',1),(1589,'files',1),(1590,'recruiting',3),(1590,'process',3),(1590,'work',3),(1590,'small',1),(1590,'team',1),(1590,'manages',1),(1590,'job',1),(1590,'listings',1),(1590,'reads',1),(1590,'incoming',1),(1590,'applications',1),(1590,'determines',1),(1590,'fit',1),(1590,'coordinates',1),(1590,'interview',2),(1590,'offer',1),(1590,'processes',1),(1590,'can',1),(1590,'often',1),(1590,'include',1),(1590,'multiple',1),(1590,'pre',1),(1590,'interviews',1),(1590,'variety',1),(1590,'managers',1),(1590,'should',1),(1590,'ready',1),(1590,'share',1),(1590,'examples',1),(1590,'passion',1),(1590,'areas',1),(1590,'help',1),(1590,'get',1),(1590,'sense',1),(1590,'beyond',1),(1590,'resume',1),(1591,'kind',2),(1591,'people',6),(1591,'looking',3),(1591,'reach',1),(1591,'someone',1),(1591,'we\'ve',1),(1591,'usually',1),(1591,'seen',1),(1591,'work',2),(1591,'now',1),(1591,'want',2),(1591,'talk',2),(1591,'we\'re',2),(1591,'great',1),(1591,'storytellers',1),(1591,'got',1),(1591,'solve',1),(1591,'problems',1),(1591,'inspires',1),(1591,'often',1),(1591,'see',1),(1591,'followed',1),(1591,'rich',1),(1591,'diverse',1),(1591,'paths',1),(1591,'get',1),(1591,'sometimes',2),(1591,'story',1),(1591,'really',1),(1591,'interesting',1),(1591,'look',3),(1591,'also',2),(1591,'know',1),(1591,'they\'re',1),(1591,'passionate',3),(1591,'role',2),(1591,'there\'s',1),(1591,'distinction',1),(1591,'working',1),(1591,'vismark®',2),(1591,'hiring',1),(1591,'truly',1),(1591,'love',2),(1591,'idea',2),(1591,'job',1),(1591,'whether',1),(1591,'it\'s',2),(1591,'somewhere',1),(1591,'else',1),(1591,'embody',1),(1591,'values',1),(1591,'way',1),(1591,'talking',1),(1591,'projects',1),(1591,'part',1),(1591,'team',1),(1591,'just',1),(1591,'this',1),(1591,'good',1),(1591,'finally',1),(1591,'curiosity',1),(1591,'curious',1),(1591,'ask',1),(1591,'questions',1),(1592,'much',2),(1592,'experience',3),(1592,'need',2),(1592,'hire',1),(1592,'people',1),(1592,'wide',1),(1592,'range',1),(1592,'professional',1),(1592,'educational',1),(1592,'background',1),(1592,'know',1),(1592,'bringing',1),(1592,'diverse',2),(1592,'perspectives',1),(1592,'crucial',1),(1592,'making',1),(1592,'positive',1),(1592,'disproportionate',1),(1592,'impact',1),(1592,'world',1),(1592,'roles',2),(1592,'call',1),(1592,'seasoned',1),(1592,'professionals',1),(1592,'others',1),(1592,'flexibility',1),(1592,'bring',1),(1592,'less',1),(1592,'experienced',1),(1592,'candidates',1),(1592,'either',1),(1592,'way',1),(1592,'we’ve',1),(1592,'designed',1),(1592,'systems',1),(1592,'allow',1),(1592,'community',2),(1592,'learn',1),(1592,'grow',1),(1592,'thrive',1),(1592,'degrees',1),(1592,'important',1),(1592,'aim',1),(1592,'keep',1),(1592,'challenges',1),(1592,'work',1),(1593,'can',3),(1593,'stand',2),(1593,'want',2),(1593,'know',1),(1593,'much',1),(1593,'clever',1),(1593,'gimmicks',1),(1593,'sometimes',1),(1593,'entertaining',1),(1593,'best',1),(1593,'way',2),(1593,'catch',1),(1593,'eye',1),(1593,'work',1),(1593,'thoughtful',1),(1593,'cover',1),(1593,'letter',1),(1593,'also',1),(1593,'goes',1),(1593,'long',1),(1593,'don’t',1),(1593,'write',1),(1593,'think',1),(1593,'hear',1),(1594,'will',5),(1594,'contact',2),(1594,'regarding',2),(1594,'status',2),(1594,'application',4),(1594,'receive',1),(1594,'hundreds',1),(1594,'resumes',1),(1594,'can’t',1),(1594,'personally',1),(1594,'reply',1),(1594,'submission',1),(1594,'reviewed',1),(1594,'someone',1),(1594,'recruiting',1),(1594,'team',1),(1594,'reach',1),(1594,'directly',1),(1594,'they’d',1),(1594,'like',1),(1594,'schedule',1),(1594,'interview',1),(1594,'whether',1),(1594,'hear',1),(1594,'remain',1),(1594,'file',1),(1594,'potential',1),(1594,'future',1),(1594,'openings',1),(1595,'vismark®',1),(1595,'offer',2),(1595,'internships',2),(1595,'vismark',1),(1595,'yet',1),(1595,'soon',1),(1596,'still',2),(1596,'questions',2),(1596,'may',2),(1596,'talk',2),(1596,'someone',2),(1596,'question',1),(1596,'that’s',1),(1596,'answered',1),(1596,'please',2),(1596,'send',1),(1596,'email',2),(1596,'careers@vismark',1),(1596,'note',1),(1596,'submitting',1),(1596,'application',1),(1596,'materials',1),(1599,'speed',2),(1599,'pizza',2),(1600,'agentia',2),(1600,'turism',2),(1600,'kusadasi',2),(1601,'international',2),(1601,'airport',2),(1601,'mihail',2),(1601,'kogalniceanu',2),(1601,'constanta',2),(1602,'bizz',2),(1602,'club',2),(1603,'soleta',2),(1604,'lorand',2),(1604,'soares',2),(1604,'szasz',2),(1605,'deutz',2),(1605,'fahr',2),(1606,'granini',2),(1607,'air',2),(1607,'bucharest',2),(1608,'stalinskaya',2),(1609,'leonidas',2),(1610,'kaufland',2),(1611,'lego',2),(1612,'f64',2),(1613,'otter',2),(1614,'fra',2),(1615,'blackd',2),(1617,'kaldio',5),(1617,'identity',4),(1617,'design',7),(1617,'packaging',4),(1617,'brand',5),(1617,'understands',1),(1617,'please',1),(1617,'multiple',1),(1617,'types',1),(1617,'customers',1),(1617,'comes',1),(1617,'coffee',2),(1617,'different',1),(1617,'cities',1),(1617,'within',1),(1617,'romania',2),(1617,'although',1),(1617,'company',1),(1617,'specialized',1),(1617,'vending',4),(1617,'can',2),(1617,'cover',1),(1617,'every',1),(1617,'segment',2),(1617,'related',1),(1617,'complex',2),(1617,'needed',1),(1617,'complete',1),(1617,'visual',1),(1617,'reach',1),(1617,'diverse',1),(1617,'audience',1),(1617,'created',1),(1617,'logo',2),(1617,'materials',1),(1617,'machines',1),(1617,'automobile',1),(1617,'este',2),(1617,'care',2),(1617,'inteles',1),(1617,'cum',1),(1617,'multumeasca',1),(1617,'varietate',1),(1617,'larga',1),(1617,'consumatori',1),(1617,'din',2),(1617,'diferite',1),(1617,'orase',1),(1617,'cand',1),(1617,'vine',1),(1617,'vorba',1),(1617,'cafea',1),(1617,'chiar',1),(1617,'daca',1),(1617,'specilizat',1),(1617,'partea',1),(1617,'poate',1),(1617,'acoperi',1),(1617,'orice',1),(1617,'conex',1),(1617,'cafelei',1),(1617,'atat',1),(1617,'avea',1),(1617,'nevoie',1),(1617,'identitate',3),(1617,'vizuala',2),(1617,'poata',1),(1617,'atinga',1),(1617,'audienta',1),(1617,'diversa',1),(1617,'asa',1),(1617,'creat',1),(1617,'intreg',1),(1617,'conceptul',1),(1617,'grafic',1),(1617,'comunicare',1),(1617,'celelalte',1),(1617,'materiale',1),(1617,'pana',1),(1617,'aparat',1),(1617,'autoturisme',1),(1618,'gents',4),(1618,'hairdresser',3),(1618,'visual',3),(1618,'identity',3),(1618,'haidresser',1),(1618,'design',3),(1618,'located',1),(1618,'wien',1),(1618,'austria',2),(1618,'haircut',2),(1618,'studio',1),(1618,'place',2),(1618,'brings',1),(1618,'atmosphere',1),(1618,'gentleman`s',2),(1618,'club',2),(1618,'people',1),(1618,'can',1),(1618,'get',1),(1618,'nice',1),(1618,'enjoy',1),(1618,'drink',1),(1618,'take',1),(1618,'part',1),(1618,'social',1),(1618,'activities',1),(1618,'show',1),(1618,'client',1),(1618,'needed',1),(1618,'well',1),(1618,'organized',1),(1618,'integrated',1),(1618,'starting',1),(1618,'logo',2),(1618,'stationary',1),(1618,'clothing',1),(1618,'finishing',1),(1618,'outdoor',2),(1618,'billboards',1),(1618,'glad',1),(1618,'help',1),(1618,'matter',1),(1618,'localizat',1),(1618,'viena',1),(1618,'este',2),(1618,'mai',1),(1618,'mult',1),(1618,'decat',1),(1618,'salon',2),(1618,'frizerie',1),(1618,'loc',1),(1618,'aduce',1),(1618,'atmosfera',1),(1618,'unui',1),(1618,'unde',1),(1618,'oamenii',1),(1618,'pot',2),(1618,'tunde',1),(1618,'savureze',1),(1618,'bautura',1),(1618,'sau',1),(1618,'parte',1),(1618,'activitati',1),(1618,'sociale',1),(1618,'pentru',1),(1618,'arata',1),(1618,'inseamna',1),(1618,'acest',1),(1618,'clientul',1),(1618,'avea',1),(1618,'nevoie',1),(1618,'identitate',2),(1618,'vizuala',2),(1618,'integrata',1),(1618,'organizata',1),(1618,'incepand',1),(1618,'alte',1),(1618,'materiale',1),(1618,'inclusiv',1),(1618,'conceptul',1),(1618,'imbracaminte',1),(1618,'finalizand',1),(1618,'bannere',1),(1618,'casete',1),(1618,'luminoase',1),(1619,'buurentech',4),(1619,'visual',4),(1619,'identity',3),(1619,'design',5),(1619,'construction',2),(1619,'office',1),(1619,'working',1),(1619,'individuals',1),(1619,'companies',1),(1619,'multiple',1),(1619,'projects',1),(1619,'company',1),(1619,'situated',1),(1619,'bruxelles',2),(1619,'belgium',1),(1619,'helped',1),(1619,'client',2),(1619,'branding',2),(1619,'consisting',1),(1619,'logo',4),(1619,' stationery',1),(1619,'materials',1),(1619,'approach',1),(1619,'creation',1),(1619,'consisted',1),(1619,'combination',1),(1619,'simple',2),(1619,'minimalistic',1),(1619,'elements',1),(1619,'fit',1),(1619,'industry',1),(1619,'este',1),(1619,'companie',1),(1619,'din',1),(1619,'belgia',1),(1619,'care',3),(1619,'presteaza',1),(1619,'servicii',1),(1619,'proiectare',1),(1619,'dezvolta',1),(1619,'proiecte',1),(1619,'atat',1),(1619,'personae',1),(1619,'fizice',1),(1619,'cat',1),(1619,'companii',1),(1619,'ajutat',1),(1619,'acest',1),(1619,'prin',1),(1619,'realizarea',1),(1619,'unui',1),(1619,'constant',2),(1619,'alte',1),(1619,'materiale',1),(1619,'identitate',1),(1619,'vizuala',1),(1619,'abordarea',1),(1619,'privire',1),(1619,'combinarea',1),(1619,'unur',1),(1619,'elemente',1),(1619,'minimaliste',1),(1619,'pentru',1),(1619,'reprezenta',1),(1619,'industria',1),(1619,'constructiilor',1),(1620,'dolce',6),(1620,'nera',6),(1620,'frappe',4),(1620,'packaging',4),(1620,'brand',2),(1620,'activates',1),(1620,'umbrella',1),(1620,'gourmet',3),(1620,'coffe',2),(1620,'company',1),(1620,'years',1),(1620,'experience',2),(1620,'coffee',3),(1620,'industry',1),(1620,'vast',1),(1620,'working',1),(1620,'different',1),(1620,'clients',1),(1620,'regular',1),(1620,'consumers',1),(1620,'vending',2),(1620,'firms',1),(1620,'shops',1),(1620,'small',1),(1620,'businesses',1),(1620,'companies',1),(1620,'like',1),(1620,'springtime',2),(1620,'phoenicia',2),(1620,'hotel',2),(1620,'set',1),(1620,'ready',1),(1620,'bring',1),(1620,'smiles',1),(1620,'coolness',1),(1620,'terraces',1),(1620,'needed',2),(1620,'people',1),(1620,'find',1),(1620,'therefore',1),(1620,'created',1),(1620,'design',1),(1620,'promotion',1),(1620,'materials',1),(1620,'product',1),(1620,'launched',1),(1620,'market',1),(1620,'este',1),(1620,'care',1),(1620,'activeaza',1),(1620,'sub',1),(1620,'umbrela',1),(1620,'companie',1),(1620,'peste',1),(1620,'ani',1),(1620,'experienta',2),(1620,'industria',1),(1620,'cafelei',1),(1620,'avand',1),(1620,'vasta',1),(1620,'domeniu',1),(1620,'lucrat',1),(1620,'difeite',1),(1620,'tipuri',1),(1620,'clienti',1),(1620,'consumatori',1),(1620,'finalpana',1),(1620,'firme',1),(1620,'cafenele',1),(1620,'business',1),(1620,'uri',1),(1620,'mici',1),(1620,'companii',1),(1620,'precum',1),(1620,'sau',1),(1620,'fost',2),(1620,'pregatit',1),(1620,'gata',1),(1620,'aduce',1),(1620,'zambete',1),(1620,'pline',1),(1620,'racoare',1),(1620,'terase',1),(1620,'insa',1),(1620,'pentru',2),(1620,'asta',1),(1620,'nevoie',1),(1620,'lumea',1),(1620,'afle',1),(1620,'despre',1),(1620,'astfel',1),(1620,'creat',1),(1620,'materialele',1),(1620,'promotionale',1),(1620,'necesare',1),(1620,'acest',1),(1620,'proiect',1),(1620,'fie',1),(1620,'lansat',1),(1620,'piata',1),(1621,'air',5),(1621,'bucharest',5),(1621,'visual',3),(1621,'identity',2),(1621,'print',2),(1621,'design',2),(1621,'airline',3),(1621,'charter',3),(1621,'company',2),(1621,'founded',1),(1621,'2010',2),(1621,'fleet',1),(1621,'includes',1),(1621,'aircrafts',1),(1621,'like',1),(1621,'boeing',4),(1621,'737',4),(1621,'300',2),(1621,'series',2),(1621,'widespread',1),(1621,'aircraft',1),(1621,'world',1),(1621,'–',3),(1621,'400',2),(1621,'operates',1),(1621,'flights',1),(1621,'holiday',1),(1621,'destinations',1),(1621,'turkey',1),(1621,'greece',1),(1621,'spain',1),(1621,'egypt',1),(1621,'dubai',2),(1621,'team',1),(1621,'proud',1),(1621,'could',1),(1621,'impact',1),(1621,'communicates',1),(1621,'designs',1),(1621,'este',2),(1621,'companie',1),(1621,'aeriana',1),(1621,'chartere',1),(1621,'zboruri',2),(1621,'ad­hoc',1),(1621,'infiintata',1),(1621,'flota',1),(1621,'companiei',1),(1621,'include',1),(1621,'aeronave',1),(1621,'precum',1),(1621,'seria',2),(1621,'fiind',1),(1621,'cea',1),(1621,'mai',1),(1621,'raspandita',1),(1621,'aeronava',1),(1621,'din',1),(1621,'lume',1),(1621,'sau',1),(1621,'compania',2),(1621,'opereaza',1),(1621,'destinatiile',1),(1621,'vacanta',1),(1621,'turcia',1),(1621,'grecia',1),(1621,'spania',1),(1621,'egipt',1),(1621,'echipa',1),(1621,'noastra',1),(1621,'mandra',1),(1621,'reusit',1),(1621,'punem',1),(1621,'amprenta',1),(1621,'modul',1),(1621,'care',1),(1621,'comunica',1),(1621,'prin',1),(1621,'vizualurile',1),(1621,'grafice',1),(1622,'gryxx',4),(1622,'visual',3),(1622,'identity',3),(1622,'design',2),(1622,'new',2),(1622,'brand',3),(1622,'sports',1),(1622,'shoes',1),(1622,'otter®',4),(1622,'launched',1),(1622,'romania',4),(1622,'strengthened',1),(1622,'market',1),(1622,'position',1),(1622,'currently',1),(1622,'holding',1),(1622,'multibrand',2),(1622,'stores',1),(1622,'bucharest',1),(1622,'large',1),(1622,'cities',1),(1622,'country',1),(1622,'000',1),(1622,'models',1),(1622,'per',1),(1622,'season',1),(1622,'brings',1),(1622,'together',1),(1622,'products',1),(1622,'leading',1),(1622,'brands',1),(1622,'footwear',1),(1622,'leather',1),(1622,'goods',1),(1622,'accessories',1),(1622,'challenge',1),(1622,'creating',1),(1622,'reflect',1),(1622,'vision',1),(1622,'values',1),(1622,'big',1),(1622,'one',1),(1622,'also',1),(1622,'rewarding',1),(1622,'este',1),(1622,'noul',1),(1622,'incaltaminte',2),(1622,'sport',1),(1622,'lansat',1),(1622,'consolidat',1),(1622,'pozitia',1),(1622,'piata',1),(1622,'din',1),(1622,'detinand',1),(1622,'prezent',1),(1622,'peste',2),(1622,'magazine',1),(1622,'bucuresti',1),(1622,'tara',1),(1622,'1000',1),(1622,'noi',1),(1622,'modele',1),(1622,'sezon',1),(1622,'reunesc',1),(1622,'produse',1),(1622,'ale',1),(1622,'celor',1),(1622,'mai',2),(1622,'importante',1),(1622,'branduri',1),(1622,'marochinarie',1),(1622,'accesorii',1),(1622,'provocarea',1),(1622,'crea',1),(1622,'identitate',1),(1622,'vizuala',1),(1622,'care',1),(1622,'transmita',1),(1622,'cat',1),(1622,'bine',1),(1622,'viziunea',1),(1622,'valorile',1),(1622,'brandului',1),(1622,'fost',1),(1622,'una',1),(1622,'mare',1),(1622,'dar',1),(1622,'satisfactii',1),(1622,'masura',1),(1623,'gourmet',7),(1623,'coffee',10),(1623,'brochure',1),(1623,'design',3),(1623,'prind',1),(1623,'company',1),(1623,'years',1),(1623,'experience',2),(1623,'industry',1),(1623,'vast',1),(1623,'working',1),(1623,'different',1),(1623,'clients',1),(1623,'regular',1),(1623,'consumers',1),(1623,'vending',4),(1623,'firms',1),(1623,'shops',1),(1623,'small',1),(1623,'businesses',1),(1623,'companies',1),(1623,'like',1),(1623,'springtime',2),(1623,'phoenicia',2),(1623,'hotel',2),(1623,'client',1),(1623,'lot',1),(1623,'products',2),(1623,'portfolio',1),(1623,'tea',1),(1623,'varieties',1),(1623,'accessories',1),(1623,'machines',1),(1623,'needed',1),(1623,'brought',1),(1623,'together',1),(1623,'one',1),(1623,'presentation',1),(1623,'material',2),(1623,'happy',1),(1623,'help',1),(1623,'creating',1),(1623,'catalog',1),(1623,'este',1),(1623,'companie',1),(1623,'peste',1),(1623,'ani',1),(1623,'experienta',3),(1623,'industria',1),(1623,'cafelei',1),(1623,'avand',1),(1623,'vasta',1),(1623,'domeniu',1),(1623,'coffe',1),(1623,'lucrat',1),(1623,'difeite',1),(1623,'tipuri',1),(1623,'clienti',1),(1623,'consumatori',1),(1623,'finali',1),(1623,'pana',1),(1623,'firme',1),(1623,'cafenele',1),(1623,'business',1),(1623,'uri',1),(1623,'mici',1),(1623,'companii',1),(1623,'precum',1),(1623,'sau',2),(1623,'clientul',1),(1623,'nostru',1),(1623,'avea',1),(1623,'multitudine',1),(1623,'produse',2),(1623,'portofoliul',1),(1623,'varietati',1),(1623,'diferite',1),(1623,'cafea',2),(1623,'ceai',1),(1623,'accesorii',1),(1623,'aparate',1),(1623,'pentru',3),(1623,'multe',1),(1623,'altele',1),(1623,'aduce',1),(1623,'aceste',1),(1623,'impreuna',1),(1623,'intr',1),(1623,'prezentare',1),(1623,'pus',1),(1623,'bataie',1),(1623,'creativitatea',1),(1623,'crea',1),(1623,'catalogul',1),(1624,'crama',3),(1624,'gabai',6),(1624,'brand',2),(1624,'identity',2),(1624,'design',5),(1624,'packaging',4),(1624,'located',1),(1624,'area',1),(1624,'important',1),(1624,'tradition',1),(1624,'manufacture',1),(1624,'high',2),(1624,'rank',1),(1624,'wines',2),(1624,'cellar',1),(1624,'complies',1),(1624,'rules',1),(1624,'comes',1),(1624,'producing',1),(1624,'quality',2),(1624,'could',1),(1624,'come',1),(1624,'otherwise',1),(1624,'accompanied',1),(1624,'special',1),(1624,'bottle',1),(1624,'create',1),(1624,'first',1),(1624,'needed',1),(1624,'logo',2),(1624,'matches',1),(1624,'brands',1),(1624,'values',1),(1624,'completed',1),(1624,'localizat',1),(1624,'intr',1),(1624,'zona',1),(1624,'importanta',1),(1624,'traditie',1),(1624,'ceea',1),(1624,'priveste',1),(1624,'fabricarea',1),(1624,'vinurilor',2),(1624,'rang',1),(1624,'inalt',1),(1624,'respecta',1),(1624,'toate',1),(1624,'regulile',1),(1624,'cand',1),(1624,'vine',1),(1624,'vorba',1),(1624,'produs',1),(1624,'cea',1),(1624,'mai',2),(1624,'buna',1),(1624,'calitate',1),(1624,'calitatea',1),(1624,'putea',1),(1624,'veni',1),(1624,'neinsotita',1),(1624,'sticlelor',1),(1624,'masura',1),(1624,'pentru',1),(1624,'realiza',1),(1624,'intai',1),(1624,'creat',1),(1624,'designul',1),(1624,'ului',1),(1624,'conformitate',1),(1624,'valorile',1),(1624,'brandului',1),(1624,'dupa',1),(1624,'care',1),(1624,'completat',1),(1624,'materialul',1),(1625,'bts',4),(1625,'led',6),(1625,'visual',4),(1625,'rebranding',2),(1625,'company',2),(1625,'situated',1),(1625,'chisinau',2),(1625,'republica',2),(1625,'moldova',2),(1625,'provides',1),(1625,'customers',1),(1625,'variety',2),(1625,'lightning',1),(1625,'solutions',1),(1625,'using',1),(1625,'technology',1),(1625,'works',1),(1625,'different',1),(1625,'producers',1),(1625,'around',1),(1625,'world',1),(1625,'client',2),(1625,'strong',2),(1625,'activity',1),(1625,'needed',1),(1625,'identity',2),(1625,'gave',1),(1625,'best',1),(1625,'match',1),(1625,'logo',4),(1625,'brand`s',1),(1625,'values',1),(1625,'quality',1),(1625,'flexibility',1),(1625,'contemporary',1),(1625,'look',1),(1625,'design',1),(1625,'translates',1),(1625,'rest',1),(1625,'este',1),(1625,'companie',1),(1625,'sediul',1),(1625,'care',1),(1625,'ofera',1),(1625,'varietate',2),(1625,'solutii',1),(1625,'iluminat',1),(1625,'folosit',1),(1625,'tehnologia',1),(1625,'compania',1),(1625,'lucreaza',1),(1625,'producatori',1),(1625,'din',1),(1625,'toata',1),(1625,'lumea',1),(1625,'activitate',1),(1625,'puternica',2),(1625,'avea',1),(1625,'nevoie',1),(1625,'identitate',1),(1625,'vizuala',1),(1625,'fel',1),(1625,'asa',1),(1625,'depus',1),(1625,'tot',1),(1625,'efortul',1),(1625,'pentru',1),(1625,'reconstrui',1),(1625,'linie',1),(1625,'valorile',1),(1625,'companiei',1),(1625,'calitate',1),(1625,'flexibilitate',1),(1625,'aspectul',1),(1625,'contemporan',1),(1625,'ului',1),(1625,'poate',1),(1625,'sesizat',1),(1625,'toate',1),(1625,'materialele',1),(1625,'create',1),(1629,'sherif',2),(1629,'abdala',2),(1630,'monica',2),(1630,'paraschiv',2),(1631,'lorand',2),(1631,'soares',2),(1631,'szasz',2),(1632,'razvan',2),(1632,'dragoi',2),(1633,'anca',2),(1633,'alina',2),(1633,'ionescu',2),(1634,'svetlana',2),(1634,'bradescu',1),(1634,'simion',2),(1635,'marius',2),(1635,'lazia',2),(1636,'sandel',2),(1636,'prodan',2),(1637,'robert',2),(1637,'dumitru',2),(1638,'gabriel',2),(1638,'radu',2),(1639,'toni',2),(1639,'spiridon',2),(1640,'sorin',2),(1640,'cojocaru',2),(1641,'ion',2),(1641,'codreanu',2),(1642,'nagy',2),(1642,'tibor',2),(1643,'lacramioara',2),(1643,'manole',2),(1644,'eliza',2),(1644,'nitescu',2),(1645,'ana',2),(1645,'maria',2),(1645,'juhasz',2),(1646,'marian',2),(1646,'ciufu',2),(1647,'larisa',2),(1647,'grajdieru',2),(1647,'loos',2),(1648,'razvan',2),(1648,'sdrobis',2),(1649,'elena',2),(1649,'ivancenco',2),(1650,'nathaniel',2),(1650,'geana',2),(1651,'lucian',2),(1651,'ciobanu',2),(1652,'ruxandra',2),(1652,'stan',2),(1653,'zoltan',2),(1653,'tussai',2),(1654,'leonard',2),(1654,'dima',2),(1655,'sergiu',2),(1655,'constantinescu',2),(1656,'paul',2),(1656,'ardeleanu',2),(1657,'costin',2),(1657,'iurea',2),(1658,'ionut',2),(1658,'ungureanu',2),(1659,'david',2),(1659,'alexandru',2),(1660,'marian',2),(1660,'mocanu',2),(1661,'vania',2),(1661,'szasz',2),(1662,'apostol',2),(1662,'mihai',2),(1663,'alice',2),(1663,'constantin',2),(1664,'marius',2),(1664,'bura',2),(1665,'marius',2),(1665,'visinescu',2),(1666,'ciprian',2),(1666,'sandu',2),(1667,'george',2),(1667,'mirescu',2),(1668,'mihai',2),(1668,'irimia',2),(1669,'stefan',2),(1669,'iorgulescu',2),(1670,'george',2),(1670,'viziru',2),(1671,'ionut',2),(1671,'merlusca',2),(1672,'catalin',2),(1672,'pana',2),(1673,'lorand',1),(1673,'soarez',1),(1673,'szasz',1),(1673,'lss',1),(1673,'text',1),(1674,'liviu',2),(1674,'caramalau',2),(1675,'camelia',2),(1675,'moldovan',2),(1676,'mihaela',2),(1676,'steti',2),(1677,'madalina',2),(1677,'bacaim',2),(1678,'ian',2),(1678,'ramon',2),(1679,'031',1),(1679,'101',1),(1679,'locatie',1),(1679,'strada',1),(1679,'radu',1),(1679,'voda',1),(1679,'etaj',1),(1679,'sector',1),(1679,'cod',1),(1679,'postal',1),(1679,'040273',1),(1679,'bucuresti',1),(1679,'vezi',1),(1679,'harta',1),(1679,'suntem',1),(1679,'sociabili',1),(1680,'sector',1),(1680,'zip',1),(1680,'code',1),(1680,'040273',1),(1680,'bucharest',1),(1680,'see',1),(1680,'map',1),(1680,'we\'re',1),(1680,'social',1),(1681,'public',3),(1681,'opinions',1),(1681,'comments',1),(1681,'posted',1),(1681,'forum',1),(1681,'however',1),(1681,'means',1),(1681,'customers',1),(1681,'abuse',1),(1681,'reviewed',1),(1681,'management',1),(1681,'never',1),(1681,'intended',1),(1681,'claims',2),(1681,'diagnose',1),(1681,'treat',1),(1681,'cure',1),(1681,'mitigate',1),(1681,'prevent',1),(1681,'disease',1),(1681,'implicit',1),(1681,'explicit',1),(1681,'shape',1),(1681,'clinically',1),(1681,'tested',1),(1681,'evaluated',1),(1681,'responsibility',1),(1681,'redirected',1),(1681,'regardless',2),(1681,'whether',1),(1681,'redirection',1),(1681,'authorized',1),(1681,'regarding',2),(1681,'risk',1),(1681,'interactions',1),(1681,'others',2),(1681,'able',1),(1681,'publicly',1),(1681,'post',2),(1681,'communicate',1),(1681,'discussion',1),(1681,'boards',1),(1681,'blogs',1),(1681,'review',1),(1681,'goods',1),(1681,'vendors',3),(1681,'submit',1),(1681,'media',1),(1681,'subject',1),(1681,'viewed',1),(1681,'large',1),(1681,'therefore',1),(1681,'accesses',1),(1681,'postings',1),(1681,'ability',1),(1681,'disseminate',1),(1681,'correcting',1),(1681,'correct',1),(1681,'update',1),(1681,'certain',1),(1681,'close',1),(1681,'delete',1),(1681,'sending',1),(1681,'notice',2),(1681,'writing',1),(1681,'nevertheless',1),(1681,'interests',2),(1681,'affiliates',2),(1681,'include',1),(1681,'completion',1),(1681,'transactions',1),(1681,'maintaining',1),(1681,'records',1),(1681,'reporting',1),(1681,'complying',1),(1681,'obligations',1),(1681,'resolving',1),(1681,'disputes',1),(1681,'enforcing',1),(1681,'agreements',1),(1681,'changes',2),(1681,'reserves',1),(1681,'right',1),(1681,'change',1),(1681,'announced',1),(1681,'either',1),(1681,'posting',1),(1681,'revised',1),(1681,'reviewing',1),(1681,'determine',1),(1681,'current',1),(1681,'residents',1),(1681,'countries',1),(1681,'headquartered',1),(1681,'accessed',1),(1681,'providers',1),(1681,'elsewhere',1),(1681,'world',1),(1681,'adhere',1),(1681,'questions',2),(1681,'concerns',3),(1681,'detailed',1),(1681,'support@vismark',1),(1681,'effort',1),(1681,'resolve',1),(1681,'baraganului',1),(1681,'street',1),(1681,'zip',1),(1681,'code',1),(1681,'810453',1),(1681,'braila',1),(1681,'phone',1),(1681,'031',1),(1681,'101',1),(1681,'effective',1),(1681,'date',1),(1681,'5th',1),(1681,'december',1),(1681,'2016',1),(1681,'get',1),(1681,'touch',1),(1682,'opinions',1),(1682,'comments',1),(1682,'posted',1),(1682,'forum',1),(1682,'however',1),(1682,'means',1),(1682,'customers',1),(1682,'abuse',1),(1682,'reviewed',1),(1682,'management',1),(1682,'never',1),(1682,'intended',1),(1682,'claims',2),(1682,'diagnose',1),(1682,'treat',1),(1682,'cure',1),(1682,'mitigate',1),(1682,'prevent',1),(1682,'disease',1),(1682,'implicit',1),(1682,'explicit',1),(1682,'shape',1),(1682,'clinically',1),(1682,'tested',1),(1682,'evaluated',1),(1682,'responsibility',1),(1682,'redirected',1),(1682,'regardless',2),(1682,'whether',1),(1682,'redirection',1),(1682,'authorized',1),(1682,'regarding',2),(1682,'risk',1),(1682,'interactions',1),(1682,'others',2),(1682,'able',1),(1682,'publicly',1),(1682,'post',2),(1682,'communicate',1),(1682,'discussion',1),(1682,'boards',1),(1682,'blogs',1),(1682,'review',1),(1682,'goods',1),(1682,'vendors',3),(1682,'submit',1),(1682,'media',1),(1682,'subject',1),(1682,'viewed',1),(1682,'large',1),(1682,'therefore',1),(1682,'accesses',1),(1682,'postings',1),(1682,'ability',1),(1682,'disseminate',1),(1682,'correcting',1),(1682,'correct',1),(1682,'update',1),(1682,'certain',1),(1682,'close',1),(1682,'delete',1),(1682,'sending',1),(1682,'notice',2),(1682,'writing',1),(1682,'nevertheless',1),(1682,'interests',2),(1682,'affiliates',2),(1682,'include',1),(1682,'completion',1),(1682,'transactions',1),(1682,'maintaining',1),(1682,'records',1),(1682,'reporting',1),(1682,'complying',1),(1682,'obligations',1),(1682,'resolving',1),(1682,'disputes',1),(1682,'enforcing',1),(1682,'agreements',1),(1682,'changes',2),(1682,'reserves',1),(1682,'right',1),(1682,'change',1),(1682,'announced',1),(1682,'either',1),(1682,'posting',1),(1682,'revised',1),(1682,'reviewing',1),(1682,'determine',1),(1682,'current',1),(1682,'residents',1),(1682,'countries',1),(1682,'headquartered',1),(1682,'accessed',1),(1682,'providers',1),(1682,'elsewhere',1),(1682,'world',1),(1682,'adhere',1),(1682,'questions',2),(1682,'concerns',3),(1682,'detailed',1),(1682,'support@vismark',1),(1682,'effort',1),(1682,'resolve',1),(1682,'baraganului',1),(1682,'street',1),(1682,'zip',1),(1682,'code',1),(1682,'810453',1),(1682,'braila',1),(1682,'phone',1),(1682,'031',1),(1682,'101',1),(1682,'effective',1),(1682,'date',1),(1682,'5th',1),(1682,'december',1),(1682,'2016',1),(1682,'get',1),(1682,'touch',1),(1683,'expected',1),(1683,'supplies',1),(1683,'companies',1),(1683,'pdf\'s',2),(1683,'specifications',1),(1683,'variations',2),(1683,'computer',1),(1683,'settings',1),(1683,'differ',2),(1683,'monitors',1),(1683,'devices',1),(1683,'printed',4),(1683,'acknowledges',1),(1683,'accurate',2),(1683,'representation',1),(1683,'occur',1),(1683,'outcome',2),(1683,'accuracy',1),(1683,'determined',1),(1683,'production',1),(1683,'pre',1),(1683,'calibrated',1),(1683,'depending',1),(1683,'hard',1),(1683,'attract',1),(1683,'cost',2),(1683,'prices',1),(1683,'available',1),(1683,'happily',1),(1683,'check',1),(1683,'feasible',1),(1683,'requested',1),(1683,'help',1),(1683,'consistency',1),(1683,'inaccuracies',1),(1683,'arise',1),(1683,'file',1),(1683,'formats',1),(1683,'supply',2),(1683,'working',1),(1683,'creation',1),(1683,'adobe',1),(1683,'illustrator',1),(1683,'indesign',1),(1683,'photoshop',1),(1683,'corel',1),(1683,'securely',1),(1683,'backs',1),(1683,'stores',1),(1683,'small',1),(1683,'retrieval',1),(1683,'violate',1),(1683,'sourced',1),(1683,'reputable',1),(1683,'photography',5),(1683,'libraries',1),(1683,'holder',2),(1683,'permission',1),(1683,'image',1),(1683,'commercial',1),(1683,'fully',1),(1683,'responsable',1),(1683,'violating',1),(1683,'copyrights',1),(1683,'source',1),(1683,'professional',2),(1683,'attracts',1),(1683,'payable',1),(1683,'incomplete',1),(1683,'cancelled',1),(1683,'wishes',1),(1683,'fail',1),(1683,'consider',1),(1683,'finalised',1),(1683,'termination',1),(1683,'either',1),(1683,'cancellation',1),(1683,'pricing',1),(1683,'includes',1),(1683,'invoiced',1),(1683,'postage',1),(1683,'packaging',1),(1683,'freight',1),(1683,'shipping',1),(1683,'courier',1),(1683,'printer',1),(1683,'photocopies',1),(1683,'burnt',1),(1683,'disk',1),(1683,'contractor\'s',1),(1683,'licenses',1),(1683,'online',1),(1683,'hosting',1),(1683,'parking',1),(1683,'tolls',1),(1683,'taxi',1),(1683,'fares',2),(1683,'transportation',1),(1683,'promotion',1),(1683,'retains',1),(1683,'portfolio',1),(1683,'periodicals',1),(1683,'presentations',1),(1683,'questions',2),(1683,'concerns',3),(1683,'send',1),(1683,'detailed',1),(1683,'message',1),(1683,'email',1),(1683,'support@vismark',1),(1683,'make',1),(1683,'resolve',1),(1683,'baraganului',1),(1683,'street',1),(1683,'zip',1),(1683,'code',1),(1683,'810453',1),(1683,'braila',1),(1683,'phone',1),(1683,'031',1),(1683,'101',1),(1683,'effective',1),(1683,'december',1),(1683,'2016',1),(1684,'home',2),(1685,'produselor',3),(1685,'acasa',2),(1686,'like',1),(1686,'see',1),(1686,'just',1),(1686,'get',1),(1686,'touch',1),(1686,'fill',1),(1686,'form',1),(1687,'proiecte',1),(1687,'realizate',1),(1687,'echipa',1),(1687,'noastra',1),(1687,'graficieni',1),(1687,'daca',1),(1687,'iti',1),(1687,'place',1),(1687,'vezi',1),(1687,'contacteaza',1),(1687,'scrie',1),(1687,'aici',1),(1688,'simultaneously',1),(1688,'provides',1),(1688,'companies',1),(1688,'agencies',1),(1688,'well',1),(1688,'outsourcing',2),(1688,'going',1),(1688,'ensuring',1),(1688,'means',1),(1688,'experienced',1),(1688,'proposing',1),(1688,'innovative',1),(1688,'system',1),(1688,'hands',1),(1688,'see',1),(1688,'works',1),(1689,'serviciile',1),(1689,'dispozitia',1),(1689,'companiilor',1),(1689,'agentiilor',1),(1689,'outsourcing',2),(1689,'cum',2),(1689,'vom',1),(1689,'face',1),(1689,'asta',1),(1689,'asigurand',1),(1689,'calitate',1),(1689,'superioara',1),(1689,'designurilor',1),(1689,'ajutorul',1),(1689,'unei',1),(1689,'echipe',1),(1689,'experimentate',1),(1689,'unui',1),(1689,'sistem',1),(1689,'eficient',1),(1689,'realiza',1),(1689,'oricand',1),(1689,'pret',1),(1689,'vezi',1),(1689,'functioneaza',1),(1691,'impresionam',1),(1691,'silinta',1),(1691,'dam',1),(1691,'clienti',4),(1691,'imaginea',1),(1691,'companiei',1),(1692,'improve',1),(1692,'company\'s',1),(1692,'image',1);

--
-- Table structure for table `cms_module_search_items`
--

CREATE TABLE `cms_module_search_items` (
  `id` int(11) NOT NULL,
  `module_name` varchar(100) DEFAULT NULL,
  `content_id` int(11) DEFAULT NULL,
  `extra_attr` varchar(100) DEFAULT NULL,
  `expires` datetime DEFAULT NULL,
  PRIMARY KEY (`id`),
  KEY `module_name` (`module_name`),
  KEY `content_id` (`content_id`),
  KEY `extra_attr` (`extra_attr`),
  KEY `cms_index_search_items` (`module_name`,`content_id`)
) ENGINE=MyISAM DEFAULT CHARSET=utf8;

--
-- Dumping data for table `cms_module_search_items`
--

INSERT INTO `cms_module_search_items` VALUES (1684,'Search',73,'content',NULL),(1686,'Search',74,'content',NULL),(1688,'Search',75,'content',NULL),(1692,'Search',77,'content',NULL),(1515,'Search',78,'content',NULL),(1516,'Search',80,'content',NULL),(1517,'Search',81,'content',NULL),(1683,'Search',82,'content',NULL),(1681,'Search',83,'content',NULL),(1680,'Search',84,'content',NULL),(1521,'Search',85,'content',NULL),(1685,'Search',88,'content',NULL),(1687,'Search',89,'content',NULL),(1689,'Search',90,'content',NULL),(1691,'Search',92,'content',NULL),(1526,'Search',93,'content',NULL),(1527,'Search',95,'content',NULL),(1528,'Search',96,'content',NULL),(1682,'Search',98,'content',NULL),(1679,'Search',99,'content',NULL),(1531,'Search',100,'content',NULL),(1532,'Careers',1,'item',NULL),(1533,'Careers',2,'item',NULL),(1534,'Careers',3,'item',NULL),(1535,'Careers',4,'item',NULL),(1536,'Careers',5,'item',NULL),(1537,'Careers',6,'item',NULL),(1538,'Careers',7,'item',NULL),(1539,'Careers',8,'item',NULL),(1540,'Careers',9,'item',NULL),(1541,'Careers',10,'item',NULL),(1542,'FaQ',1,'item',NULL),(1543,'FaQ',2,'item',NULL),(1544,'FaQ',3,'item',NULL),(1545,'FaQ',4,'item',NULL),(1546,'FaQ',5,'item',NULL),(1547,'FaQ',6,'item',NULL),(1548,'FaQ',7,'item',NULL),(1549,'FaQ',8,'item',NULL),(1550,'FaQ',9,'item',NULL),(1551,'FaQ',10,'item',NULL),(1552,'FaQ',11,'item',NULL),(1553,'FaQ',12,'item',NULL),(1554,'FaQ',13,'item',NULL),(1555,'FaQ',14,'item',NULL),(1556,'FaQ',15,'item',NULL),(1557,'FaQ',16,'item',NULL),(1558,'FaQ',17,'item',NULL),(1559,'FaQ',18,'item',NULL),(1560,'FaQ',20,'item',NULL),(1561,'FaQ',21,'item',NULL),(1562,'FaQ',22,'item',NULL),(1563,'FaQ',23,'item',NULL),(1564,'FaQ',24,'item',NULL),(1565,'FaQ',25,'item',NULL),(1566,'FaQ',26,'item',NULL),(1567,'FaQ',27,'item',NULL),(1568,'FaQ',28,'item',NULL),(1569,'FaQ',29,'item',NULL),(1570,'FaQ',30,'item',NULL),(1571,'FaQ',31,'item',NULL),(1572,'FaQ',32,'item',NULL),(1573,'FaQ',33,'item',NULL),(1574,'FaQ',34,'item',NULL),(1575,'FaQ',35,'item',NULL),(1576,'FaQ',36,'item',NULL),(1577,'FaQ',37,'item',NULL),(1578,'FaQ',38,'item',NULL),(1579,'FaQ',39,'item',NULL),(1580,'FaQ',40,'item',NULL),(1581,'FaQ',41,'item',NULL),(1582,'FaQ',42,'item',NULL),(1583,'FaQ',43,'item',NULL),(1584,'FaQ',44,'item',NULL),(1585,'FaQ',45,'item',NULL),(1586,'FaQ',46,'item',NULL),(1587,'FaQ',47,'item',NULL),(1588,'FaQ',48,'item',NULL),(1589,'FaQ',49,'item',NULL),(1590,'FaQ',50,'item',NULL),(1591,'FaQ',51,'item',NULL),(1592,'FaQ',52,'item',NULL),(1593,'FaQ',53,'item',NULL),(1594,'FaQ',54,'item',NULL),(1595,'FaQ',55,'item',NULL),(1596,'FaQ',56,'item',NULL),(1597,'Gallery',1,'gallery',NULL),(1598,'Gallery',2,'gallery',NULL),(1599,'Parteneri',12,'item',NULL),(1600,'Parteneri',13,'item',NULL),(1601,'Parteneri',14,'item',NULL),(1602,'Parteneri',15,'item',NULL),(1603,'Parteneri',16,'item',NULL),(1604,'Parteneri',17,'item',NULL),(1605,'Parteneri',18,'item',NULL),(1606,'Parteneri',19,'item',NULL),(1607,'Parteneri',20,'item',NULL),(1608,'Parteneri',21,'item',NULL),(1609,'Parteneri',22,'item',NULL),(1610,'Parteneri',23,'item',NULL),(1611,'Parteneri',24,'item',NULL),(1612,'Parteneri',25,'item',NULL),(1613,'Parteneri',26,'item',NULL),(1614,'Parteneri',27,'item',NULL),(1615,'Parteneri',28,'item',NULL),(1616,'Parteneri',29,'item',NULL),(1617,'Portfolio',14,'item',NULL),(1618,'Portfolio',15,'item',NULL),(1619,'Portfolio',13,'item',NULL),(1620,'Portfolio',18,'item',NULL),(1621,'Portfolio',16,'item',NULL),(1622,'Portfolio',17,'item',NULL),(1623,'Portfolio',19,'item',NULL),(1624,'Portfolio',20,'item',NULL),(1625,'Portfolio',21,'item',NULL),(1626,'SlideShow',4,'item',NULL),(1627,'SlideShow',6,'item',NULL),(1628,'SlideShow',5,'item',NULL),(1629,'Testimoniale',1,'item',NULL),(1630,'Testimoniale',2,'item',NULL),(1631,'Testimoniale',3,'item',NULL),(1632,'Testimoniale',4,'item',NULL),(1633,'Testimoniale',17,'item',NULL),(1634,'Testimoniale',7,'item',NULL),(1635,'Testimoniale',8,'item',NULL),(1636,'Testimoniale',9,'item',NULL),(1637,'Testimoniale',10,'item',NULL),(1638,'Testimoniale',11,'item',NULL),(1639,'Testimoniale',12,'item',NULL),(1640,'Testimoniale',13,'item',NULL),(1641,'Testimoniale',14,'item',NULL),(1642,'Testimoniale',15,'item',NULL),(1643,'Testimoniale',16,'item',NULL),(1644,'Testimoniale',18,'item',NULL),(1645,'Testimoniale',19,'item',NULL),(1646,'Testimoniale',20,'item',NULL),(1647,'Testimoniale',21,'item',NULL),(1648,'Testimoniale',22,'item',NULL),(1649,'Testimoniale',23,'item',NULL),(1650,'Testimoniale',24,'item',NULL),(1651,'Testimoniale',25,'item',NULL),(1652,'Testimoniale',26,'item',NULL),(1653,'Testimoniale',27,'item',NULL),(1654,'Testimoniale',28,'item',NULL),(1655,'Testimoniale',29,'item',NULL),(1656,'Testimoniale',30,'item',NULL),(1657,'Testimoniale',31,'item',NULL),(1658,'Testimoniale',32,'item',NULL),(1659,'Testimoniale',33,'item',NULL),(1660,'Testimoniale',34,'item',NULL),(1661,'Testimoniale',35,'item',NULL),(1662,'Testimoniale',36,'item',NULL),(1663,'Testimoniale',37,'item',NULL),(1664,'Testimoniale',38,'item',NULL),(1665,'Testimoniale',39,'item',NULL),(1666,'Testimoniale',40,'item',NULL),(1667,'Testimoniale',41,'item',NULL),(1668,'Testimoniale',42,'item',NULL),(1669,'Testimoniale',43,'item',NULL),(1670,'Testimoniale',44,'item',NULL),(1671,'Testimoniale',45,'item',NULL),(1672,'Testimoniale',46,'item',NULL),(1673,'Testimoniale',47,'item',NULL),(1674,'Testimoniale',48,'item',NULL),(1675,'Testimoniale',49,'item',NULL),(1676,'Testimoniale',50,'item',NULL),(1677,'Testimoniale',51,'item',NULL),(1678,'Testimoniale',52,'item',NULL);

--
-- Table structure for table `cms_module_search_items_seq`
--

CREATE TABLE `cms_module_search_items_seq` (
  `id` int(11) NOT NULL
) ENGINE=MyISAM DEFAULT CHARSET=utf8;

--
-- Dumping data for table `cms_module_search_items_seq`
--

INSERT INTO `cms_module_search_items_seq` VALUES (1692);

--
-- Table structure for table `cms_module_search_words`
--

CREATE TABLE `cms_module_search_words` (
  `word` varchar(255) NOT NULL,
  `count` int(11) DEFAULT NULL,
  PRIMARY KEY (`word`)
) ENGINE=MyISAM DEFAULT CHARSET=utf8;

--
-- Dumping data for table `cms_module_search_words`
--

INSERT INTO `cms_module_search_words` VALUES ('Search question',1),('Vismhrk',1);

--
-- Table structure for table `cms_module_seotools2`
--

CREATE TABLE `cms_module_seotools2` (
  `content_id` int(11) NOT NULL,
  `indexable` int(1) DEFAULT NULL,
  `follow` int(1) DEFAULT NULL,
  `keywords` varchar(255) DEFAULT NULL,
  `priority` int(3) DEFAULT NULL,
  `ogtype` varchar(32) DEFAULT NULL,
  PRIMARY KEY (`content_id`)
) ENGINE=MyISAM DEFAULT CHARSET=utf8;

--
-- Dumping data for table `cms_module_seotools2`
--

INSERT INTO `cms_module_seotools2` VALUES (75,1,NULL,NULL,NULL,NULL),(76,0,NULL,NULL,NULL,NULL),(74,1,NULL,NULL,NULL,NULL),(73,1,NULL,NULL,NULL,NULL),(77,1,0,NULL,NULL,NULL),(78,1,NULL,NULL,NULL,NULL),(79,1,NULL,NULL,NULL,NULL),(80,1,NULL,NULL,NULL,NULL),(81,1,NULL,NULL,NULL,NULL),(82,1,NULL,NULL,NULL,NULL),(83,1,NULL,NULL,NULL,NULL),(84,1,NULL,NULL,NULL,NULL),(85,1,NULL,NULL,NULL,NULL),(88,1,NULL,NULL,NULL,NULL),(89,1,NULL,NULL,NULL,NULL),(90,1,NULL,NULL,NULL,NULL),(91,0,NULL,NULL,NULL,NULL),(92,1,NULL,NULL,NULL,NULL),(93,1,NULL,NULL,NULL,NULL),(94,1,NULL,NULL,NULL,NULL),(95,1,NULL,NULL,NULL,NULL),(96,1,NULL,NULL,NULL,NULL),(97,1,NULL,NULL,NULL,NULL),(98,1,NULL,NULL,NULL,NULL),(99,1,NULL,NULL,NULL,NULL),(100,1,NULL,NULL,NULL,NULL),(101,1,NULL,NULL,NULL,NULL);

--
-- Table structure for table `cms_module_slideshow_categories`
--

CREATE TABLE `cms_module_slideshow_categories` (
  `category_id` int(11) NOT NULL AUTO_INCREMENT,
  `category_name` varchar(255) DEFAULT NULL,
  `category_alias` varchar(255) DEFAULT NULL,
  `parent_id` int(11) DEFAULT NULL,
  `hierarchy` varchar(255) DEFAULT NULL,
  `position` int(11) DEFAULT NULL,
  `hierarchy_position` varchar(255) DEFAULT NULL,
  `long_name` text DEFAULT NULL,
  `usergroup` int(11) DEFAULT NULL,
  `create_date` time DEFAULT NULL,
  `modified_date` time DEFAULT NULL,
  PRIMARY KEY (`category_id`)
) ENGINE=MyISAM AUTO_INCREMENT=3 DEFAULT CHARSET=utf8;

--
