--
-- Host: localhost    Database: new_vismark
-- ------------------------------------------------------


--
-- Table structure for table `cms_additional_htmlblob_users`
--

CREATE TABLE `cms_additional_htmlblob_users` (
  `additional_htmlblob_users_id` int(11) NOT NULL,
  `user_id` int(11) DEFAULT NULL,
  `htmlblob_id` int(11) DEFAULT NULL,
  PRIMARY KEY (`additional_htmlblob_users_id`)
) ENGINE=MyISAM DEFAULT CHARSET=utf8;

--
-- Dumping data for table `cms_additional_htmlblob_users`
--


--
-- Table structure for table `cms_additional_htmlblob_users_seq`
--

CREATE TABLE `cms_additional_htmlblob_users_seq` (
  `id` int(11) NOT NULL
) ENGINE=MyISAM DEFAULT CHARSET=utf8;

--
-- Dumping data for table `cms_additional_htmlblob_users_seq`
--

INSERT INTO `cms_additional_htmlblob_users_seq` VALUES (0);

--
-- Table structure for table `cms_additional_users`
--

CREATE TABLE `cms_additional_users` (
  `additional_users_id` int(11) NOT NULL,
  `user_id` int(11) DEFAULT NULL,
  `page_id` int(11) DEFAULT NULL,
  `content_id` int(11) DEFAULT NULL,
  PRIMARY KEY (`additional_users_id`)
) ENGINE=MyISAM DEFAULT CHARSET=utf8;

--
-- Dumping data for table `cms_additional_users`
--


--
-- Table structure for table `cms_additional_users_seq`
--

CREATE TABLE `cms_additional_users_seq` (
  `id` int(11) NOT NULL
) ENGINE=MyISAM DEFAULT CHARSET=utf8;

--
-- Dumping data for table `cms_additional_users_seq`
--

INSERT INTO `cms_additional_users_seq` VALUES (0);

--
-- Table structure for table `cms_admin_bookmarks`
--

CREATE TABLE `cms_admin_bookmarks` (
  `bookmark_id` int(11) NOT NULL,
  `user_id` int(11) DEFAULT NULL,
  `title` varchar(255) DEFAULT NULL,
  `url` varchar(255) DEFAULT NULL,
  PRIMARY KEY (`bookmark_id`),
  KEY `cms_index_admin_bookmarks_by_user_id` (`user_id`)
) ENGINE=MyISAM DEFAULT CHARSET=utf8;

--
-- Dumping data for table `cms_admin_bookmarks`
--


--
-- Table structure for table `cms_admin_bookmarks_seq`
--

CREATE TABLE `cms_admin_bookmarks_seq` (
  `id` int(11) NOT NULL
) ENGINE=MyISAM DEFAULT CHARSET=utf8;

--
-- Dumping data for table `cms_admin_bookmarks_seq`
--

INSERT INTO `cms_admin_bookmarks_seq` VALUES (0);

--
-- Table structure for table `cms_admin_recent_pages`
--

CREATE TABLE `cms_admin_recent_pages` (
  `id` int(11) NOT NULL,
  `user_id` int(11) DEFAULT NULL,
  `title` varchar(255) DEFAULT NULL,
  `url` varchar(255) DEFAULT NULL,
  `access_time` datetime DEFAULT NULL,
  PRIMARY KEY (`id`)
) ENGINE=MyISAM DEFAULT CHARSET=utf8;

--
-- Dumping data for table `cms_admin_recent_pages`
--


--
-- Table structure for table `cms_admin_recent_pages_seq`
--

CREATE TABLE `cms_admin_recent_pages_seq` (
  `id` int(11) NOT NULL
) ENGINE=MyISAM DEFAULT CHARSET=utf8;

--
-- Dumping data for table `cms_admin_recent_pages_seq`
--

INSERT INTO `cms_admin_recent_pages_seq` VALUES (0);

--
-- Table structure for table `cms_adminlog`
--

CREATE TABLE `cms_adminlog` (
  `timestamp` int(11) DEFAULT NULL,
  `user_id` int(11) DEFAULT NULL,
  `username` varchar(25) DEFAULT NULL,
  `item_id` int(11) DEFAULT NULL,
  `item_name` varchar(50) DEFAULT NULL,
  `action` varchar(255) DEFAULT NULL,
  `ip_addr` varchar(40) DEFAULT NULL,
  KEY `cms_index_adminlog1` (`timestamp`)
) ENGINE=MyISAM DEFAULT CHARSET=utf8;

--
-- Dumping data for table `cms_adminlog`
--

INSERT INTO `cms_adminlog` VALUES (1561167484,0,'',-1,'Automated Task Succeeded','PruneAdminlogTask',''),(1561832049,0,'',-1,'Automated Task Succeeded','PruneAdminlogTask',''),(1561832049,0,'',-1,'Automated Task Succeeded','GatherNotificationsTask',''),(1561167485,0,'',-1,'Automated Task Succeeded','GatherNotificationsTask',''),(1562811032,0,'',-1,'Automated Task Succeeded','PruneAdminlogTask',''),(1562811033,0,'',-1,'Automated Task Succeeded','GatherNotificationsTask','');

--
-- Table structure for table `cms_content_props`
--

CREATE TABLE `cms_content_props` (
  `content_id` int(11) DEFAULT NULL,
  `type` varchar(25) DEFAULT NULL,
  `prop_name` varchar(255) DEFAULT NULL,
  `param1` varchar(255) DEFAULT NULL,
  `param2` varchar(255) DEFAULT NULL,
  `param3` varchar(255) DEFAULT NULL,
  `content` text DEFAULT NULL,
  `create_date` datetime DEFAULT NULL,
  `modified_date` datetime DEFAULT NULL,
  KEY `cms_index_content_props_by_content_id` (`content_id`)
) ENGINE=MyISAM DEFAULT CHARSET=utf8;

--
-- Dumping data for table `cms_content_props`
--

INSERT INTO `cms_content_props` VALUES (73,'string','content_en',NULL,NULL,NULL,'<br /><!-- Add code here that should appear in the content block of all new pages -->',NULL,'2017-07-24 16:31:34'),(73,'string','searchable',NULL,NULL,NULL,'1',NULL,'2017-07-24 16:31:34'),(73,'string','extra1',NULL,NULL,NULL,'',NULL,'2017-07-24 16:31:34'),(73,'string','extra2',NULL,NULL,NULL,'',NULL,'2017-07-24 16:31:34'),(73,'string','extra3',NULL,NULL,NULL,'',NULL,'2017-07-24 16:31:34'),(73,'string','pagedata',NULL,NULL,NULL,'',NULL,'2017-07-24 16:31:34'),(73,'string','disable_wysiwyg',NULL,NULL,NULL,'0',NULL,'2017-07-24 16:31:34'),(73,'string','metadescription',NULL,NULL,NULL,'A new way to outsource graphic design. Brand design & ui/ux design agency',NULL,'2017-07-24 16:31:34'),(73,'string','image',NULL,NULL,NULL,'-1',NULL,'2017-07-24 16:31:34'),(73,'string','thumbnail',NULL,NULL,NULL,'-1',NULL,'2017-07-24 16:31:34'),(73,'string','target',NULL,NULL,NULL,'',NULL,'2017-07-24 16:31:34'),(84,'string','content_en',NULL,NULL,NULL,'<div class=\"content_page\">\r\n  <div class=\"text\">\r\n    <div class=\"container about pbottom60 ptop30 contact\">\r\n      <div class=\"container contact\">\r\n        <div class=\"col-md-12\">\r\n          <h3 class=\"title\">Contact</h3>\r\n        </div>\r\n        <div class=\"col-md-6 col-sm-12\">\r\n          <p>\r\n            Have a project you’d like to discuss?\r\n            <br>\r\n            Please complete the <a href=\"https://vismark.eu/en/contact#contact_form_vismark\">form below</a> or email us at\r\n            <br>\r\n            <a href=\"mailto:hello@vismark.eu\">hello@vismark.eu</a>\r\n          </p>\r\n          <p>\r\n            For partnership inquiries, please reach us at \r\n            <br>\r\n            <a href=\"mailto:office@vismark.eu\">office@vismark.eu</a>\r\n            <br>\r\n            or give us a call at <a href=\"tel:+40741173744\"><strong>+40 74 11 73 744</strong></a>\r\n          </p>\r\n          <p>\r\n            If you have talent, hustle and heart, make a \r\n            <br>\r\n            ruckus and get in touch. \r\n            <br>\r\n            Visit <a href=\"{cms_selflink href=\'careers\'}\">Career</a> section or send us an email at \r\n            <br>\r\n            <a href=\"mailto:careers@vismark.eu\">careers@vismark.eu</a>\r\n          </p>\r\n        </div>\r\n        <div class=\"col-md-6 col-sm-12\">\r\n          <p>\r\n            For anything else call our main line at \r\n            <br>\r\n            <a href=\"tel:+40311011072\"><strong>+4 031 101 10 72</strong></a>\r\n          </p>\r\n          <p>\r\n            The main office: \r\n            <br>\r\n            17 Radu Voda Street, Floor 4, Sector 4 \r\n            <br>\r\n            Zip Code 040273, Bucharest, RO <br> <a href=\"https://www.google.com/maps/embed?pb=!1m18!1m12!1m3!1d2849.6769216621765!2d26.110367951625452!3d44.41927497899994!2m3!1f0!2f0!3f0!3m2!1i1024!2i768!4f13.1!3m3!1m2!1s0x40b202461d3d6793%3A0x173c5f1b335650cd!2zVklTTUFSS8Ku!5e0!3m2!1sen!2sro!4v1479899850933\" class=\"fancybox\"><strong>See on map</strong></a>\r\n          </p>\r\n          <p class=\"mbottom0 pbottom0\">\r\n            We\'re social:\r\n          </p>\r\n          <ul>\r\n              <li><a href=\"https://www.facebook.com/vismark.eu\"><i class=\"fa fa-facebook\"></i></a></li>\r\n              <li><a href=\"https://www.youtube.com/channel/UCOemEpk8qsxelbrrk1EWbLQ \"><i class=\"fa fa-youtube\"></i></a></li>\r\n              <li><a href=\"https://twitter.com/vismark_eu \"><i class=\"fa fa-twitter\"></i></a></li>\r\n              <li><a href=\"https://plus.google.com/u/1/b/111558593417091501840/+VismarkRo\"><i class=\"fa fa-google-plus\"></i></a></li>\r\n              <li><a href=\"https://www.behance.net/vismark\"><i class=\"fa fa-behance\"></i></a></li>\r\n              <li><a href=\"https://ro.pinterest.com/vismarkeu\"><i class=\"fa fa-pinterest\"></i></a></li>\r\n          </ul>\r\n        </div>\r\n      </div>\r\n    </div>\r\n  </div>\r\n</div>',NULL,'2017-06-01 16:32:42'),(84,'string','searchable',NULL,NULL,NULL,'1',NULL,'2017-06-01 16:32:42'),(84,'string','extra1',NULL,NULL,NULL,'',NULL,'2017-06-01 16:32:42'),(84,'string','extra2',NULL,NULL,NULL,'',NULL,'2017-06-01 16:32:42'),(84,'string','extra3',NULL,NULL,NULL,'',NULL,'2017-06-01 16:32:42'),(84,'string','pagedata',NULL,NULL,NULL,'',NULL,'2017-06-01 16:32:42'),(84,'string','disable_wysiwyg',NULL,NULL,NULL,'1',NULL,'2017-06-01 16:32:42'),(84,'string','target',NULL,NULL,NULL,'',NULL,'2017-06-01 16:32:42'),(74,'string','content_en',NULL,NULL,NULL,'<h3 class=\"title\">Take a look at some of our current design projects.<br /> If you like what you see, just get in touch. <br /><a title=\"SEOtitle\" href=\"#get_in_touch-modal\" data-toggle=\"modal\">Fill out this form!</a></h3>',NULL,'2017-07-24 16:33:27'),(74,'string','searchable',NULL,NULL,NULL,'1',NULL,'2017-07-24 16:33:27'),(74,'string','extra1',NULL,NULL,NULL,'',NULL,'2017-07-24 16:33:27'),(74,'string','extra2',NULL,NULL,NULL,'',NULL,'2017-07-24 16:33:27'),(74,'string','extra3',NULL,NULL,NULL,'',NULL,'2017-07-24 16:33:27'),(74,'string','pagedata',NULL,NULL,NULL,'',NULL,'2017-07-24 16:33:27'),(74,'string','disable_wysiwyg',NULL,NULL,NULL,'0',NULL,'2017-07-24 16:33:27'),(74,'string','metadescription',NULL,NULL,NULL,'Our Portfolio with Graphic Design and Branding Work',NULL,'2017-07-24 16:33:27'),(74,'string','image',NULL,NULL,NULL,'-1',NULL,'2017-07-24 16:33:27'),(74,'string','thumbnail',NULL,NULL,NULL,'-1',NULL,'2017-07-24 16:33:27'),(74,'string','target',NULL,NULL,NULL,'',NULL,'2017-07-24 16:33:27'),(75,'string','content_en',NULL,NULL,NULL,'<div class=\"section-tour content-image-wrapper\"  style=\"min-height: 63em;\">\r\n	<div class=\"content_page department\">\r\n			<div class=\"container\">\r\n				<div class=\"row\">\r\n					<div class=\"col-sm-6 col-sm-push-6\">\r\n\r\n						<h2 class=\"section-title\" style=\"margin-top: 4.286em;\">Ideal Solution For A GROWING BUSINESS!</h2>\r\n						<p class=\"continut\">Vismark® is an online platform which brings forward a new and easy way to outsource graphic design services, so that you can save money, time and headaches. Whether you represent a company or an advertising agency, we can fulfil any of your needs regarding quality design materials.</p>\r\n						<p class=\"continut\">We provide a dedicated design team that will work to create all the graphic materials you need, respecting the deadline you want and at a fair price for you, your clients or your partners. Say goodbye to counted hours and limited feedbacks.</p>\r\n						<p class=\"continut\">A great quantity of design experts is what defines our team, but quality work is what makes us truly stand out.</p>\r\n						<a class=\"cta_about\" href=\"#get_in_touch-modal\" data-toggle=\"modal\">Get in touch </a>\r\n\r\n					</div> <!-- ./col-sm-6 -->\r\n					<div class=\"col-sm-6 col-sm-pull-6 content-image-container\">\r\n\r\n						<img src=\"http://vismark.eu/uploads/images/about-01.jpg\" alt=\"\" class=\"content-image right\" alt=\"vmk-app.gif\">\r\n\r\n					</div> <!-- ./col-sm-6 -->\r\n				</div> <!-- ./ROW -->\r\n			</div> <!-- ./container -->\r\n	</div> <!-- ./content_page -->\r\n</div> <!-- ./department1 -->\r\n<!-- END SECTION 1 -->\r\n\r\n<div class=\"bgk_gray section-tour content-image-wrapper\" style=\"min-height: 51em;\">\r\n	<div class=\"content_page department\">\r\n			<div class=\"container\">\r\n				<div class=\"row\">\r\n					<div class=\"col-sm-6\">\r\n\r\n						<h2 class=\"section-title\">What we aim for?</h2>\r\n						<p class=\"continut\">To bring forward a different kind of graphic design agency. One that simultaneously provides services for companies and advertising agencies as well.</p>\r\n						<a class=\"cta_about\" href=\"{cms_selflink href=\'outsourcing\'}\">More about Outsourcing </a>\r\n\r\n					</div> <!-- ./col-sm-6 -->\r\n					<div class=\"col-sm-6 content-image-container\">\r\n\r\n						<img src=\"http://vismark.eu/uploads/images/outsourcing-01.jpg\" alt=\"\" class=\"content-image\" alt=\"department_1.png\">\r\n\r\n					</div> <!-- ./col-sm-6 -->\r\n				</div> <!-- ./ROW -->\r\n			</div> <!-- ./container -->\r\n	</div> <!-- ./content_page -->\r\n</div> <!-- ./department1 -->\r\n<!-- END SECTION 2 -->\r\n\r\n<div class=\"section-tour content-image-wrapper\">\r\n	<div class=\"content_page department\">\r\n			<div class=\"container\">\r\n				<div class=\"row\">\r\n					<div class=\"col-sm-6 col-sm-push-6\">\r\n\r\n						<h2 class=\"section-title\">How are we going to do it?</h2>\r\n						<p class=\"continut\">By ensuring quality work through the means of an experienced team and by proposing an innovative system for outsourcing. You can get your hands on the graphic materials at any time, in time and for a fair price.</p>\r\n						<a class=\"cta_about\" href=\"{cms_selflink href=\'outsourcing\'}\">See how it works </a>\r\n\r\n					</div> <!-- ./col-sm-6 -->\r\n					<div class=\"col-sm-6 col-sm-pull-6 content-image-container\">\r\n\r\n						<img src=\"http://vismark.eu/uploads/images/about-03.jpg\" alt=\"\" class=\"content-image right\" alt=\"homepage_display.png\">\r\n\r\n					</div> <!-- ./col-sm-6 -->\r\n				</div> <!-- ./ROW -->\r\n			</div> <!-- ./container -->\r\n	</div> <!-- ./content_page -->\r\n</div> <!-- ./department1 -->\r\n<!-- END SECTION 3 -->\r\n{global_content name=\'modal_lets_chat\'}',NULL,'2017-07-24 16:35:33'),(75,'string','searchable',NULL,NULL,NULL,'1',NULL,'2017-07-24 16:35:33'),(75,'string','extra1',NULL,NULL,NULL,'',NULL,'2017-07-24 16:35:33'),(75,'string','extra2',NULL,NULL,NULL,'',NULL,'2017-07-24 16:35:33'),(75,'string','extra3',NULL,NULL,NULL,'',NULL,'2017-07-24 16:35:33'),(75,'string','pagedata',NULL,NULL,NULL,'',NULL,'2017-07-24 16:35:33'),(75,'string','disable_wysiwyg',NULL,NULL,NULL,'1',NULL,'2017-07-24 16:35:33'),(75,'string','metadescription',NULL,NULL,NULL,'outsource graphic design services',NULL,'2017-07-24 16:35:33'),(75,'string','image',NULL,NULL,NULL,'-1',NULL,'2017-07-24 16:35:33'),(75,'string','thumbnail',NULL,NULL,NULL,'-1',NULL,'2017-07-24 16:35:33'),(75,'string','target',NULL,NULL,NULL,'',NULL,'2017-07-24 16:35:33'),(76,'string','content_en',NULL,NULL,NULL,'<!-- Add code here that should appear in the content block of all new pages -->',NULL,'2016-12-05 13:57:04'),(76,'string','searchable',NULL,NULL,NULL,'1',NULL,'2016-12-05 13:57:04'),(76,'string','extra1',NULL,NULL,NULL,'',NULL,'2016-12-05 13:57:04'),(76,'string','extra2',NULL,NULL,NULL,'',NULL,'2016-12-05 13:57:04'),(76,'string','extra3',NULL,NULL,NULL,'',NULL,'2016-12-05 13:57:04'),(76,'string','pagedata',NULL,NULL,NULL,'',NULL,'2016-12-05 13:57:04'),(76,'string','disable_wysiwyg',NULL,NULL,NULL,'0',NULL,'2016-12-05 13:57:04'),(76,'string','metadescription',NULL,NULL,NULL,'',NULL,'2016-11-28 17:00:38'),(76,'string','image',NULL,NULL,NULL,'-1',NULL,'2016-11-28 17:00:38'),(76,'string','thumbnail',NULL,NULL,NULL,'-1',NULL,'2016-11-28 17:00:38'),(76,'string','target',NULL,NULL,NULL,'',NULL,'2016-12-05 13:57:04'),(77,'string','content_en',NULL,NULL,NULL,'<h2 class=\"title\">We\'ve been working hard to impress you.</h2>\r\n<p class=\"continut\">But it`s better to let others talk about our way of doing things. <br />Here are the views of some of those who let us help them improve their company\'s image.</p>',NULL,'2017-07-24 17:50:00'),(77,'string','searchable',NULL,NULL,NULL,'1',NULL,'2017-07-24 17:50:00'),(77,'string','extra1',NULL,NULL,NULL,'',NULL,'2017-07-24 17:50:00'),(77,'string','extra2',NULL,NULL,NULL,'',NULL,'2017-07-24 17:50:00'),(77,'string','extra3',NULL,NULL,NULL,'',NULL,'2017-07-24 17:50:00'),(77,'string','pagedata',NULL,NULL,NULL,'',NULL,'2017-07-24 17:50:00'),(77,'string','disable_wysiwyg',NULL,NULL,NULL,'0',NULL,'2017-07-24 17:50:00'),(77,'string','metadescription',NULL,NULL,NULL,'',NULL,'2017-07-24 17:50:00'),(77,'string','image',NULL,NULL,NULL,'-1',NULL,'2017-07-24 17:50:00'),(77,'string','thumbnail',NULL,NULL,NULL,'-1',NULL,'2017-07-24 17:50:00'),(77,'string','target',NULL,NULL,NULL,'',NULL,'2017-07-24 17:50:00'),(78,'string','content_en',NULL,NULL,NULL,'<div class=\"content_page department mbottom50 ptop30\">\r\n	<div class=\"text\">\r\n		<div class=\"container\">\r\n			<div class=\"row\">\r\n				<div class=\"col-md-12 text-center\">\r\n\r\n				<h2 class=\"title\">How would you like to have your own design department?</h2>\r\n				<p class=\"continut\">It doesn’t matter if you represent a company or an advertising agency. <br />We came up with the easiest way for you to get all the graphic materials you need in the shortest possible time.</p>\r\n\r\n				</div> <!-- ./col-md-12 -->\r\n			</div> <!-- ./row -->\r\n		</div> <!-- ./container -->\r\n	</div> <!-- ./text -->\r\n</div> <!-- ./content_page -->\r\n<!-- END Main Text -->\r\n\r\n<div class=\"bgk_gray section-tour content-image-wrapper\">\r\n	<div class=\"content_page department\">\r\n		<div class=\"text\">\r\n			<div class=\"container\">\r\n				<div class=\"row\">\r\n					<div class=\"col-sm-6 col-sm-push-6\">\r\n\r\n						<h2 class=\"section-title\">An entire design team <br> for your company</h2>\r\n						<p class=\"continut\">You won’t have a designer or two working on you project, but an entire team, so that your needs will certainly be fulfilled in time.<br /> <br /> <a class=\"cta_about\" href=\"{cms_selflink href=\'contact\'}\">Request a meeting</a></p>\r\n\r\n					</div> <!-- ./col-sm-6 -->\r\n					<div class=\"col-sm-6 col-sm-pull-6 content-image-container\">\r\n\r\n						<img src=\"http://vismark.eu/uploads/images/outsourcing-01.jpg\" alt=\"\" class=\"content-image right\" alt=\"outsourcing-01.jpg\">\r\n\r\n					</div> <!-- ./col-sm-6 -->\r\n				</div> <!-- ./ROW -->\r\n			</div> <!-- ./container -->\r\n		</div> <!-- ./text -->\r\n	</div> <!-- ./content_page -->\r\n</div> <!-- ./department1 -->\r\n<!-- END SECTION 1 -->\r\n\r\n\r\n<div class=\"section-tour content-image-wrapper\">\r\n	<div class=\"content_page department\">\r\n		<div class=\"text\">\r\n			<div class=\"container\">\r\n				<div class=\"row\">\r\n					<div class=\"col-sm-6\">\r\n\r\n						<h2 class=\"section-title\">Work faster and easier<br />in one place</h2>\r\n						<p class=\"continut\">Explore a new and easy way to outsource your graphic design by using the Vismark<sup>®</sup>App for free. Whether we’re talking about a Logo, Website Design, Business Card Design or any other type of material, you can find them all here.<br /> <br /> <a class=\"cta_about\" href=\"/faq/c/2/85/vismark-app\">Read more in FAQ </a></p>\r\n\r\n					</div> <!-- ./col-sm-6 -->\r\n					<div class=\"col-sm-6 content-image-container\">\r\n\r\n						<img src=\"http://vismark.eu/uploads/images/outsourcing-02.jpg\" alt=\"\" class=\"content-image\" alt=\"outsourcing-02.jpg\">\r\n\r\n					</div> <!-- ./col-sm-6 -->\r\n				</div> <!-- ./ROW -->\r\n			</div> <!-- ./container -->\r\n		</div> <!-- ./text -->\r\n	</div> <!-- ./content_page -->\r\n</div> <!-- ./department1 -->\r\n<!-- END SECTION 2 -->\r\n\r\n<div class=\"bgk_gray section-tour content-image-wrapper\">\r\n	<div class=\"content_page department\">\r\n		<div class=\"text\">\r\n			<div class=\"container\">\r\n				<div class=\"row\">\r\n					<div class=\"col-sm-6 col-sm-push-6\">\r\n\r\n						<h2 class=\"section-title\" style=\"margin-top: 3.286em;\">Any number of feedbacks <br />directly on design</h2>\r\n						<p class=\"continut\">It is important that your materials are not only of the highest quality, but also fit for your business. We will work on them until we find the perfect match.</p>\r\n						<h4>Contextual feedback</h4>\r\n						<p class=\"continut\">Using the app you can give feedback straight onto the in progress design by leaving comments.</p>\r\n						<h4>Threaded conversations</h4>\r\n						<p class=\"continut\">Never lose track of your design feedback. All the comments are stored together in one convenient archive. <br /> <br /> <a class=\"cta_about\" href=\"#get_in_touch-modal\" data-toggle=\"modal\">Let`s work together </a></p>\r\n\r\n					</div> <!-- ./col-sm-6 -->\r\n					<div class=\"col-sm-6 col-sm-pull-6 content-image-container\">\r\n\r\n						<img src=\"http://vismark.eu/uploads/images/outsourcing-03B.jpg\" alt=\"\" class=\"content-image right\" alt=\"outsourcing-03B.jpg\">\r\n\r\n					</div> <!-- ./col-sm-6 -->\r\n				</div> <!-- ./ROW -->\r\n			</div> <!-- ./container -->\r\n		</div> <!-- ./text -->\r\n	</div> <!-- ./content_page -->\r\n</div> <!-- ./department1 -->\r\n<!-- END SECTION 3 -->\r\n\r\n<div class=\"section-tour content-image-wrapper\">\r\n	<div class=\"content_page department\">\r\n		<div class=\"text\">\r\n			<div class=\"container\">\r\n				<div class=\"row\">\r\n					<div class=\"col-sm-6\">\r\n\r\n						<h2 class=\"section-title\">No counted hours</h2>\r\n						<p class=\"continut\">Once you have joined the community, you can forget about counted working hours for additional costs. <br /> <br /> <a class=\"cta_about\" href=\"#get_in_touch-modal\" data-toggle=\"modal\">Get in touch </a></p>\r\n\r\n					</div> <!-- ./col-sm-6 -->\r\n					<div class=\"col-sm-6 content-image-container\">\r\n\r\n						<img src=\"http://vismark.eu/uploads/images/outsourcing-04.jpg\" alt=\"\" class=\"content-image\" alt=\"outsourcing-04.jpg\">\r\n\r\n					</div> <!-- ./col-sm-6 -->\r\n				</div> <!-- ./ROW -->\r\n			</div> <!-- ./container -->\r\n		</div> <!-- ./text -->\r\n	</div> <!-- ./content_page -->\r\n</div> <!-- ./department1 -->\r\n<!-- END SECTION 4 -->\r\n\r\n\r\n<div class=\"bgk_gray section-tour content-image-wrapper\">\r\n	<div class=\"content_page department\">\r\n		<div class=\"text\">\r\n			<div class=\"container\">\r\n				<div class=\"row\">\r\n					<div class=\"col-sm-6 col-sm-push-6\">\r\n\r\n						<h2 class=\"section-title\">Unified looking design</h2>\r\n						<p class=\"continut\">Vismark<sup>®</sup> works the way you do. We know how important your image is in front of your clients. We will always make sure that your materials express the personality of your brand.<br /> <br /> <a class=\"cta_about\" href=\"{cms_selflink href=\'contact\'}\">Contact us </a></p>\r\n\r\n					</div> <!-- ./col-sm-6 -->\r\n					<div class=\"col-sm-6 col-sm-pull-6 content-image-container\">\r\n\r\n						<img src=\"http://vismark.eu/uploads/images/outsourcing-05.jpg\" alt=\"\" class=\"content-image right\" alt=\"outsourcing-05.jpg\">\r\n\r\n					</div> <!-- ./col-sm-6 -->\r\n				</div> <!-- ./ROW -->\r\n			</div> <!-- ./container -->\r\n		</div> <!-- ./text -->\r\n	</div> <!-- ./content_page -->\r\n</div> <!-- ./department1 -->\r\n<!-- END SECTION 5 -->\r\n\r\n\r\n<div class=\"content_page\">\r\n    <div class=\"text\">\r\n        <div class=\"container about pbottom60 ptop30 project\">\r\n            <div class=\"container text-center\">\r\n                <h3 class=\"title\">So what`s next?  We`re ready!</h3>\r\n                <a href=\"#get_in_touch-modal\" class=\"gray_cta\" data-toggle=\"modal\">Get in touch</a> \r\n            </div>\r\n        </div>\r\n    </div>\r\n</div>\r\n{global_content name=\'modal_lets_chat\'}',NULL,'2017-02-27 19:20:24'),(78,'string','searchable',NULL,NULL,NULL,'1',NULL,'2017-02-27 19:20:24'),(78,'string','extra1',NULL,NULL,NULL,'',NULL,'2017-02-27 19:20:24'),(78,'string','extra2',NULL,NULL,NULL,'',NULL,'2017-02-27 19:20:24'),(78,'string','extra3',NULL,NULL,NULL,'',NULL,'2017-02-27 19:20:24'),(78,'string','pagedata',NULL,NULL,NULL,'',NULL,'2017-02-27 19:20:24'),(78,'string','disable_wysiwyg',NULL,NULL,NULL,'1',NULL,'2017-02-27 19:20:24'),(78,'string','metadescription',NULL,NULL,NULL,'',NULL,'2017-02-27 19:20:24'),(78,'string','image',NULL,NULL,NULL,'-1',NULL,'2017-02-27 19:20:24'),(78,'string','thumbnail',NULL,NULL,NULL,'-1',NULL,'2017-02-27 19:20:24'),(78,'string','target',NULL,NULL,NULL,'',NULL,'2017-02-27 19:20:24'),(79,'string','content_en',NULL,NULL,NULL,'<!-- Add code here that should appear in the content block of all new pages -->',NULL,'2016-11-28 13:14:23'),(79,'string','searchable',NULL,NULL,NULL,'1',NULL,'2016-11-28 13:14:23'),(79,'string','extra1',NULL,NULL,NULL,'',NULL,'2016-12-05 13:57:27'),(79,'string','extra2',NULL,NULL,NULL,'',NULL,'2016-12-05 13:57:27'),(79,'string','extra3',NULL,NULL,NULL,'',NULL,'2016-12-05 13:57:27'),(79,'string','pagedata',NULL,NULL,NULL,'',NULL,'2016-11-28 13:14:23'),(79,'string','disable_wysiwyg',NULL,NULL,NULL,'0',NULL,'2016-11-28 13:14:23'),(79,'string','metadescription',NULL,NULL,NULL,'',NULL,'2016-11-28 13:14:23'),(79,'string','image',NULL,NULL,NULL,'-1',NULL,'2016-11-28 13:14:23'),(79,'string','thumbnail',NULL,NULL,NULL,'-1',NULL,'2016-11-28 13:14:23'),(79,'string','target',NULL,NULL,NULL,'',NULL,'2016-12-05 13:57:27'),(80,'string','content_en',NULL,NULL,NULL,'<div class=\"content_page\">\r\n	<div class=\"text\">\r\n		<div class=\"container about pbottom30 ptop30\">\r\n			<div class=\"row\">\r\n				<div class=\"col-md-12 text-center\">\r\n\r\n				<h2 class=\"title\">We\'re growing fast, and we\'d love for you to join us.</h2>\r\n				<p class=\"continut\">VISMARK® is a welcoming place for everyone, and we do our best to make sure <br /> people feel supported and connected at work.</p>\r\n\r\n				</div> <!-- ./col-md-12 -->\r\n			</div> <!-- ./row -->\r\n		</div> <!-- ./container -->\r\n	</div> <!-- ./text -->\r\n</div> <!-- ./content_page -->\r\n<!-- END Main Text -->\r\n\r\n<div class=\"content_page bgk_gray\">\r\n	<div class=\"text\">\r\n	{cms_module module=\"Careers\" detailpage=\"careers\" action=\"categories\"}\r\n	</div><!-- ./text -->\r\n</div><!-- ./content_page -->\r\n\r\n<div class=\"content_page\">\r\n	<div class=\"text\">\r\n		<div class=\"container about pbottom30 ptop30\">\r\n			<div class=\"row\">\r\n				<div class=\"col-md-12 text-center\">\r\n\r\n				<p class=\"continut\" style=\"font-size: 13px !important;\">As a proud equal opportunity employer, we\'re committed to hiring top talent regardless of race, religion, color, national origin, sex, sexual orientation, gender identity, age, status as a protected veteran, status as an individual with a disability, or other applicable legally protected characteristics.</p>\r\n\r\n				</div> <!-- ./col-md-12 -->\r\n			</div> <!-- ./row -->\r\n		</div> <!-- ./container -->\r\n	</div> <!-- ./text -->\r\n</div> <!-- ./content_page -->\r\n<!-- END Main Text -->',NULL,'2017-02-21 12:07:43'),(80,'string','searchable',NULL,NULL,NULL,'1',NULL,'2017-02-21 12:07:43'),(80,'string','extra1',NULL,NULL,NULL,'',NULL,'2017-02-21 12:07:43'),(80,'string','extra2',NULL,NULL,NULL,'',NULL,'2017-02-21 12:07:43'),(80,'string','extra3',NULL,NULL,NULL,'',NULL,'2017-02-21 12:07:43'),(80,'string','pagedata',NULL,NULL,NULL,'',NULL,'2017-02-21 12:07:43'),(80,'string','disable_wysiwyg',NULL,NULL,NULL,'1',NULL,'2017-02-21 12:07:43'),(80,'string','metadescription',NULL,NULL,NULL,'',NULL,'2017-02-21 12:07:43'),(80,'string','image',NULL,NULL,NULL,'-1',NULL,'2017-02-21 12:07:43'),(80,'string','thumbnail',NULL,NULL,NULL,'-1',NULL,'2017-02-21 12:07:43'),(80,'string','target',NULL,NULL,NULL,'',NULL,'2017-02-21 12:07:43'),(81,'string','content_en',NULL,NULL,NULL,'<div class=\"content_page\">\r\n	<div class=\"text\">\r\n		<div class=\"container\">\r\n			<div class=\"row abonarenewsletter_vmk\">\r\n				<div class=\"col-md-12 text-center\">\r\n					<h2 class=\"title\">Newsletter</h2>\r\n					<p class=\"continut\">We love graphic design and we know you do too. </br>Don`t bother seeking out new information, but let us keep you updated with the latest weekly trends.</p>\r\n				</div>\r\n				<div class=\"col-md-4 col-xs-12\"> </div>\r\n				<div class=\"col-md-4 col-xs-12\">\r\n					<form id=\"form1\" action=\"\" method=\"post\">\r\n						<input type=\"text\" name=\"name\" placeholder=\"Name\" /> \r\n						<input type=\"email\" name=\"email\" placeholder=\"Email Address\" /> \r\n						<input type=\"submit\" value=\"Subscribe now\" />\r\n					</form>\r\n				</div>\r\n				<div class=\"col-md-4 col-xs-12\"> </div>\r\n			</div>\r\n			<div id=\"divid\"></div>\r\n		</div>\r\n	</div>\r\n</div>\r\n<script type=\"text/javascript\">// <![CDATA[\r\n$(\"#form1\").submit(function(e){\r\n    e.preventDefault();\r\n    var self = this;\r\n    $.ajax({\r\n        type: \'post\',\r\n        url: \'nl.php\',\r\n        data: $(self).serialize(),\r\n        success: function(data) {\r\n        	$(\"#divid\").html(data);\r\n        }\r\n    });\r\n});\r\n// ]]></script>',NULL,'2017-02-21 13:47:03'),(81,'string','searchable',NULL,NULL,NULL,'1',NULL,'2017-02-21 13:47:03'),(81,'string','extra1',NULL,NULL,NULL,'',NULL,'2017-02-21 13:47:03'),(81,'string','extra2',NULL,NULL,NULL,'',NULL,'2017-02-21 13:47:03'),(81,'string','extra3',NULL,NULL,NULL,'',NULL,'2017-02-21 13:47:03'),(81,'string','pagedata',NULL,NULL,NULL,'',NULL,'2017-02-21 13:47:03'),(81,'string','disable_wysiwyg',NULL,NULL,NULL,'1',NULL,'2017-02-21 13:47:03'),(81,'string','metadescription',NULL,NULL,NULL,'',NULL,'2017-02-21 13:47:03'),(81,'string','image',NULL,NULL,NULL,'-1',NULL,'2017-02-21 13:47:03'),(81,'string','thumbnail',NULL,NULL,NULL,'-1',NULL,'2017-02-21 13:47:03'),(81,'string','target',NULL,NULL,NULL,'',NULL,'2017-02-21 13:47:03'),(82,'string','content_en',NULL,NULL,NULL,'<div class=\"content_page\">\r\n<div class=\"text\">\r\n<div class=\"container\">\r\n<div class=\"row\">\r\n<div class=\"col-md-2\"> </div>\r\n<div class=\"col-md-8 terms\">\r\n<h3 class=\"title\">TERMS OF SERVICE</h3>\r\n<p>The following Terms and Conditions of Service apply to all products and services provided by VISMARK® Consulting S.R.L. (hereinafter referred to as VISMARK®) and in the event of any dispute are governed by the laws of Romania.</p>\r\n<p>All work is carried out by VISMARK® on the understanding that the client has agreed to our terms and conditions.</p>\r\n<p>Copyright is retained by VISMARK® on all design work including words, pictures, ideas, proofs, visual concepts and illustrations unless specifically released in writing and after all costs have been settled.</p>\r\n<p>If a choice of designs is presented and one is chosen for your project, only that solution is deemed to be given by us as fulfilling the contract. All other designs remain the property of VISMARK®, unless specifically agreed in writing. VISMARK® reserved the rights to choose it`s clients.</p>\r\n<p>Please contact us if you do not understand any of the terms and conditions in this document. Please also note that from time to time VISMARK® may need to alter these terms and conditions without notice.</p>\r\n<h4 class=\"title\">DEFINITIONS</h4>\r\n<p>\'VISMARK® Consulting S.R.L.\' or \'VISMARK®\' means Vismark Consulting S.R.L. as , \'VISMARK®\' or \'VISMARK®App\'</p>\r\n<p>\'Client\' means a person/s or company who engages VISMARK® for design and related services</p>\r\n<p>\'Quotation\' means the design quotation provided to the client in writing by VISMARK®</p>\r\n<p>\'Project\' means the scope and purpose of the client\'s identified usage of the work product as described in the quotation</p>\r\n<p>\'Service\' and \'services\' means the service/s and to be provided to the client by VISMARK®, as described and otherwise further defined in the quotation</p>\r\n<p>\'Deliverables\' and \'materials\' means the end product/s to be delivered by VISMARK® to the client, in the form and media specified in the quotation</p>\r\n<p>\'Website\' means a connected group of pages on the World Wide Web regarded as a single entity, maintained by VISMARK®</p>\r\n<h4 class=\"title\">VISMARK® CONTENT</h4>\r\n<p>The Website, the Services, and their contents may only be used in accordance with the terms of this Agreement. All materials displayed or performed on the Website or in the Services, including, but not limited to text, graphics, articles, photographs, images, illustrations (also known as the \"VISMARK® Content,\") are protected by copyright. You shall abide by all copyright notices, trademark rules, information, and restrictions contained in any VISMARK® Content accessed through the Services, and shall not use, copy, reproduce, modify, translate, publish, broadcast, transmit, distribute, perform, upload, display, license, sell or otherwise exploit for any purposes whatsoever any VISMARK® Content or other proprietary rights not owned by you: (i) without the express prior written consent of the respective owners, and (ii) in any way that violates any third party right.</p>\r\n<h4 class=\"title\">ACCOUNTS, PASSWORDS, AND SECURITY</h4>\r\n<p>The client is responsible for all activity that occurs via his account on VISMARK®App. The client must notify Customer Support immediately if becoming aware of any unauthorized use of his account. The client may not (a) Share his account information (except with an authorized account administrator) or (b) use another person\'s account. The account administrator may use the clients account information to manage the access to his projects, previews and proofs, chat messages, invoices, pin-tasks, contact details, personal information, billing information and passwords.</p>\r\n<p>Only the clients of VISMARK® services can have an account. VISMARK® can create the clients account, for free, after he place the order. The account can be deleted on express request released in writing. VISMARK® reserves the right to close or delete the clients account with or without a notice.</p>\r\n<h4 class=\"title\">COMMENCEMENT OF WORK</h4>\r\n<p>Agreement to work with, and submission of a design brief and payment of deposit to VISMARK® constitutes agreement to these terms and conditions. VISMARK® reserves the right to use the services of sub-contractors, agents and suppliers and any work, content, services and usage is bound by their Terms and Conditions. VISMARK® will not knowingly perform any actions to contravene these and the client also agrees to be so bound.</p>\r\n<h4 class=\"title\">QUOTATION</h4>\r\n<p>All Quotations are provided by VISMARK® free of charge and are valid for 30 days from the date of issue. Quotations that are not accepted within the time identified may be subject to amendment. All quoted are priced in Euros. Additional work which is outside the original scope and not provided for in the original quotation, is charged at an additional hourly rate of €20 to €35 per hour ex.</p>\r\n<h4 class=\"title\">DESIGN PAYMENT TERMS</h4>\r\n<p>Charges for design services to be provided by VISMARK® will be set out in the written estimate or quotation that is provided to the customer. At the time of the customer\'s signed acceptance of this estimate or quotation, indicating acceptance of the Terms &amp; Conditions.</p>\r\n<p>Unless agreed otherwise with the Client, all design services require an advance payment of a minimum of fifty (50) percent of the project quotation total before the work commences. The remaining fifty (50) percent of the project quotation total will be due upon completion of the work prior to upload to the server or release of materials.</p>\r\n<p>Once research, resources allocated or design work has commenced on a project, this deposit is <strong>non-refundable</strong>. In the case of a change of mind by \"The Client\" this deposit is <strong>non-refundable</strong>. VISMARK® endeavours to provide design services that meet and exceed a client\'s needs and expectations, but in the event of a \"change of mind\" (after a project has commenced) by \"The Client\", the initial 50% deposit is forfeited, plus a prorata payment based upon the time spent.</p>\r\n<p>The invoices which remain unpaid for 7 days after the date of invoice will incur an additional <span style=\"text-decoration: underline;\">late payment fee equivalent to 5%</span> of the project costs for each week payment is outstanding. The client is responsible for all debt collection fees, legal fees and court fees that may be incurred as a result of the client\'s failure to pay invoices within 7 calendar days of date of issue. If you are having difficulty paying your invoice, please get in touch as soon as you are aware of the issue, so we can discuss a solution that works for your company.</p>\r\n<h4 class=\"title\">CONFIDENTIAL INFORMATION</h4>\r\n<p>VISMARK® and the client both acknowledge that during business dealings they may receive certain confidential information and materials of the other party. Each party, including its agents and employees, agrees to hold and maintain in strict confidence all confidential Information, shall not disclose confidential Information to any third party, and shall not use any confidential Information except as may be necessary to perform its obligations under the Quotation, and as may be required by a court or governmental authority.</p>\r\n<p>Confidential Information does not include any information that is in the public domain or becomes publicly known through no fault of the receiving party, or is otherwise properly received from a third party without an obligation of confidentiality.</p>\r\n<p> </p>\r\n<h4 class=\"title\">DEADLINES</h4>\r\n<p>Every effort possible is made by VISMARK® to meet required deadlines. Additional charges may apply if VISMARK® is required to work outside of normal business hours in order to meet deadlines. It is the client\'s responsibility to notify VISMARK® of deadlines prior to the commencement of the project.</p>\r\n<p>VISMARK® will not be liable or held responsible for any deadlines not met, or any costs incurred as a result, due to circumstances beyond VISMARK®\'s control, such as illness, injury, client delay, or third-party or sub-contractor turnaround times. Final approval of art must also be provided to VISMARK® in writing before any work is released – verbal approvals cannot be accepted.</p>\r\n<h4 class=\"title\">PROOFS</h4>\r\n<p>All concepts created by VISMARK® are presented in low resolution draft format for on-screen proofing. High resolution files are only released once full payment is received. VISMARK® exercises reasonable effort to proof and test deliverables prior to presentation. All concepts presented by VISMARK® are created to the very best of VISMARK®\'s ability and knowledge. The client must confirm in writing or in VISMARK®App that they approve or require revisions to supplied proofs, within 14 days of receipt of proofs.</p>\r\n<h4 class=\"title\">REVISIONS</h4>\r\n<p>Any and all corrections, changes or amendments to a project must be provided to VISMARK® in writing or through VISMARK®App. Each quotation allows the client unlimited rounds of minor revisions to their project within 50 days of receipt of the first proofs. Any revisions or updates not nominated in the 50 days rounds of minor revisions, or otherwise accounted for in the quotation, are charged at an hourly rate of €20 to €35 per hour. Should the client choose not to proceed with the project, an invoice will be issued for work completed up to that date.</p>\r\n<h4 class=\"title\">ERRORS &amp; OMISSIONS</h4>\r\n<p>Whilst all care is taken by VISMARK® in producing proofs and final art, it is understood that the client assumes and accepts liability for any and all errors not corrected. The client is responsible for proof reading and identifying any errors or omissions, prior to final approval. Final artwork is not released to the client or third parties (eg. printers) until final approval of art is provided to VISMARK® in writing or through VISMARK®App – verbal approvals cannot be accepted. Should the client request a project reprint, the client is solely responsible for payment of all associated costs. VISMARK® cannot issue credit or refunds.</p>\r\n<h4 class=\"title\">OFFSET &amp; DIGITAL PRINTING</h4>\r\n<p>Files provided by the client to VISMARK® for use in high quality print reproduction, must be supplied as CMYK and at a minimum resolution of 300dpi at actual size. Additional charges may apply where VISMARK® is required to manipulate and convert client supplied files, to ensure they are press-ready.</p>\r\n<p>VISMARK® thoroughly checks all images supplied, and provides advice to the client regarding reproduction quality, colour and stock. The client accepts that VISMARK® is not responsible for any client supplied images that do not print as expected. VISMARK® supplies files to print companies and other third parties for high quality reproduction, at a minimum of 300dpi at actual size, or as high resolution PDF\'s, and as per their required specifications.</p>\r\n<p>Due to variations in computer settings, on-screen colour proofing may differ between monitors and devices, and can differ from the final printed result. The Client acknowledges that on-screen proofing is not an accurate representation of the final printed project, and that VISMARK® is not responsible for any colour variations that may occur between on-screen proofs and the final printed outcome.</p>\r\n<p>Colour accuracy is best determined at the chosen print company, by the production of pre-press calibrated high resolution proofs. Depending upon the print company, such colour-accurate hard copy proofs may attract an additional cost, prices are available upon request. VISMARK® will happily press-check projects where feasible and where requested, to help ensure consistency and the best possible printed outcome. The client accepts that VISMARK® is not responsible for any print inaccuracies that may arise.</p>\r\n<h4 class=\"title\">FILE FORMATS</h4>\r\n<p>VISMARK® does not release or supply any working files used in the creation of a project (such as Adobe Illustrator, InDesign, Photoshop, Corel and so on). High resolution PDF\'s of a completed project can be supplied upon final payment, at the client\'s request. Upon project completion, VISMARK® securely backs up and stores all associated files for minimum 50 days. Should the client request the supply of any files more than 50 days after project completion, a small retrieval fee may be incurred.</p>\r\n<h4 class=\"title\">USE OF IMAGES</h4>\r\n<p>VISMARK® can not use images that violate copyright. Client supplied images must be sourced from reputable stock photography libraries, or the client must be the copyright holder or have written permission from the copyright holder to use the image/s for commercial purposes. The client is fully responsable if the used images are violating the copyrights. VISMARK® can source professional stock photography as required. Professional stock photography that is no accounted for in the initial quotation attracts an additional cost which is payable by the client.</p>\r\n<h4 class=\"title\">INCOMPLETE &amp; CANCELLED PROJECTS</h4>\r\n<p>The client, within 14 calendar days of receipt of each proof, shall notify VISMARK® of any corrections, changes or amendments the client wishes to be made. Should the Client fail to contact VISMARK® within 14 calendar days of receipt of proof/s, and notify VISMARK® of any corrections, changes or amendments, or of final proof approval, VISMARK® reserves the right to consider the project finalised, and issue an invoice for payment of work completed. In the event of a project termination by either party, VISMARK® will issue an invoice for all work completed up to the date of cancellation, and payment of this invoice is required by the Client.</p>\r\n<h4 class=\"title\">ADDITIONAL COSTS</h4>\r\n<p>Quotation pricing includes VISMARK®\'s fees only. Any and all third party costs will be invoiced to the client, unless specifically otherwise provided for in the quotation. Such outside costs include, but are not limited to, postage and packaging, freight and shipping, courier fees, high resolution proofs from chosen offset printer, offset printing, digital printing, photocopies, artwork burnt to disk, sub-contractor\'s costs and fees, stock photography, photography and or artwork licenses, online access or hosting fees, parking fees, tolls, taxi fares and public transportation fares.</p>\r\n<h4 class=\"title\">PROMOTION</h4>\r\n<p>VISMARK® retains the right to publish and display any client projects in VISMARK®\'s portfolio, website, design periodicals, and other media or presentations.</p>\r\n<h4 class=\"title\">QUESTIONS OR CONCERNS</h4>\r\n<p>If you have any questions or concerns regarding our terms of services, please send us a detailed message on email, at support@vismark.eu. We will make every effort to resolve your concerns.</p>\r\n<p>S.C. Vismark Consulting S.R.L., 5 Baraganului Street, Ap. 41, Zip Code 810453, Braila, Romania<br /> Phone +4 031 101 10 72<br /><br /> Effective Date: December 5, 2016</p>\r\n</div>\r\n<div class=\"col-md-2\"> </div>\r\n</div>\r\n<div class=\"row text-center\">\r\n<h2 class=\"title\">Get in touch!</h2>\r\n<a class=\"gray_cta\" href=\"en/contact\" data-toggle=\"modal\">Contact us</a></div>\r\n</div>\r\n</div>\r\n</div>',NULL,'2017-06-01 16:54:20'),(82,'string','searchable',NULL,NULL,NULL,'1',NULL,'2017-06-01 16:54:20'),(82,'string','extra1',NULL,NULL,NULL,'',NULL,'2017-06-01 16:54:20'),(82,'string','extra2',NULL,NULL,NULL,'',NULL,'2017-06-01 16:54:20'),(82,'string','extra3',NULL,NULL,NULL,'',NULL,'2017-06-01 16:54:20'),(82,'string','pagedata',NULL,NULL,NULL,'',NULL,'2017-06-01 16:54:20'),(82,'string','disable_wysiwyg',NULL,NULL,NULL,'0',NULL,'2017-06-01 16:54:20'),(82,'string','metadescription',NULL,NULL,NULL,'',NULL,'2017-06-01 16:54:20'),(82,'string','image',NULL,NULL,NULL,'-1',NULL,'2017-06-01 16:54:20'),(82,'string','thumbnail',NULL,NULL,NULL,'-1',NULL,'2017-06-01 16:54:20'),(82,'string','target',NULL,NULL,NULL,'',NULL,'2017-06-01 16:54:20'),(83,'string','content_en',NULL,NULL,NULL,'<div class=\"content_page\">\r\n<div class=\"text\">\r\n<div class=\"container\">\r\n<div class=\"row\">\r\n<div class=\"col-md-2\"> </div>\r\n<div class=\"col-md-8 terms\">\r\n<h3 class=\"title\">We value your privacy and trust.</h3>\r\n<h4 class=\"title\">OVERVIEW</h4>\r\n<p class=\"continut\">We at VISMARK® Consulting S.R.L. (\"VISMARK® ,\" \"we,\" \"us,\" \"our\") know that our clients (\"you,\" \"your\") care about how your personal information is used and shared, and we take your privacy seriously. This privacy policy describes how VISMARK® collects and uses the personal information you provide on our Website: vismark.eu/vismark.ro/vismark.org. Please read the following to learn more about our Privacy Policy. By visiting or using the Website or Services in any manner, you acknowledge that you accept the practices and policies outlined in this Privacy Policy and you hereby consent that we will collect, use, and share your information in the following ways. Any capitalized terms used herein without definition shall have the meaning given to them in the VISMARK® Terms of Use.</p>\r\n<h4 class=\"title\">TYPES OF PERSONAL INFORMATION WE COLLECT</h4>\r\n<p>VISMARK® collects the following types of Personal Information through the Service: <br /> a) Contact Information;<br /> b) Financial Account Information;<br /> c) Company Information;<br /> d) User Account Information and Content;<br /> e) Other informations you provide to us</p>\r\n<h4 class=\"title\">HOW DO WE USE THE INFORMATION THAT YOU PROVIDE TO US?</h4>\r\n<p>Broadly speaking, we use personal information for purposes of administering our business activities, providing customer service and making available other items and services to our clients and prospective clienti.</p>\r\n<p>VISMARK® will not obtain personally-identifying information about you when you visit our site, unless you choose to provide such information to us, nor will such information be sold or otherwise transferred to unaffiliated third parties without the approval of the user at the time of collection.</p>\r\n<p>We may disclose information when legally compelled to do so, in other words, when we, in good faith, believe that the law requires it or for the protection of our legal rights.</p>\r\n<p>This policy does not apply to the practices of companies that we do not own or control, or to individuals that we do not employ or manage.</p>\r\n<p>We do not knowingly collect or solicit personal information from anyone under the age of 18 or knowingly allow such persons to register for the Services. No one under age 18 may provide any personal information to us or on the Services.</p>\r\n<h4 class=\"title\">IP ADDRESSES</h4>\r\n<p>IP addresses are used by your computer every time you are connected to the Internet. Your IP address is a number that is used by computers on the network to identify your computer. IP addresses are automatically collected by our web server as part of demographic and profile data known as \"traffic data\" so that data (such as the Web pages you request) can be sent to you.</p>\r\n<h4 class=\"title\">EMAIL INFORMATION</h4>\r\n<p>If you choose to correspond with us through email, we may retain the content of your email messages together with your email address and our responses. We provide the same protections for these electronic communications that we employ in the maintenance of information received online, mail, VISMARK® App and telephone. This also applies when you register for our website, sign up through any of our forms using your email address or make a purchase on this site. For further information see the email policies below.</p>\r\n<h4 class=\"title\">EMAIL POLICIES</h4>\r\n<p>We are committed to keeping your e-mail address confidential. We do not sell, rent, or lease our subscription lists to third parties, and we will not provide your personal information to any third party individual, government agency, or company at any time unless strictly compelled to do so by law.</p>\r\n<p>We will use your e-mail address solely to provide timely information about VISMARK®, VISMARK® App and services.</p>\r\n<p>We will maintain the information you send via e-mail or through VISMARK® App in accordance with applicable law.</p>\r\n<h4 class=\"title\">CAN-SPAM Compliance</h4>\r\n<p>In compliance with the CAN-SPAM Act, all e-mail sent from our organization will clearly state who the e-mail is from and provide clear information on how to contact the sender. In addition, all e-mail messages will also contain concise information on how to remove yourself from our mailing list so that you receive no further e-mail communication from us.</p>\r\n<h4 class=\"title\">Choice/Opt-Out</h4>\r\n<p>Our site provides users the opportunity to opt-out of receiving communications from us and our partners by reading the unsubscribe instructions located at the bottom of any e-mail they receive from us at anytime.</p>\r\n<p>The clients who no longer wish to receive our newsletter or promotional materials may opt-out of receiving these communications by clicking on the unsubscribe link in the e-mail.</p>\r\n<h4 class=\"title\">STORAGE AND SECURITY</h4>\r\n<p>We believe the security of your information is a serious issue and we are committed to protecting the information we receive from you. We use commercially reasonable security measures to protect against the loss, misuse and alteration of your information under our control. Notwithstanding such measures, please be aware that no security measures are perfect or impenetrable, and we cannot guarantee the security of any information transmitted to or from the Service. We also are not responsible for the actions of any third parties that may receive any such information.</p>\r\n<p>We may transfer your information to, or maintain it on, computers located outside of your state or country, in a location having laws that are less protective of your privacy. If you are located outside Romania and choose to provide information to us, be advised that VISMARK® is located in the Romania and processes your information in Romania. By using the Service under this Privacy Policy and the Terms of Service, you consent to the transfer of your information to Romania.</p>\r\n<h4 class=\"title\">WHERE DO WE STORE YOUR PERSONAL INFORMATION?</h4>\r\n<p>The information that we collect from the client may be transferred to, and stored and processed at, a destination in Romania. By submitting information, you agree to this transfer, storing or processing. We will take all steps reasonably necessary to ensure that your information is treated securely and in accordance with this Privacy Policy.</p>\r\n<h4 class=\"title\">USE OF EXTERNAL LINKS</h4>\r\n<p>http://www.vismark.eu /.ro /.org may contain links to many other websites. VISMARK® cannot guarantee the accuracy of information found at any linked site. Links to or from external sites not owned or controlled by VISMARK® do not constitute an endorsement by VISMARK® or any of its employees of the sponsors of these sites or the products or information presented therein.</p>\r\n<p>By accessing the VISMARK® website, you are agreeing to be bound by these web site Privacy Policy and Terms and Conditions of Use, all applicable laws and regulations, and agree that you are responsible for compliance with any applicable local laws. If you do not agree with any of these terms, you are prohibited from using or accessing this site. The materials contained in this web site are protected by applicable copyright and trade mark law.</p>\r\n<h4 class=\"title\">INTELLECTUAL PROPERTY RIGHTS</h4>\r\n<p>All copyrights, trademarks, patents and other intellectual property rights in and on our website and all content and software located on the site shall remain the sole property of VISMARK® or its licensors. The use of our trademarks, content and intellectual property is forbidden without the express written consent from VISMARK®.</p>\r\n<p>You must not:<br /> - Republish material from our website without prior written consent.<br /> - Sell or rent material from our website.<br /> - Reproduce, duplicate, create derivative, copy or otherwise exploit material on our website for any purpose.<br /> - Redistribute any content from our website, including onto another website.</p>\r\n<h4 class=\"title\">ACCEPTABLE USE</h4>\r\n<p>You agree to use our website only for lawful purposes, and in a way that does not infringe the rights of, restrict or inhibit anyone else\'s use and enjoyment of the website. Prohibited behavior includes harassing or causing distress or inconvenience to any other user or client, transmitting obscene or offensive content or disrupting the normal flow of dialogue within our website.</p>\r\n<p>You must not use our website to send unsolicited commercial communications. You must not use the content on our website for any marketing related purpose without our express written consent.</p>\r\n<h4 class=\"title\">RESTRICTED ACCESS</h4>\r\n<p>We may in the future need to restrict access to parts (or all) of our website and reserve full rights to do so. If, at any point, we provide you with a username and password for you to access restricted areas of our website, you must ensure that both your username and password are kept confidential.</p>\r\n<h4 class=\"title\">USE OF TESTIMONIALS</h4>\r\n<p>In accordance to the guidelines concerning the use of endorsements and testimonials in advertising, please be aware of the following:</p>\r\n<p>Testimonials that appear on this site are actually received via text, audio or video submission. They are individual experiences, reflecting real life experiences of those who have used our products and/or services in some way. They are individual results and results do vary. We do not claim that they are typical results. The testimonials are not necessarily representative of all of those who will use our products and/or services.</p>\r\n<p>The testimonials displayed in any form on this site (text, audio, video or other) are reproduced verbatim, except for correction of grammatical or typing errors. Some may have been shortened. In other words, not the whole message received by the testimonial writer is displayed when it seems too lengthy or not the whole statement seems relevant for the general public.</p>\r\n<p>VISMARK® is not responsible for any of the opinions or comments posted on http://www.vismark.eu /.ro /.org. VISMARK® is not a forum for testimonials, however provides testimonials as a means for customers to share their experiences with one another. To protect against abuse, all testimonials appear after they have been reviewed by management of VISMARK®.</p>\r\n<p>The testimonials are never intended to make claims that our products and/or services can be used to diagnose, treat, cure, mitigate or prevent any disease. Any such claims, implicit or explicit, in any shape or form, have not been clinically tested or evaluated.</p>\r\n<h4 class=\"title\">NO RESPONSIBILITY FOR PRIVACY PRACTICES OF THIRD PARTIES</h4>\r\n<p>This Privacy Policy applies only to the Service. It does not apply to sites that have linked or are redirected to or from the Service (\"Third Party Sites\"), regardless of whether or not such link or redirection is authorized by VISMARK®. Third Party Sites may have their own policies regarding privacy, or no policy at all. VISMARK® is not responsible for Third Party Sites and you use them at your own risk.</p>\r\n<h4 class=\"title\">INTERACTIONS WITH OTHERS</h4>\r\n<p>The Service may contain areas where you may be able to publicly post information, communicate with others such as discussion boards or blogs, review goods, services vendors, and submit media content. Such use is subject to our Terms of Service, and may be viewed by the public at large. Any information, including Personal Information, that you post there will be public, and therefore anyone who accesses such postings will have the ability to read, collect and further disseminate such information.</p>\r\n<h4 class=\"title\">ACCESSING AND CORRECTING PERSONAL INFORMATION</h4>\r\n<p>You may correct or update certain of your Personal Information via your VISMARK® App account.</p>\r\n<p>You may close or delete your account by sending notice in writing to us, but VISMARK® will nevertheless retain your Personal Information so as to protect the business interests of VISMARK® , VISMARK® Affiliates, vendors and other users. Those interests include the completion of transactions, maintaining records for financial reporting purposes, complying with our legal obligations, resolving disputes, and enforcing agreements.</p>\r\n<h4 class=\"title\">CHANGES TO THE PRIVACY POLICY</h4>\r\n<p>VISMARK® reserves the right to change this Privacy Policy. Such changes may be announced to you either by email or by the posting of the revised policy on the Service. You are responsible for reviewing both your own email and the Service to determine what is the then-current Privacy Policy.</p>\r\n<h4 class=\"title\">NOTICE TO RESIDENTS OF COUNTRIES OUTSIDE ROMANIA</h4>\r\n<p>VISMARK® is headquartered in Romania. Personal Information may be accessed by us or transferred to us in Romania or to VISMARK® Affiliates, business partners, vendors, or service providers elsewhere in the world. By providing us with Personal Information, you consent to this transfer. VISMARK® will adhere to its Privacy Policy, regardless of where the Personal Information is processed or stored.</p>\r\n<h4 class=\"title\">QUESTIONS OR CONCERNS</h4>\r\n<p>If you have any questions or concerns regarding our privacy policies, please send us a detailed message on email, at support@vismark.eu. We will make every effort to resolve your concerns.</p>\r\n<p>S.C. Vismark Consulting S.R.L., 5 Baraganului Street, Ap. 41, Zip Code 810453, Braila, Romania<br /> Phone +4 031 101 10 72<br /><br /> Effective Date: 5th of December, 2016</p>\r\n</div>\r\n<div class=\"col-md-2\"> </div>\r\n</div>\r\n<div class=\"row text-center\">\r\n<h2 class=\"title\">Get in touch!</h2>\r\n<a class=\"gray_cta\" href=\"en/contact\" data-toggle=\"modal\">Contact us</a></div>\r\n</div>\r\n</div>\r\n</div>',NULL,'2017-06-01 16:52:12'),(83,'string','searchable',NULL,NULL,NULL,'1',NULL,'2017-06-01 16:52:12'),(83,'string','extra1',NULL,NULL,NULL,'',NULL,'2017-06-01 16:52:12'),(83,'string','extra2',NULL,NULL,NULL,'',NULL,'2017-06-01 16:52:12'),(83,'string','extra3',NULL,NULL,NULL,'',NULL,'2017-06-01 16:52:12'),(83,'string','pagedata',NULL,NULL,NULL,'',NULL,'2017-06-01 16:52:12'),(83,'string','disable_wysiwyg',NULL,NULL,NULL,'0',NULL,'2017-06-01 16:52:12'),(83,'string','metadescription',NULL,NULL,NULL,'',NULL,'2017-06-01 16:52:12'),(83,'string','image',NULL,NULL,NULL,'-1',NULL,'2017-06-01 16:52:12'),(83,'string','thumbnail',NULL,NULL,NULL,'-1',NULL,'2017-06-01 16:52:12'),(83,'string','target',NULL,NULL,NULL,'',NULL,'2017-06-01 16:52:12'),(79,'string','url',NULL,NULL,NULL,'http://app.vismark.eu',NULL,'2016-12-05 13:57:27'),(77,'string','testimoniale',NULL,NULL,NULL,'{Testimoniale filter_alias_equal=\"paul-ardeleanu\" summarytemplate=\"text\"} {Testimoniale filter_alias_equal=\"svetlana-simion\" summarytemplate=\"text\"} {Testimoniale filter_alias_equal=\"sergiu-constantinescu\" summarytemplate=\"text\"}\r\n<div class=\"clearfix\"> </div>\r\n<br />\r\n<div class=\"clearfix\"> </div>\r\n{Testimoniale filter_alias_equal=\"razvan-sdrobis\" summarytemplate=\"text\"} {Testimoniale filter_alias_equal=\"sandel-prodan\" summarytemplate=\"text\"} {Testimoniale filter_alias_equal=\"elena-ivancenco\" summarytemplate=\"text\"}\r\n<div class=\"clearfix\"> </div>\r\n<br />\r\n<div class=\"clearfix\"> </div>\r\n{Testimoniale filter_alias_equal=\"madalina-bacaim\" summarytemplate=\"text\"} {Testimoniale filter_alias_equal=\"alice-constantin\" summarytemplate=\"text\"} {Testimoniale filter_alias_equal=\"catalin-pana\" summarytemplate=\"text\"}\r\n<div class=\"clearfix\"> </div>\r\n<br />\r\n<div class=\"clearfix\"> </div>\r\n{Testimoniale filter_alias_equal=\"sherif-abdala\" summarytemplate=\"video\"}\r\n<div class=\"clearfix\"> </div>\r\n<br />\r\n<div class=\"clearfix\"> </div>\r\n{Testimoniale filter_alias_equal=\"toni-spiridon\" summarytemplate=\"text\"} {Testimoniale filter_alias_equal=\"robert-dumitru\" summarytemplate=\"text\"} {Testimoniale filter_alias_equal=\"nathaniel-geana\" summarytemplate=\"text\"}\r\n<div class=\"clearfix\"> </div>\r\n<br />\r\n<div class=\"clearfix\"> </div>\r\n{Testimoniale filter_alias_equal=\"costin-iurea\" summarytemplate=\"text\"} {Testimoniale filter_alias_equal=\"marius-visinescu\" summarytemplate=\"text\"} {Testimoniale filter_alias_equal=\"apostol-mihai\" summarytemplate=\"text\"}\r\n<div class=\"clearfix\"> </div>\r\n<br />\r\n<div class=\"clearfix\"> </div>\r\n{Testimoniale filter_alias_equal=\"vania-szasz\" summarytemplate=\"text\"} {Testimoniale filter_alias_equal=\"marian-mocanu\" summarytemplate=\"text\"} {Testimoniale filter_alias_equal=\"david-alexandru\" summarytemplate=\"text\"}\r\n<div class=\"clearfix\"> </div>\r\n<br />\r\n<div class=\"clearfix\"> </div>\r\n{Testimoniale filter_alias_equal=\"razvan-dragoi\" summarytemplate=\"video\"}\r\n<div class=\"clearfix\"> </div>\r\n<br />\r\n<div class=\"clearfix\"> </div>\r\n{Testimoniale filter_alias_equal=\"anca-alina-ionescu\" summarytemplate=\"text\"} {Testimoniale filter_alias_equal=\"ion-codreanu\" summarytemplate=\"text\"} {Testimoniale filter_alias_equal=\"marian-ciufu\" summarytemplate=\"text\"}\r\n<div class=\"clearfix\"> </div>\r\n<br />\r\n<div class=\"clearfix\"> </div>\r\n{Testimoniale filter_alias_equal=\"marius-lazia\" summarytemplate=\"text\"} {Testimoniale filter_alias_equal=\"leonard-dima\" summarytemplate=\"text\"} {Testimoniale filter_alias_equal=\"nagy-tibor\" summarytemplate=\"text\"}\r\n<div class=\"clearfix\"> </div>\r\n<br />\r\n<div class=\"clearfix\"> </div>\r\n{Testimoniale filter_alias_equal=\"lss-text\" summarytemplate=\"text\"} {Testimoniale filter_alias_equal=\"marius-bura\" summarytemplate=\"text\"} {Testimoniale filter_alias_equal=\"ionut-merlusca\" summarytemplate=\"text\"}\r\n<div class=\"clearfix\"> </div>\r\n<br />\r\n<div class=\"clearfix\"> </div>\r\n{Testimoniale filter_alias_equal=\"lorand-soares-szasz\" summarytemplate=\"video\"}\r\n<div class=\"clearfix\"> </div>\r\n<br />\r\n<div class=\"clearfix\"> </div>\r\n{Testimoniale filter_alias_equal=\"george-viziru\" summarytemplate=\"text\"} {Testimoniale filter_alias_equal=\"mihaela-steti\" summarytemplate=\"text\"} {Testimoniale filter_alias_equal=\"liviu-caramalau\" summarytemplate=\"text\"}\r\n<div class=\"clearfix\"> </div>\r\n<br />\r\n<div class=\"clearfix\"> </div>\r\n{Testimoniale filter_alias_equal=\"larisa-grajdieru-loos\" summarytemplate=\"text\"} {Testimoniale filter_alias_equal=\"gabriel-radu\" summarytemplate=\"text\"} {Testimoniale filter_alias_equal=\"zoltan-tussai\" summarytemplate=\"text\"}\r\n<div class=\"clearfix\"> </div>\r\n<br />\r\n<div class=\"clearfix\"> </div>\r\n{Testimoniale filter_alias_equal=\"lacramioara-manole\" summarytemplate=\"text\"} {Testimoniale filter_alias_equal=\"lucian-ciobanu\" summarytemplate=\"text\"} {Testimoniale filter_alias_equal=\"eliza-nitescu\" summarytemplate=\"text\"}\r\n<div class=\"clearfix\"> </div>\r\n<br />\r\n<div class=\"clearfix\"> </div>\r\n{Testimoniale filter_alias_equal=\"monica-paraschiv\" summarytemplate=\"video\"}\r\n<div class=\"clearfix\"> </div>\r\n<br />\r\n<div class=\"clearfix\"> </div>\r\n{Testimoniale filter_alias_equal=\"ana-maria-juhasz\" summarytemplate=\"text\"} {Testimoniale filter_alias_equal=\"sorin-cojocaru\" summarytemplate=\"text\"} {Testimoniale filter_alias_equal=\"ruxandra-stan\" summarytemplate=\"text\"}\r\n<div class=\"clearfix\"> </div>\r\n<br />\r\n<div class=\"clearfix\"> </div>\r\n{Testimoniale filter_alias_equal=\"ciprian-sandu\" summarytemplate=\"text\"} {Testimoniale filter_alias_equal=\"mihai-irimia\" summarytemplate=\"text\"} {Testimoniale filter_alias_equal=\"camelia-moldovan\" summarytemplate=\"text\"}\r\n<div class=\"clearfix\"> </div>\r\n<br />\r\n<div class=\"clearfix\"> </div>\r\n{Testimoniale filter_alias_equal=\"ian-ramon\" summarytemplate=\"text\"} {Testimoniale filter_alias_equal=\"stefan-iorgulescu\" summarytemplate=\"text\"} {Testimoniale filter_alias_equal=\"ionut-ungureanu\" summarytemplate=\"text\"}\r\n<div class=\"clearfix\"> </div>\r\n<br />\r\n<div class=\"clearfix\"> </div>\r\n{Testimoniale filter_alias_equal=\"george-mirescu\" summarytemplate=\"text\"}',NULL,'2017-07-24 17:50:00'),(85,'string','content_en',NULL,NULL,NULL,'{FaQ action=\"categories\" summarytemplate=\"category_list\"}',NULL,'2017-01-18 22:29:13'),(85,'string','searchable',NULL,NULL,NULL,'1',NULL,'2017-01-18 22:29:13'),(85,'string','extra1',NULL,NULL,NULL,'',NULL,'2017-01-18 22:29:13'),(85,'string','extra2',NULL,NULL,NULL,'',NULL,'2017-01-18 22:29:13'),(85,'string','extra3',NULL,NULL,NULL,'',NULL,'2017-01-18 22:29:13'),(85,'string','pagedata',NULL,NULL,NULL,'',NULL,'2017-01-18 22:29:13'),(85,'string','disable_wysiwyg',NULL,NULL,NULL,'0',NULL,'2017-01-18 22:29:13'),(85,'string','target',NULL,NULL,NULL,'',NULL,'2017-01-18 22:29:13'),(88,'string','searchable',NULL,NULL,NULL,'1',NULL,'2017-07-24 16:31:57'),(88,'string','extra1',NULL,NULL,NULL,'',NULL,'2017-07-24 16:31:57'),(88,'string','extra2',NULL,NULL,NULL,'',NULL,'2017-07-24 16:31:57'),(88,'string','content_en',NULL,NULL,NULL,'<br /><!-- Add code here that should appear in the content block of all new pages -->',NULL,'2017-07-24 16:31:57'),(86,'string','content_en',NULL,NULL,NULL,'<!-- Add code here that should appear in the content block of all new pages -->',NULL,'2016-12-05 13:55:57'),(86,'string','searchable',NULL,NULL,NULL,'1',NULL,'2016-12-05 13:55:57'),(86,'string','extra1',NULL,NULL,NULL,'',NULL,'2016-12-05 13:55:57'),(86,'string','extra2',NULL,NULL,NULL,'',NULL,'2016-12-05 13:55:57'),(86,'string','extra3',NULL,NULL,NULL,'',NULL,'2016-12-05 13:55:57'),(87,'string','content_en',NULL,NULL,NULL,'<!-- Add code here that should appear in the content block of all new pages -->',NULL,'2016-12-05 13:56:08'),(87,'string','searchable',NULL,NULL,NULL,'1',NULL,'2016-12-05 13:56:08'),(87,'string','extra1',NULL,NULL,NULL,'',NULL,'2016-12-05 13:56:08'),(87,'string','extra2',NULL,NULL,NULL,'',NULL,'2016-12-05 13:56:08'),(87,'string','extra3',NULL,NULL,NULL,'',NULL,'2016-12-05 13:56:08'),(88,'string','extra3',NULL,NULL,NULL,'',NULL,'2017-07-24 16:31:57'),(88,'string','pagedata',NULL,NULL,NULL,'',NULL,'2017-07-24 16:31:57'),(88,'string','disable_wysiwyg',NULL,NULL,NULL,'0',NULL,'2017-07-24 16:31:57'),(88,'string','metadescription',NULL,NULL,NULL,'Agentie de design grafic publicitar, brand design & UI/UX design. Construim si imbunatatim identitatea vizuala a companiilor si produselor. ',NULL,'2017-07-24 16:31:57'),(88,'string','image',NULL,NULL,NULL,'-1',NULL,'2017-07-24 16:31:57'),(88,'string','thumbnail',NULL,NULL,NULL,'-1',NULL,'2017-07-24 16:31:57'),(88,'string','target',NULL,NULL,NULL,'',NULL,'2017-07-24 16:31:57'),(89,'string','content_en',NULL,NULL,NULL,'<h3 class=\"title\">Vizualizeaza cele mai recente proiecte realizate de echipa noastra de graficieni.<br /> Daca iti place ce vezi, contacteaza-ne. <br /><a title=\"SEOtitle\" href=\"#get_in_touch-modal\" data-toggle=\"modal\">Scrie-ne aici!</a></h3>',NULL,'2017-07-24 16:34:28'),(89,'string','searchable',NULL,NULL,NULL,'1',NULL,'2017-07-24 16:34:28'),(89,'string','extra1',NULL,NULL,NULL,'',NULL,'2017-07-24 16:34:28'),(89,'string','extra2',NULL,NULL,NULL,'',NULL,'2017-07-24 16:34:28'),(89,'string','extra3',NULL,NULL,NULL,'',NULL,'2017-07-24 16:34:28'),(89,'string','pagedata',NULL,NULL,NULL,'',NULL,'2017-07-24 16:34:28'),(89,'string','disable_wysiwyg',NULL,NULL,NULL,'0',NULL,'2017-07-24 16:34:28'),(89,'string','metadescription',NULL,NULL,NULL,'Portofoliul nostru de lucrari: Design Grafic si Identitate Vizuala, Branding',NULL,'2017-07-24 16:34:28'),(89,'string','image',NULL,NULL,NULL,'-1',NULL,'2017-07-24 16:34:28'),(89,'string','thumbnail',NULL,NULL,NULL,'-1',NULL,'2017-07-24 16:34:28'),(89,'string','target',NULL,NULL,NULL,'',NULL,'2017-07-24 16:34:28'),(90,'string','content_en',NULL,NULL,NULL,'<div class=\"section-tour content-image-wrapper\" style=\"min-height: 63em;\">\r\n	<div class=\"content_page department\">\r\n			<div class=\"container\">\r\n				<div class=\"row\">\r\n					<div class=\"col-sm-6 col-sm-push-6\">\r\n\r\n						<h2 class=\"section-title\" style=\"margin-top: 4.286em;\">Solutia ideala pentru afacerile care se dezvolta!</h2>\r\n						<p class=\"continut\">Vismark® este o platforma online prin care poti externaliza designul grafic printr-o metoda noua si simplificata, astfel ca tu sa salvezi timp, bani si dureri de cap. Fie ca reprezinti o companie sau o agentie de publicitate, iti putem satisface orice nevoie cu privire la materiale grafice.</p>\r\n						<p class=\"continut\">Iti punem la dispozitie o echipa dedicata de desineri care vor lucra pentru materialele tale in timpul dorit si la pretul corect pentru tine, clientii si partenerii tai. Datorita sistemului nostru de lucru, poti uita de ore contorizare si feedback-uri limitate.</p>\r\n						<p class=\"continut\">Echipa noastra e compusa dintr-un numar mare de experti in design, iar calitatea muncii lor este ceea ce ne deosebeste.</p>\r\n						<a class=\"cta_about\" href=\"#get_in_touch-modal\" data-toggle=\"modal\">Contacteaza-ne! </a>\r\n\r\n					</div> <!-- ./col-sm-6 -->\r\n					<div class=\"col-sm-6 col-sm-pull-6 content-image-container\">\r\n\r\n						<img src=\"http://vismark.eu/uploads/images/about-01.jpg\" alt=\"\" class=\"content-image right\" alt=\"vmk-app.gif\">\r\n\r\n					</div> <!-- ./col-sm-6 -->\r\n				</div> <!-- ./ROW -->\r\n			</div> <!-- ./container -->\r\n	</div> <!-- ./content_page -->\r\n</div> <!-- ./department1 -->\r\n<!-- END SECTION 1 -->\r\n\r\n<div class=\"bgk_gray section-tour content-image-wrapper\" style=\"min-height: 51em;\">\r\n	<div class=\"content_page department\">\r\n			<div class=\"container\">\r\n				<div class=\"row\">\r\n					<div class=\"col-sm-6\">\r\n\r\n						<h2 class=\"section-title\">Ce ne propunem?</h2>\r\n						<p class=\"continut\">Sa dezvoltam un nou tip de agentie de design, una care poate sa isi puna simultan serviciile la dispozitia companiilor si agentiilor de publicitate.</p>\r\n						<a class=\"cta_about\" href=\"{cms_selflink href=\'externalizare\'}\">Despre Outsourcing </a>\r\n\r\n					</div> <!-- ./col-sm-6 -->\r\n					<div class=\"col-sm-6 content-image-container\">\r\n\r\n						<img src=\"http://vismark.eu/uploads/images/outsourcing-01.jpg\" alt=\"\" class=\"content-image\" alt=\"department_1.png\">\r\n\r\n					</div> <!-- ./col-sm-6 -->\r\n				</div> <!-- ./ROW -->\r\n			</div> <!-- ./container -->\r\n	</div> <!-- ./content_page -->\r\n</div> <!-- ./department1 -->\r\n<!-- END SECTION 2 -->\r\n\r\n<div class=\"section-tour content-image-wrapper\">\r\n	<div class=\"content_page department\">\r\n			<div class=\"container\">\r\n				<div class=\"row\">\r\n					<div class=\"col-sm-6 col-sm-push-6\">\r\n\r\n						<h2 class=\"section-title\">Cum vom face asta?</h2>\r\n						<p class=\"continut\">Asigurand o calitate superioara a designurilor, cu ajutorul unei echipe experimentate si a unui sistem eficient de outsourcing. Astfel, tu sa poti realiza materiale grafice oricand, in timp si la un pret corect.</p>\r\n						<a class=\"cta_about\" href=\"{cms_selflink href=\'externalizare\'}\">Vezi cum functioneaza </a>\r\n\r\n					</div> <!-- ./col-sm-6 -->\r\n					<div class=\"col-sm-6 col-sm-pull-6 content-image-container\">\r\n\r\n						<img src=\"http://vismark.eu/uploads/images/about-03.jpg\" alt=\"\" class=\"content-image right\" alt=\"homepage_display.png\">\r\n\r\n					</div> <!-- ./col-sm-6 -->\r\n				</div> <!-- ./ROW -->\r\n			</div> <!-- ./container -->\r\n	</div> <!-- ./content_page -->\r\n</div> <!-- ./department1 -->\r\n<!-- END SECTION 3 -->\r\n{global_content name=\'modal_lets_chat\'}',NULL,'2017-07-24 16:36:23'),(90,'string','searchable',NULL,NULL,NULL,'1',NULL,'2017-07-24 16:36:23'),(90,'string','extra1',NULL,NULL,NULL,'',NULL,'2017-07-24 16:36:23'),(90,'string','extra2',NULL,NULL,NULL,'',NULL,'2017-07-24 16:36:23'),(90,'string','extra3',NULL,NULL,NULL,'',NULL,'2017-07-24 16:36:23'),(90,'string','pagedata',NULL,NULL,NULL,'',NULL,'2017-07-24 16:36:23'),(90,'string','disable_wysiwyg',NULL,NULL,NULL,'1',NULL,'2017-07-24 16:36:23'),(90,'string','metadescription',NULL,NULL,NULL,'Iti punem la dispozitie o echipa dedicata de desineri',NULL,'2017-07-24 16:36:23'),(90,'string','image',NULL,NULL,NULL,'-1',NULL,'2017-07-24 16:36:23'),(90,'string','thumbnail',NULL,NULL,NULL,'-1',NULL,'2017-07-24 16:36:23'),(90,'string','target',NULL,NULL,NULL,'',NULL,'2017-07-24 16:36:23'),(91,'string','content_en',NULL,NULL,NULL,'<!-- Add code here that should appear in the content block of all new pages -->',NULL,'2016-12-05 14:01:52'),(91,'string','searchable',NULL,NULL,NULL,'1',NULL,'2016-12-05 14:01:52'),(91,'string','extra1',NULL,NULL,NULL,'',NULL,'2016-12-05 14:01:52'),(91,'string','extra2',NULL,NULL,NULL,'',NULL,'2016-12-05 14:01:52'),(91,'string','extra3',NULL,NULL,NULL,'',NULL,'2016-12-05 14:01:52'),(91,'string','pagedata',NULL,NULL,NULL,'',NULL,'2016-12-05 14:01:52'),(91,'string','disable_wysiwyg',NULL,NULL,NULL,'0',NULL,'2016-12-05 14:01:52'),(91,'string','metadescription',NULL,NULL,NULL,'',NULL,'2016-12-05 14:01:52'),(91,'string','image',NULL,NULL,NULL,'-1',NULL,'2016-12-05 14:01:52'),(91,'string','thumbnail',NULL,NULL,NULL,'-1',NULL,'2016-12-05 14:01:52'),(91,'string','target',NULL,NULL,NULL,'',NULL,'2016-12-05 14:01:52'),(92,'string','content_en',NULL,NULL,NULL,'<h2 class=\"title\">Ne dam silinta sa te impresionam.</h2>\r\n<p class=\"continut\">Dar preferam sa ii lasam pe altii sa confirme modul nostru de lucru. <br /> Iata cateva feedback-uri de la cei pe care i-am ajutat sa-si imbunatateasca imaginea companiei.</p>',NULL,'2017-07-24 17:48:32'),(92,'string','searchable',NULL,NULL,NULL,'1',NULL,'2017-07-24 17:48:32'),(92,'string','extra1',NULL,NULL,NULL,'',NULL,'2017-07-24 17:48:32'),(92,'string','extra2',NULL,NULL,NULL,'',NULL,'2017-07-24 17:48:32'),(92,'string','extra3',NULL,NULL,NULL,'',NULL,'2017-07-24 17:48:32'),(92,'string','pagedata',NULL,NULL,NULL,'',NULL,'2017-07-24 17:48:32'),(92,'string','disable_wysiwyg',NULL,NULL,NULL,'0',NULL,'2017-07-24 17:48:32'),(92,'string','metadescription',NULL,NULL,NULL,'',NULL,'2017-07-24 17:48:32'),(92,'string','image',NULL,NULL,NULL,'-1',NULL,'2017-07-24 17:48:32'),(92,'string','thumbnail',NULL,NULL,NULL,'-1',NULL,'2017-07-24 17:48:32'),(92,'string','target',NULL,NULL,NULL,'',NULL,'2017-07-24 17:48:32'),(92,'string','testimoniale',NULL,NULL,NULL,'{Testimoniale filter_alias_equal=\"paul-ardeleanu\" summarytemplate=\"text\"} {Testimoniale filter_alias_equal=\"svetlana-simion\" summarytemplate=\"text\"} {Testimoniale filter_alias_equal=\"sergiu-constantinescu\" summarytemplate=\"text\"}\r\n<div class=\"clearfix\"> </div>\r\n{Testimoniale filter_alias_equal=\"razvan-sdrobis\" summarytemplate=\"text\"} {Testimoniale filter_alias_equal=\"sandel-prodan\" summarytemplate=\"text\"} {Testimoniale filter_alias_equal=\"elena-ivancenco\" summarytemplate=\"text\"}\r\n<div class=\"clearfix\"> </div>\r\n{Testimoniale filter_alias_equal=\"madalina-bacaim\" summarytemplate=\"text\"} {Testimoniale filter_alias_equal=\"alice-constantin\" summarytemplate=\"text\"} {Testimoniale filter_alias_equal=\"catalin-pana\" summarytemplate=\"text\"}\r\n<div class=\"clearfix\"> </div>\r\n{Testimoniale filter_alias_equal=\"sherif-abdala\" summarytemplate=\"video\"}\r\n<div class=\"clearfix\"> </div>\r\n{Testimoniale filter_alias_equal=\"toni-spiridon\" summarytemplate=\"text\"} {Testimoniale filter_alias_equal=\"robert-dumitru\" summarytemplate=\"text\"} {Testimoniale filter_alias_equal=\"nathaniel-geana\" summarytemplate=\"text\"}\r\n<div class=\"clearfix\"> </div>\r\n{Testimoniale filter_alias_equal=\"costin-iurea\" summarytemplate=\"text\"} {Testimoniale filter_alias_equal=\"marius-visinescu\" summarytemplate=\"text\"} {Testimoniale filter_alias_equal=\"apostol-mihai\" summarytemplate=\"text\"}\r\n<div class=\"clearfix\"> </div>\r\n{Testimoniale filter_alias_equal=\"vania-szasz\" summarytemplate=\"text\"} {Testimoniale filter_alias_equal=\"marian-mocanu\" summarytemplate=\"text\"} {Testimoniale filter_alias_equal=\"david-alexandru\" summarytemplate=\"text\"}\r\n<div class=\"clearfix\"> </div>\r\n{Testimoniale filter_alias_equal=\"razvan-dragoi\" summarytemplate=\"video\"}\r\n<div class=\"clearfix\"> </div>\r\n{Testimoniale filter_alias_equal=\"anca-alina-ionescu\" summarytemplate=\"text\"} {Testimoniale filter_alias_equal=\"ion-codreanu\" summarytemplate=\"text\"} {Testimoniale filter_alias_equal=\"marian-ciufu\" summarytemplate=\"text\"}\r\n<div class=\"clearfix\"> </div>\r\n{Testimoniale filter_alias_equal=\"marius-lazia\" summarytemplate=\"text\"} {Testimoniale filter_alias_equal=\"leonard-dima\" summarytemplate=\"text\"} {Testimoniale filter_alias_equal=\"nagy-tibor\" summarytemplate=\"text\"}\r\n<div class=\"clearfix\"> </div>\r\n{Testimoniale filter_alias_equal=\"lss-text\" summarytemplate=\"text\"} {Testimoniale filter_alias_equal=\"marius-bura\" summarytemplate=\"text\"} {Testimoniale filter_alias_equal=\"ionut-merlusca\" summarytemplate=\"text\"}\r\n<div class=\"clearfix\"> </div>\r\n{Testimoniale filter_alias_equal=\"lorand-soares-szasz\" summarytemplate=\"video\"}\r\n<div class=\"clearfix\"> </div>\r\n{Testimoniale filter_alias_equal=\"george-viziru\" summarytemplate=\"text\"} {Testimoniale filter_alias_equal=\"mihaela-steti\" summarytemplate=\"text\"} {Testimoniale filter_alias_equal=\"liviu-caramalau\" summarytemplate=\"text\"}\r\n<div class=\"clearfix\"> </div>\r\n{Testimoniale filter_alias_equal=\"larisa-grajdieru-loos\" summarytemplate=\"text\"} {Testimoniale filter_alias_equal=\"gabriel-radu\" summarytemplate=\"text\"} {Testimoniale filter_alias_equal=\"zoltan-tussai\" summarytemplate=\"text\"}\r\n<div class=\"clearfix\"> </div>\r\n{Testimoniale filter_alias_equal=\"lacramioara-manole\" summarytemplate=\"text\"} {Testimoniale filter_alias_equal=\"lucian-ciobanu\" summarytemplate=\"text\"} {Testimoniale filter_alias_equal=\"eliza-nitescu\" summarytemplate=\"text\"}\r\n<div class=\"clearfix\"> </div>\r\n<p>{Testimoniale filter_alias_equal=\"monica-paraschiv\" summarytemplate=\"video\"}</p>\r\n<div class=\"clearfix\"> </div>\r\n{Testimoniale filter_alias_equal=\"ana-maria-juhasz\" summarytemplate=\"text\"} {Testimoniale filter_alias_equal=\"sorin-cojocaru\" summarytemplate=\"text\"} {Testimoniale filter_alias_equal=\"ruxandra-stan\" summarytemplate=\"text\"}\r\n<div class=\"clearfix\"> </div>\r\n{Testimoniale filter_alias_equal=\"ciprian-sandu\" summarytemplate=\"text\"} {Testimoniale filter_alias_equal=\"mihai-irimia\" summarytemplate=\"text\"} {Testimoniale filter_alias_equal=\"camelia-moldovan\" summarytemplate=\"text\"}\r\n<div class=\"clearfix\"> </div>\r\n{Testimoniale filter_alias_equal=\"ian-ramon\" summarytemplate=\"text\"} {Testimoniale filter_alias_equal=\"stefan-iorgulescu\" summarytemplate=\"text\"} {Testimoniale filter_alias_equal=\"ionut-ungureanu\" summarytemplate=\"text\"}\r\n<div class=\"clearfix\"> </div>\r\n{Testimoniale filter_alias_equal=\"george-mirescu\" summarytemplate=\"text\"}',NULL,'2017-07-24 17:48:32'),(93,'string','content_en',NULL,NULL,NULL,'<div class=\"content_page department mbottom50 ptop30\">\r\n	<div class=\"text\">\r\n		<div class=\"container\">\r\n			<div class=\"row\">\r\n				<div class=\"col-md-12 text-center\">\r\n\r\n				<h2 class=\"title\">Ti-ar placea sa ai propriul departament de design grafic?</h2>\r\n				<p class=\"continut mtop10\">Suntem aici sa te ajutam, indiferent daca esti companie sau agentie de publicitate. De acum iti poti realiza materiale grafice oricand, chiar daca ai un volum mare de solicitari, la un pret corect.</p>\r\n\r\n				</div> <!-- ./col-md-12 -->\r\n			</div> <!-- ./row -->\r\n		</div> <!-- ./container -->\r\n	</div> <!-- ./text -->\r\n</div> <!-- ./content_page -->\r\n<!-- END Main Text -->\r\n\r\n<div class=\"bgk_gray section-tour content-image-wrapper\">\r\n	<div class=\"content_page department\">\r\n		<div class=\"text\">\r\n			<div class=\"container\">\r\n				<div class=\"row\">\r\n					<div class=\"col-sm-6 col-sm-push-6\">\r\n\r\n						<h2 class=\"section-title\">O intreaga echipa de graficieni <br> pentru tine</h2>\r\n						<p class=\"continut\">La proiectele tale nu vor lucra unul sau doi designeri, ci o echipa intreaga, astfel ca tu sa fii sigur ca materialele tale sunt gata la timp si la cea mai inalta calitate. <br /> <br /> <a class=\"cta_about\" href=\"{cms_selflink href=\'contacteaza-ne\'}\">Contacteaza-ne </a></p>\r\n\r\n					</div> <!-- ./col-sm-6 -->\r\n					<div class=\"col-sm-6 col-sm-pull-6 content-image-container\">\r\n\r\n						<img src=\"http://vismark.eu/uploads/images/outsourcing-01.jpg\" alt=\"\" class=\"content-image right\" alt=\"outsourcing-01.jpg\">\r\n\r\n					</div> <!-- ./col-sm-6 -->\r\n				</div> <!-- ./ROW -->\r\n			</div> <!-- ./container -->\r\n		</div> <!-- ./text -->\r\n	</div> <!-- ./content_page -->\r\n</div> <!-- ./department1 -->\r\n<!-- END SECTION 1 -->\r\n\r\n\r\n<div class=\"section-tour content-image-wrapper\">\r\n	<div class=\"content_page department\">\r\n		<div class=\"text\">\r\n			<div class=\"container\">\r\n				<div class=\"row\">\r\n					<div class=\"col-sm-6\">\r\n\r\n						<h2 class=\"section-title\">Mai rapid si mai usor<br />intr-un singur loc</h2>\r\n						<p class=\"continut\">Ia parte la experienta usoara de outsourcing oferita de aplicatia Vismark<sup>®</sup>App. Fie ca vorbim de Logo, design de website, carti de vizita sau alt tip de material, le vei gasi pe toate aici. <br /> <br /> <a class=\"cta_about\" href=\"/faq/c/2/100/vismark-app\">Citeste mai mult </a></p>\r\n\r\n					</div> <!-- ./col-sm-6 -->\r\n					<div class=\"col-sm-6 content-image-container\">\r\n\r\n						<img src=\"http://vismark.eu/uploads/images/outsourcing-02.jpg\" alt=\"\" class=\"content-image\" alt=\"outsourcing-02.jpg\">\r\n\r\n					</div> <!-- ./col-sm-6 -->\r\n				</div> <!-- ./ROW -->\r\n			</div> <!-- ./container -->\r\n		</div> <!-- ./text -->\r\n	</div> <!-- ./content_page -->\r\n</div> <!-- ./department1 -->\r\n<!-- END SECTION 2 -->\r\n\r\n<div class=\"bgk_gray section-tour content-image-wrapper\">\r\n	<div class=\"content_page department\">\r\n		<div class=\"text\">\r\n			<div class=\"container\">\r\n				<div class=\"row\">\r\n					<div class=\"col-sm-6 col-sm-push-6\">\r\n\r\n						<h2 class=\"section-title\"  style=\"margin-top: 3.286em;\">Numar nelimitat de feedback-uri <br />direct pe design</h2>\r\n						<p class=\"continut\">E important nu doar ca materialele tale sa fie de calitate, ci sa ti se si potriveasca. Vom lucra la ele pana vom gasi potrivirea perfecta.</p>\r\n						<h4>Feedback contextual</h4>\r\n						<p class=\"continut\">Folosind aplicatia, poti da feedback live comentand direct pe materialul in lucru.</p>\r\n						<h4>Arhiva conversatii</h4>\r\n						<p class=\"continut\">Ai control total asupra feedback-urilor tale. Acestea sunt pastrate in arhiva din contul tau personal.<br /> <br /> <a class=\"cta_about\" href=\"#get_in_touch-modal\" data-toggle=\"modal\">Hai sa lucram impreuna </a></p>\r\n\r\n					</div> <!-- ./col-sm-6 -->\r\n					<div class=\"col-sm-6 col-sm-pull-6 content-image-container\">\r\n\r\n						<img src=\"http://vismark.eu/uploads/images/outsourcing-03B.jpg\" alt=\"\" class=\"content-image right\" alt=\"outsourcing-03B.jpg\">\r\n\r\n					</div> <!-- ./col-sm-6 -->\r\n				</div> <!-- ./ROW -->\r\n			</div> <!-- ./container -->\r\n		</div> <!-- ./text -->\r\n	</div> <!-- ./content_page -->\r\n</div> <!-- ./department1 -->\r\n<!-- END SECTION 3 -->\r\n\r\n<div class=\"section-tour content-image-wrapper\">\r\n	<div class=\"content_page department\">\r\n		<div class=\"text\">\r\n			<div class=\"container\">\r\n				<div class=\"row\">\r\n					<div class=\"col-sm-6\">\r\n\r\n						<h2 class=\"section-title\">Fara ore contorizate</h2>\r\n						<p class=\"continut\">Odata ce faci parte din comunitate, poti sa-ti iei adio de la orele de lucru contorizate. Bucura-te de materiale grafice fara costuri suplimentare. <br /> <br /> <a class=\"cta_about\" href=\"{cms_selflink href=\'contacteaza-ne\'}\">Contacteaza-ne </a></p>\r\n\r\n					</div> <!-- ./col-sm-6 -->\r\n					<div class=\"col-sm-6 content-image-container\">\r\n\r\n						<img src=\"http://vismark.eu/uploads/images/outsourcing-04.jpg\" alt=\"\" class=\"content-image\" alt=\"outsourcing-04.jpg\">\r\n\r\n					</div> <!-- ./col-sm-6 -->\r\n				</div> <!-- ./ROW -->\r\n			</div> <!-- ./container -->\r\n		</div> <!-- ./text -->\r\n	</div> <!-- ./content_page -->\r\n</div> <!-- ./department1 -->\r\n<!-- END SECTION 4 -->\r\n\r\n\r\n<div class=\"bgk_gray section-tour content-image-wrapper\">\r\n	<div class=\"content_page department\">\r\n		<div class=\"text\">\r\n			<div class=\"container\">\r\n				<div class=\"row\">\r\n					<div class=\"col-sm-6 col-sm-push-6\">\r\n\r\n						<h2 class=\"section-title\">Un design unitar, care urmareste linia brandului</h2>\r\n						<p class=\"continut\">Stim cat de importanta este imaginea ta in fata clientilor, de aceea vom avea grija ca fiecare material sa corespunda personalitatii brandului tau. <br /> <br /> <a class=\"cta_about\" href=\"#get_in_touch-modal\" data-toggle=\"modal\">Scrie-ne</a></p>\r\n\r\n					</div> <!-- ./col-sm-6 -->\r\n					<div class=\"col-sm-6 col-sm-pull-6 content-image-container\">\r\n\r\n						<img src=\"http://vismark.eu/uploads/images/outsourcing-05.jpg\" alt=\"\" class=\"content-image right\" alt=\"outsourcing-05.jpg\">\r\n\r\n					</div> <!-- ./col-sm-6 -->\r\n				</div> <!-- ./ROW -->\r\n			</div> <!-- ./container -->\r\n		</div> <!-- ./text -->\r\n	</div> <!-- ./content_page -->\r\n</div> <!-- ./department1 -->\r\n<!-- END SECTION 5 -->\r\n\r\n\r\n<div class=\"content_page\">\r\n    <div class=\"text\">\r\n        <div class=\"container about pbottom60 ptop30 project\">\r\n            <div class=\"container text-center\">\r\n                <h3 class=\"title\">Hai sa ne cunoastem!</h3>\r\n                <a href=\"#get_in_touch-modal\" class=\"gray_cta\" data-toggle=\"modal\">Contacteaza-ne! </a> \r\n            </div>\r\n        </div>\r\n    </div>\r\n</div>\r\n{global_content name=\'modal_lets_chat\'}',NULL,'2017-02-27 19:21:15'),(93,'string','searchable',NULL,NULL,NULL,'1',NULL,'2017-02-27 19:21:15'),(93,'string','extra1',NULL,NULL,NULL,'',NULL,'2017-02-27 19:21:15'),(93,'string','extra2',NULL,NULL,NULL,'',NULL,'2017-02-27 19:21:15'),(93,'string','extra3',NULL,NULL,NULL,'',NULL,'2017-02-27 19:21:15'),(93,'string','pagedata',NULL,NULL,NULL,'',NULL,'2017-02-27 19:21:15'),(93,'string','disable_wysiwyg',NULL,NULL,NULL,'1',NULL,'2017-02-27 19:21:15'),(93,'string','metadescription',NULL,NULL,NULL,'',NULL,'2017-02-27 19:21:15'),(93,'string','image',NULL,NULL,NULL,'-1',NULL,'2017-02-27 19:21:15'),(93,'string','thumbnail',NULL,NULL,NULL,'-1',NULL,'2017-02-27 19:21:15'),(93,'string','target',NULL,NULL,NULL,'',NULL,'2017-02-27 19:21:15'),(94,'string','content_en',NULL,NULL,NULL,'<!-- Add code here that should appear in the content block of all new pages -->',NULL,'2016-12-05 14:01:59'),(94,'string','searchable',NULL,NULL,NULL,'1',NULL,'2016-12-05 14:01:59'),(94,'string','extra1',NULL,NULL,NULL,'',NULL,'2016-12-05 14:01:59'),(94,'string','extra2',NULL,NULL,NULL,'',NULL,'2016-12-05 14:01:59'),(94,'string','extra3',NULL,NULL,NULL,'',NULL,'2016-12-05 14:01:59'),(94,'string','pagedata',NULL,NULL,NULL,'',NULL,'2016-12-05 14:01:59'),(94,'string','disable_wysiwyg',NULL,NULL,NULL,'0',NULL,'2016-12-05 14:01:59'),(94,'string','metadescription',NULL,NULL,NULL,'',NULL,'2016-12-05 14:01:59'),(94,'string','image',NULL,NULL,NULL,'-1',NULL,'2016-12-05 14:01:59'),(94,'string','thumbnail',NULL,NULL,NULL,'-1',NULL,'2016-12-05 14:01:59'),(94,'string','target',NULL,NULL,NULL,'',NULL,'2016-12-05 14:01:59'),(94,'string','url',NULL,NULL,NULL,'http://app.vismark.eu',NULL,'2016-12-05 14:01:59'),(95,'string','content_en',NULL,NULL,NULL,'<div class=\"content_page\">\r\n	<div class=\"text\">\r\n		<div class=\"container about pbottom30 ptop30\">\r\n			<div class=\"row\">\r\n				<div class=\"col-md-12 text-center\">\r\n\r\n				<h2 class=\"title\">Crestem repede, si ne-ar face placere sa ni te alaturi.</h2>\r\n				<p class=\"continut\">La VISMARK® este binevenit oricine si ne dam silinta ca oamenii sa se simta sprijiniti si conectati la munca.</p>\r\n\r\n				</div> <!-- ./col-md-12 -->\r\n			</div> <!-- ./row -->\r\n		</div> <!-- ./container -->\r\n	</div> <!-- ./text -->\r\n</div> <!-- ./content_page -->\r\n<!-- END Main Text -->\r\n\r\n<div class=\"content_page bgk_gray\">\r\n	<div class=\"text\">\r\n	{Careers detailpage=\"cariere\" action=\"categories\"}\r\n	</div><!-- ./text -->\r\n</div><!-- ./content_page -->\r\n\r\n<div class=\"content_page\">\r\n	<div class=\"text\">\r\n		<div class=\"container about pbottom30 ptop30\">\r\n			<div class=\"row\">\r\n				<div class=\"col-md-12 text-center\">\r\n\r\n				<p class=\"continut\" style=\"font-size: 13px !important;\">Fiind un angajator care ofera drepturi egale tuturor, suntem deschisi in a angaja noi talente, indiferent de rasa, religie, culoare, nationalitate, sex, orientare sexuala, varsta, statut, sau orice alte caracteristici cu aplicativitati legale.</p>\r\n\r\n				</div> <!-- ./col-md-12 -->\r\n			</div> <!-- ./row -->\r\n		</div> <!-- ./container -->\r\n	</div> <!-- ./text -->\r\n</div> <!-- ./content_page -->\r\n<!-- END Main Text -->',NULL,'2017-02-21 12:07:41'),(95,'string','searchable',NULL,NULL,NULL,'1',NULL,'2017-02-21 12:07:41'),(95,'string','extra1',NULL,NULL,NULL,'',NULL,'2017-02-21 12:07:41'),(95,'string','extra2',NULL,NULL,NULL,'',NULL,'2017-02-21 12:07:41'),(95,'string','extra3',NULL,NULL,NULL,'',NULL,'2017-02-21 12:07:41'),(95,'string','pagedata',NULL,NULL,NULL,'',NULL,'2017-02-21 12:07:41'),(95,'string','disable_wysiwyg',NULL,NULL,NULL,'1',NULL,'2017-02-21 12:07:41'),(95,'string','metadescription',NULL,NULL,NULL,'',NULL,'2017-02-21 12:07:41'),(95,'string','image',NULL,NULL,NULL,'-1',NULL,'2017-02-21 12:07:41'),(95,'string','thumbnail',NULL,NULL,NULL,'-1',NULL,'2017-02-21 12:07:41'),(95,'string','target',NULL,NULL,NULL,'',NULL,'2017-02-21 12:07:41'),(96,'string','content_en',NULL,NULL,NULL,'<div class=\"content_page\">\r\n	<div class=\"text\">\r\n		<div class=\"container\">\r\n			<div class=\"row abonarenewsletter_vmk\">\r\n				<div class=\"col-md-12 text-center\">\r\n					<h2 class=\"title\">Newsletter</h2>\r\n					<p class=\"continut\">Suntem indragostiti de design grafic si stim ca si tie iti place. </br>Nu te chinui sa cauti noutati din domeniu, ci lasa-ne pe noi sa te tinem saptamanal la curent cu ultimele trenduri.</p>\r\n				</div>\r\n				<div class=\"col-md-4 col-xs-12\"> </div>\r\n				<div class=\"col-md-4 col-xs-12\">\r\n					<form id=\"form1\" action=\"\" method=\"post\">\r\n						<input type=\"text\" name=\"name\" placeholder=\"Nume\" /> \r\n						<input type=\"email\" name=\"email\" placeholder=\"Adresa de email\" /> \r\n						<input type=\"submit\" value=\"Aboneaza-ma\" />\r\n					</form>\r\n				</div>\r\n				<div class=\"col-md-4 col-xs-12\"> </div>\r\n			</div>\r\n			<div id=\"divid\"></div>\r\n		</div>\r\n	</div>\r\n</div>\r\n<script type=\"text/javascript\">// <![CDATA[\r\n$(\"#form1\").submit(function(e){\r\n    e.preventDefault();\r\n    var self = this;\r\n    $.ajax({\r\n        type: \'post\',\r\n        url: \'nl.php\',\r\n        data: $(self).serialize(),\r\n        success: function(data) {\r\n        	$(\"#divid\").html(data);\r\n        }\r\n    });\r\n});\r\n// ]]></script>',NULL,'2017-02-21 13:47:32'),(96,'string','searchable',NULL,NULL,NULL,'1',NULL,'2017-02-21 13:47:32'),(96,'string','extra1',NULL,NULL,NULL,'',NULL,'2017-02-21 13:47:32'),(96,'string','extra2',NULL,NULL,NULL,'',NULL,'2017-02-21 13:47:32'),(96,'string','extra3',NULL,NULL,NULL,'',NULL,'2017-02-21 13:47:32'),(96,'string','pagedata',NULL,NULL,NULL,'',NULL,'2017-02-21 13:47:32'),(96,'string','disable_wysiwyg',NULL,NULL,NULL,'1',NULL,'2017-02-21 13:47:32'),(96,'string','metadescription',NULL,NULL,NULL,'',NULL,'2017-02-21 13:47:32'),(96,'string','image',NULL,NULL,NULL,'-1',NULL,'2017-02-21 13:47:32'),(96,'string','thumbnail',NULL,NULL,NULL,'-1',NULL,'2017-02-21 13:47:32'),(96,'string','target',NULL,NULL,NULL,'',NULL,'2017-02-21 13:47:32'),(97,'string','content_en',NULL,NULL,NULL,'<div class=\"content_page\">\r\n<div class=\"text\">\r\n<div class=\"container\">\r\n<div class=\"row\">\r\n<div class=\"col-md-2\"> </div>\r\n<div class=\"col-md-8 terms\">\r\n<h3 class=\"title\">TERMS OF SERVICE</h3>\r\n<p>The following Terms and Conditions of Service apply to all products and services provided by VISMARK® Consulting S.R.L. (hereinafter referred to as VISMARK®) and in the event of any dispute are governed by the laws of Romania.</p>\r\n<p>All work is carried out by VISMARK® on the understanding that the client has agreed to our terms and conditions.</p>\r\n<p>Copyright is retained by VISMARK® on all design work including words, pictures, ideas, proofs, visual concepts and illustrations unless specifically released in writing and after all costs have been settled.</p>\r\n<p>If a choice of designs is presented and one is chosen for your project, only that solution is deemed to be given by us as fulfilling the contract. All other designs remain the property of VISMARK®, unless specifically agreed in writing. VISMARK® reserved the rights to choose it`s clients.</p>\r\n<p>Please contact us if you do not understand any of the terms and conditions in this document. Please also note that from time to time VISMARK® may need to alter these terms and conditions without notice.</p>\r\n<h4 class=\"title\">DEFINITIONS</h4>\r\n<p>\'VISMARK® Consulting S.R.L.\' or \'VISMARK®\' means Vismark Consulting S.R.L. as , \'VISMARK®\' or \'VISMARK®App\'</p>\r\n<p>\'Client\' means a person/s or company who engages VISMARK® for design and related services</p>\r\n<p>\'Quotation\' means the design quotation provided to the client in writing by VISMARK®</p>\r\n<p>\'Project\' means the scope and purpose of the client\'s identified usage of the work product as described in the quotation</p>\r\n<p>\'Service\' and \'services\' means the service/s and to be provided to the client by VISMARK®, as described and otherwise further defined in the quotation</p>\r\n<p>\'Deliverables\' and \'materials\' means the end product/s to be delivered by VISMARK® to the client, in the form and media specified in the quotation</p>\r\n<p>\'Website\' means a connected group of pages on the World Wide Web regarded as a single entity, maintained by VISMARK®</p>\r\n<h4 class=\"title\">VISMARK® CONTENT</h4>\r\n<p>The Website, the Services, and their contents may only be used in accordance with the terms of this Agreement. All materials displayed or performed on the Website or in the Services, including, but not limited to text, graphics, articles, photographs, images, illustrations (also known as the \"VISMARK® Content,\") are protected by copyright. You shall abide by all copyright notices, trademark rules, information, and restrictions contained in any VISMARK® Content accessed through the Services, and shall not use, copy, reproduce, modify, translate, publish, broadcast, transmit, distribute, perform, upload, display, license, sell or otherwise exploit for any purposes whatsoever any VISMARK® Content or other proprietary rights not owned by you: (i) without the express prior written consent of the respective owners, and (ii) in any way that violates any third party right.</p>\r\n<h4 class=\"title\">ACCOUNTS, PASSWORDS, AND SECURITY</h4>\r\n<p>The client is responsible for all activity that occurs via his account on VISMARK®App. The client must notify Customer Support immediately if becoming aware of any unauthorized use of his account. The client may not (a) Share his account information (except with an authorized account administrator) or (b) use another person\'s account. The account administrator may use the clients account information to manage the access to his projects, previews and proofs, chat messages, invoices, pin-tasks, contact details, personal information, billing information and passwords.</p>\r\n<p>Only the clients of VISMARK® services can have an account. VISMARK® can create the clients account, for free, after he place the order. The account can be deleted on express request released in writing. VISMARK® reserves the right to close or delete the clients account with or without a notice.</p>\r\n<h4 class=\"title\">COMMENCEMENT OF WORK</h4>\r\n<p>Agreement to work with, and submission of a design brief and payment of deposit to VISMARK® constitutes agreement to these terms and conditions. VISMARK® reserves the right to use the services of sub-contractors, agents and suppliers and any work, content, services and usage is bound by their Terms and Conditions. VISMARK® will not knowingly perform any actions to contravene these and the client also agrees to be so bound.</p>\r\n<h4 class=\"title\">QUOTATION</h4>\r\n<p>All Quotations are provided by VISMARK® free of charge and are valid for 30 days from the date of issue. Quotations that are not accepted within the time identified may be subject to amendment. All quoted are priced in Euros. Additional work which is outside the original scope and not provided for in the original quotation, is charged at an additional hourly rate of €20 to €35 per hour ex.</p>\r\n<h4 class=\"title\">DESIGN PAYMENT TERMS</h4>\r\n<p>Charges for design services to be provided by VISMARK® will be set out in the written estimate or quotation that is provided to the customer. At the time of the customer\'s signed acceptance of this estimate or quotation, indicating acceptance of the Terms &amp; Conditions.</p>\r\n<p>Unless agreed otherwise with the Client, all design services require an advance payment of a minimum of fifty (50) percent of the project quotation total before the work commences. The remaining fifty (50) percent of the project quotation total will be due upon completion of the work prior to upload to the server or release of materials.</p>\r\n<p>Once research, resources allocated or design work has commenced on a project, this deposit is <strong>non-refundable</strong>. In the case of a change of mind by \"The Client\" this deposit is <strong>non-refundable</strong>. VISMARK® endeavours to provide design services that meet and exceed a client\'s needs and expectations, but in the event of a \"change of mind\" (after a project has commenced) by \"The Client\", the initial 50% deposit is forfeited, plus a prorata payment based upon the time spent.</p>\r\n<p>The invoices which remain unpaid for 7 days after the date of invoice will incur an additional <span style=\"text-decoration: underline;\">late payment fee equivalent to 5%</span> of the project costs for each week payment is outstanding. The client is responsible for all debt collection fees, legal fees and court fees that may be incurred as a result of the client\'s failure to pay invoices within 7 calendar days of date of issue. If you are having difficulty paying your invoice, please get in touch as soon as you are aware of the issue, so we can discuss a solution that works for your company.</p>\r\n<h4 class=\"title\">CONFIDENTIAL INFORMATION</h4>\r\n<p>VISMARK® and the client both acknowledge that during business dealings they may receive certain confidential information and materials of the other party. Each party, including its agents and employees, agrees to hold and maintain in strict confidence all confidential Information, shall not disclose confidential Information to any third party, and shall not use any confidential Information except as may be necessary to perform its obligations under the Quotation, and as may be required by a court or governmental authority.</p>\r\n<p>Confidential Information does not include any information that is in the public domain or becomes publicly known through no fault of the receiving party, or is otherwise properly received from a third party without an obligation of confidentiality.</p>\r\n<p> </p>\r\n<h4 class=\"title\">DEADLINES</h4>\r\n<p>Every effort possible is made by VISMARK® to meet required deadlines. Additional charges may apply if VISMARK® is required to work outside of normal business hours in order to meet deadlines. It is the client\'s responsibility to notify VISMARK® of deadlines prior to the commencement of the project.</p>\r\n<p>VISMARK® will not be liable or held responsible for any deadlines not met, or any costs incurred as a result, due to circumstances beyond VISMARK®\'s control, such as illness, injury, client delay, or third-party or sub-contractor turnaround times. Final approval of art must also be provided to VISMARK® in writing before any work is released – verbal approvals cannot be accepted.</p>\r\n<h4 class=\"title\">PROOFS</h4>\r\n<p>All concepts created by VISMARK® are presented in low resolution draft format for on-screen proofing. High resolution files are only released once full payment is received. VISMARK® exercises reasonable effort to proof and test deliverables prior to presentation. All concepts presented by VISMARK® are created to the very best of VISMARK®\'s ability and knowledge. The client must confirm in writing or in VISMARK®App that they approve or require revisions to supplied proofs, within 14 days of receipt of proofs.</p>\r\n<h4 class=\"title\">REVISIONS</h4>\r\n<p>Any and all corrections, changes or amendments to a project must be provided to VISMARK® in writing or through VISMARK®App. Each quotation allows the client unlimited rounds of minor revisions to their project within 50 days of receipt of the first proofs. Any revisions or updates not nominated in the 50 days rounds of minor revisions, or otherwise accounted for in the quotation, are charged at an hourly rate of €20 to €35 per hour. Should the client choose not to proceed with the project, an invoice will be issued for work completed up to that date.</p>\r\n<h4 class=\"title\">ERRORS &amp; OMISSIONS</h4>\r\n<p>Whilst all care is taken by VISMARK® in producing proofs and final art, it is understood that the client assumes and accepts liability for any and all errors not corrected. The client is responsible for proof reading and identifying any errors or omissions, prior to final approval. Final artwork is not released to the client or third parties (eg. printers) until final approval of art is provided to VISMARK® in writing or through VISMARK®App – verbal approvals cannot be accepted. Should the client request a project reprint, the client is solely responsible for payment of all associated costs. VISMARK® cannot issue credit or refunds.</p>\r\n<h4 class=\"title\">OFFSET &amp; DIGITAL PRINTING</h4>\r\n<p>Files provided by the client to VISMARK® for use in high quality print reproduction, must be supplied as CMYK and at a minimum resolution of 300dpi at actual size. Additional charges may apply where VISMARK® is required to manipulate and convert client supplied files, to ensure they are press-ready.</p>\r\n<p>VISMARK® thoroughly checks all images supplied, and provides advice to the client regarding reproduction quality, colour and stock. The client accepts that VISMARK® is not responsible for any client supplied images that do not print as expected. VISMARK® supplies files to print companies and other third parties for high quality reproduction, at a minimum of 300dpi at actual size, or as high resolution PDF\'s, and as per their required specifications.</p>\r\n<p>Due to variations in computer settings, on-screen colour proofing may differ between monitors and devices, and can differ from the final printed result. The Client acknowledges that on-screen proofing is not an accurate representation of the final printed project, and that VISMARK® is not responsible for any colour variations that may occur between on-screen proofs and the final printed outcome.</p>\r\n<p>Colour accuracy is best determined at the chosen print company, by the production of pre-press calibrated high resolution proofs. Depending upon the print company, such colour-accurate hard copy proofs may attract an additional cost, prices are available upon request. VISMARK® will happily press-check projects where feasible and where requested, to help ensure consistency and the best possible printed outcome. The client accepts that VISMARK® is not responsible for any print inaccuracies that may arise.</p>\r\n<h4 class=\"title\">FILE FORMATS</h4>\r\n<p>VISMARK® does not release or supply any working files used in the creation of a project (such as Adobe Illustrator, InDesign, Photoshop, Corel and so on). High resolution PDF\'s of a completed project can be supplied upon final payment, at the client\'s request. Upon project completion, VISMARK® securely backs up and stores all associated files for minimum 50 days. Should the client request the supply of any files more than 50 days after project completion, a small retrieval fee may be incurred.</p>\r\n<h4 class=\"title\">USE OF IMAGES</h4>\r\n<p>VISMARK® can not use images that violate copyright. Client supplied images must be sourced from reputable stock photography libraries, or the client must be the copyright holder or have written permission from the copyright holder to use the image/s for commercial purposes. The client is fully responsable if the used images are violating the copyrights. VISMARK® can source professional stock photography as required. Professional stock photography that is no accounted for in the initial quotation attracts an additional cost which is payable by the client.</p>\r\n<h4 class=\"title\">INCOMPLETE &amp; CANCELLED PROJECTS</h4>\r\n<p>The client, within 14 calendar days of receipt of each proof, shall notify VISMARK® of any corrections, changes or amendments the client wishes to be made. Should the Client fail to contact VISMARK® within 14 calendar days of receipt of proof/s, and notify VISMARK® of any corrections, changes or amendments, or of final proof approval, VISMARK® reserves the right to consider the project finalised, and issue an invoice for payment of work completed. In the event of a project termination by either party, VISMARK® will issue an invoice for all work completed up to the date of cancellation, and payment of this invoice is required by the Client.</p>\r\n<h4 class=\"title\">ADDITIONAL COSTS</h4>\r\n<p>Quotation pricing includes VISMARK®\'s fees only. Any and all third party costs will be invoiced to the client, unless specifically otherwise provided for in the quotation. Such outside costs include, but are not limited to, postage and packaging, freight and shipping, courier fees, high resolution proofs from chosen offset printer, offset printing, digital printing, photocopies, artwork burnt to disk, sub-contractor\'s costs and fees, stock photography, photography and or artwork licenses, online access or hosting fees, parking fees, tolls, taxi fares and public transportation fares.</p>\r\n<h4 class=\"title\">PROMOTION</h4>\r\n<p>VISMARK® retains the right to publish and display any client projects in VISMARK®\'s portfolio, website, design periodicals, and other media or presentations.</p>\r\n<h4 class=\"title\">QUESTIONS OR CONCERNS</h4>\r\n<p>If you have any questions or concerns regarding our terms of services, please send us a detailed message on email, at support@vismark.eu. We will make every effort to resolve your concerns.</p>\r\n<p>S.C. Vismark Consulting S.R.L., 5 Baraganului Street, Ap. 41, Zip Code 810453, Braila, Romania<br /> Phone +4 031 101 10 72<br /><br /> Effective Date: December 5, 2016</p>\r\n</div>\r\n<div class=\"col-md-2\"> </div>\r\n</div>\r\n<div class=\"row text-center\">\r\n<h2 class=\"title\">Get in touch!</h2>\r\n<a class=\"gray_cta\" href=\"ro/contacteaza-ne\" data-toggle=\"modal\">Contact us</a></div>\r\n</div>\r\n</div>\r\n</div>',NULL,'2017-06-01 16:54:04'),(97,'string','searchable',NULL,NULL,NULL,'0',NULL,'2017-06-01 16:54:04'),(97,'string','extra1',NULL,NULL,NULL,'',NULL,'2017-06-01 16:54:04'),(97,'string','extra2',NULL,NULL,NULL,'',NULL,'2017-06-01 16:54:04'),(97,'string','extra3',NULL,NULL,NULL,'',NULL,'2017-06-01 16:54:04'),(97,'string','pagedata',NULL,NULL,NULL,'',NULL,'2017-06-01 16:54:04'),(97,'string','disable_wysiwyg',NULL,NULL,NULL,'0',NULL,'2017-06-01 16:54:04'),(97,'string','metadescription',NULL,NULL,NULL,'',NULL,'2017-06-01 16:54:04'),(97,'string','image',NULL,NULL,NULL,'-1',NULL,'2017-06-01 16:54:04'),(97,'string','thumbnail',NULL,NULL,NULL,'-1',NULL,'2017-06-01 16:54:04'),(97,'string','target',NULL,NULL,NULL,'',NULL,'2017-06-01 16:54:04'),(98,'string','content_en',NULL,NULL,NULL,'<div class=\"row\">\r\n<div class=\"col-md-2\"> </div>\r\n<div class=\"col-md-8 terms\">\r\n<h3 class=\"title\">We value your privacy and trust.</h3>\r\n<h4 class=\"title\">OVERVIEW</h4>\r\n<p class=\"continut\">We at VISMARK® Consulting S.R.L. (\"VISMARK® ,\" \"we,\" \"us,\" \"our\") know that our clients (\"you,\" \"your\") care about how your personal information is used and shared, and we take your privacy seriously. This privacy policy describes how VISMARK® collects and uses the personal information you provide on our Website: vismark.eu/vismark.ro/vismark.org. Please read the following to learn more about our Privacy Policy. By visiting or using the Website or Services in any manner, you acknowledge that you accept the practices and policies outlined in this Privacy Policy and you hereby consent that we will collect, use, and share your information in the following ways. Any capitalized terms used herein without definition shall have the meaning given to them in the VISMARK® Terms of Use.</p>\r\n<h4 class=\"title\">TYPES OF PERSONAL INFORMATION WE COLLECT</h4>\r\n<p>VISMARK® collects the following types of Personal Information through the Service: <br /> a) Contact Information;<br /> b) Financial Account Information;<br /> c) Company Information;<br /> d) User Account Information and Content;<br /> e) Other informations you provide to us</p>\r\n<h4 class=\"title\">HOW DO WE USE THE INFORMATION THAT YOU PROVIDE TO US?</h4>\r\n<p>Broadly speaking, we use personal information for purposes of administering our business activities, providing customer service and making available other items and services to our clients and prospective clienti.</p>\r\n<p>VISMARK® will not obtain personally-identifying information about you when you visit our site, unless you choose to provide such information to us, nor will such information be sold or otherwise transferred to unaffiliated third parties without the approval of the user at the time of collection.</p>\r\n<p>We may disclose information when legally compelled to do so, in other words, when we, in good faith, believe that the law requires it or for the protection of our legal rights.</p>\r\n<p>This policy does not apply to the practices of companies that we do not own or control, or to individuals that we do not employ or manage.</p>\r\n<p>We do not knowingly collect or solicit personal information from anyone under the age of 18 or knowingly allow such persons to register for the Services. No one under age 18 may provide any personal information to us or on the Services.</p>\r\n<h4 class=\"title\">IP ADDRESSES</h4>\r\n<p>IP addresses are used by your computer every time you are connected to the Internet. Your IP address is a number that is used by computers on the network to identify your computer. IP addresses are automatically collected by our web server as part of demographic and profile data known as \"traffic data\" so that data (such as the Web pages you request) can be sent to you.</p>\r\n<h4 class=\"title\">EMAIL INFORMATION</h4>\r\n<p>If you choose to correspond with us through email, we may retain the content of your email messages together with your email address and our responses. We provide the same protections for these electronic communications that we employ in the maintenance of information received online, mail, VISMARK® App and telephone. This also applies when you register for our website, sign up through any of our forms using your email address or make a purchase on this site. For further information see the email policies below.</p>\r\n<h4 class=\"title\">EMAIL POLICIES</h4>\r\n<p>We are committed to keeping your e-mail address confidential. We do not sell, rent, or lease our subscription lists to third parties, and we will not provide your personal information to any third party individual, government agency, or company at any time unless strictly compelled to do so by law.</p>\r\n<p>We will use your e-mail address solely to provide timely information about VISMARK®, VISMARK® App and services.</p>\r\n<p>We will maintain the information you send via e-mail or through VISMARK® App in accordance with applicable law.</p>\r\n<h4 class=\"title\">CAN-SPAM Compliance</h4>\r\n<p>In compliance with the CAN-SPAM Act, all e-mail sent from our organization will clearly state who the e-mail is from and provide clear information on how to contact the sender. In addition, all e-mail messages will also contain concise information on how to remove yourself from our mailing list so that you receive no further e-mail communication from us.</p>\r\n<h4 class=\"title\">Choice/Opt-Out</h4>\r\n<p>Our site provides users the opportunity to opt-out of receiving communications from us and our partners by reading the unsubscribe instructions located at the bottom of any e-mail they receive from us at anytime.</p>\r\n<p>The clients who no longer wish to receive our newsletter or promotional materials may opt-out of receiving these communications by clicking on the unsubscribe link in the e-mail.</p>\r\n<h4 class=\"title\">STORAGE AND SECURITY</h4>\r\n<p>We believe the security of your information is a serious issue and we are committed to protecting the information we receive from you. We use commercially reasonable security measures to protect against the loss, misuse and alteration of your information under our control. Notwithstanding such measures, please be aware that no security measures are perfect or impenetrable, and we cannot guarantee the security of any information transmitted to or from the Service. We also are not responsible for the actions of any third parties that may receive any such information.</p>\r\n<p>We may transfer your information to, or maintain it on, computers located outside of your state or country, in a location having laws that are less protective of your privacy. If you are located outside Romania and choose to provide information to us, be advised that VISMARK® is located in the Romania and processes your information in Romania. By using the Service under this Privacy Policy and the Terms of Service, you consent to the transfer of your information to Romania.</p>\r\n<h4 class=\"title\">WHERE DO WE STORE YOUR PERSONAL INFORMATION?</h4>\r\n<p>The information that we collect from the client may be transferred to, and stored and processed at, a destination in Romania. By submitting information, you agree to this transfer, storing or processing. We will take all steps reasonably necessary to ensure that your information is treated securely and in accordance with this Privacy Policy.</p>\r\n<h4 class=\"title\">USE OF EXTERNAL LINKS</h4>\r\n<p>http://www.vismark.eu /.ro /.org may contain links to many other websites. VISMARK® cannot guarantee the accuracy of information found at any linked site. Links to or from external sites not owned or controlled by VISMARK® do not constitute an endorsement by VISMARK® or any of its employees of the sponsors of these sites or the products or information presented therein.</p>\r\n<p>By accessing the VISMARK® website, you are agreeing to be bound by these web site Privacy Policy and Terms and Conditions of Use, all applicable laws and regulations, and agree that you are responsible for compliance with any applicable local laws. If you do not agree with any of these terms, you are prohibited from using or accessing this site. The materials contained in this web site are protected by applicable copyright and trade mark law.</p>\r\n<h4 class=\"title\">INTELLECTUAL PROPERTY RIGHTS</h4>\r\n<p>All copyrights, trademarks, patents and other intellectual property rights in and on our website and all content and software located on the site shall remain the sole property of VISMARK® or its licensors. The use of our trademarks, content and intellectual property is forbidden without the express written consent from VISMARK®.</p>\r\n<p>You must not:<br /> - Republish material from our website without prior written consent.<br /> - Sell or rent material from our website.<br /> - Reproduce, duplicate, create derivative, copy or otherwise exploit material on our website for any purpose.<br /> - Redistribute any content from our website, including onto another website.</p>\r\n<h4 class=\"title\">ACCEPTABLE USE</h4>\r\n<p>You agree to use our website only for lawful purposes, and in a way that does not infringe the rights of, restrict or inhibit anyone else\'s use and enjoyment of the website. Prohibited behavior includes harassing or causing distress or inconvenience to any other user or client, transmitting obscene or offensive content or disrupting the normal flow of dialogue within our website.</p>\r\n<p>You must not use our website to send unsolicited commercial communications. You must not use the content on our website for any marketing related purpose without our express written consent.</p>\r\n<h4 class=\"title\">RESTRICTED ACCESS</h4>\r\n<p>We may in the future need to restrict access to parts (or all) of our website and reserve full rights to do so. If, at any point, we provide you with a username and password for you to access restricted areas of our website, you must ensure that both your username and password are kept confidential.</p>\r\n<h4 class=\"title\">USE OF TESTIMONIALS</h4>\r\n<p>In accordance to the guidelines concerning the use of endorsements and testimonials in advertising, please be aware of the following:</p>\r\n<p>Testimonials that appear on this site are actually received via text, audio or video submission. They are individual experiences, reflecting real life experiences of those who have used our products and/or services in some way. They are individual results and results do vary. We do not claim that they are typical results. The testimonials are not necessarily representative of all of those who will use our products and/or services.</p>\r\n<p>The testimonials displayed in any form on this site (text, audio, video or other) are reproduced verbatim, except for correction of grammatical or typing errors. Some may have been shortened. In other words, not the whole message received by the testimonial writer is displayed when it seems too lengthy or not the whole statement seems relevant for the general public.</p>\r\n<p>VISMARK® is not responsible for any of the opinions or comments posted on http://www.vismark.eu /.ro /.org. VISMARK® is not a forum for testimonials, however provides testimonials as a means for customers to share their experiences with one another. To protect against abuse, all testimonials appear after they have been reviewed by management of VISMARK®.</p>\r\n<p>The testimonials are never intended to make claims that our products and/or services can be used to diagnose, treat, cure, mitigate or prevent any disease. Any such claims, implicit or explicit, in any shape or form, have not been clinically tested or evaluated.</p>\r\n<h4 class=\"title\">NO RESPONSIBILITY FOR PRIVACY PRACTICES OF THIRD PARTIES</h4>\r\n<p>This Privacy Policy applies only to the Service. It does not apply to sites that have linked or are redirected to or from the Service (\"Third Party Sites\"), regardless of whether or not such link or redirection is authorized by VISMARK®. Third Party Sites may have their own policies regarding privacy, or no policy at all. VISMARK® is not responsible for Third Party Sites and you use them at your own risk.</p>\r\n<h4 class=\"title\">INTERACTIONS WITH OTHERS</h4>\r\n<p>The Service may contain areas where you may be able to publicly post information, communicate with others such as discussion boards or blogs, review goods, services vendors, and submit media content. Such use is subject to our Terms of Service, and may be viewed by the public at large. Any information, including Personal Information, that you post there will be public, and therefore anyone who accesses such postings will have the ability to read, collect and further disseminate such information.</p>\r\n<h4 class=\"title\">ACCESSING AND CORRECTING PERSONAL INFORMATION</h4>\r\n<p>You may correct or update certain of your Personal Information via your VISMARK® App account.</p>\r\n<p>You may close or delete your account by sending notice in writing to us, but VISMARK® will nevertheless retain your Personal Information so as to protect the business interests of VISMARK® , VISMARK® Affiliates, vendors and other users. Those interests include the completion of transactions, maintaining records for financial reporting purposes, complying with our legal obligations, resolving disputes, and enforcing agreements.</p>\r\n<h4 class=\"title\">CHANGES TO THE PRIVACY POLICY</h4>\r\n<p>VISMARK® reserves the right to change this Privacy Policy. Such changes may be announced to you either by email or by the posting of the revised policy on the Service. You are responsible for reviewing both your own email and the Service to determine what is the then-current Privacy Policy.</p>\r\n<h4 class=\"title\">NOTICE TO RESIDENTS OF COUNTRIES OUTSIDE ROMANIA</h4>\r\n<p>VISMARK® is headquartered in Romania. Personal Information may be accessed by us or transferred to us in Romania or to VISMARK® Affiliates, business partners, vendors, or service providers elsewhere in the world. By providing us with Personal Information, you consent to this transfer. VISMARK® will adhere to its Privacy Policy, regardless of where the Personal Information is processed or stored.</p>\r\n<h4 class=\"title\">QUESTIONS OR CONCERNS</h4>\r\n<p>If you have any questions or concerns regarding our privacy policies, please send us a detailed message on email, at support@vismark.eu. We will make every effort to resolve your concerns.</p>\r\n<p>S.C. Vismark Consulting S.R.L., 5 Baraganului Street, Ap. 41, Zip Code 810453, Braila, Romania<br /> Phone +4 031 101 10 72<br /><br /> Effective Date: 5th of December, 2016</p>\r\n</div>\r\n<div class=\"col-md-2\"> </div>\r\n</div>\r\n<h2 class=\"title\">Get in touch!</h2>\r\n<a class=\"gray_cta\" href=\"en/contact\" data-toggle=\"modal\">Contact us</a>',NULL,'2017-06-01 16:52:34'),(98,'string','searchable',NULL,NULL,NULL,'1',NULL,'2017-06-01 16:52:34'),(98,'string','extra1',NULL,NULL,NULL,'',NULL,'2017-06-01 16:52:34'),(98,'string','extra2',NULL,NULL,NULL,'',NULL,'2017-06-01 16:52:34'),(98,'string','extra3',NULL,NULL,NULL,'',NULL,'2017-06-01 16:52:34'),(98,'string','pagedata',NULL,NULL,NULL,'',NULL,'2017-06-01 16:52:34'),(98,'string','disable_wysiwyg',NULL,NULL,NULL,'0',NULL,'2017-06-01 16:52:34'),(98,'string','metadescription',NULL,NULL,NULL,'',NULL,'2017-06-01 16:52:34'),(98,'string','image',NULL,NULL,NULL,'-1',NULL,'2017-06-01 16:52:34'),(98,'string','thumbnail',NULL,NULL,NULL,'-1',NULL,'2017-06-01 16:52:34'),(98,'string','target',NULL,NULL,NULL,'',NULL,'2017-06-01 16:52:34'),(99,'string','content_en',NULL,NULL,NULL,'<div class=\"content_page\">\r\n  <div class=\"text\">\r\n    <div class=\"container about pbottom60 ptop30 contact\">\r\n      <div class=\"container contact\">\r\n        <div class=\"col-md-12\">\r\n          <h3 class=\"title\">Contact</h3>\r\n        </div>\r\n        <div class=\"col-md-6 col-sm-12\">\r\n          <p>\r\n            Ai un proiect despre care vrei sa discutam? \r\n            <br>\r\n            Te rugam sa completezi <a href=\"https://vismark.eu/ro/contacteaza-ne#contact_form_vismark\">formularul de mai jos</a> <br> sau sa ne trimiti un email la\r\n            <br>\r\n            <a href=\"mailto:hello@vismark.eu\">hello@vismark.eu</a>\r\n          </p>\r\n          <p>\r\n            Pentru parteneriate, ne poti contacta pe emai\r\n            <br>\r\n            <a href=\"mailto:office@vismark.eu\">office@vismark.eu</a>\r\n            <br>\r\n            sau ne poti suna la <a href=\"tel:+40741173744\"><strong>+4 07411 73 744</strong></a>\r\n          </p>\r\n          <p>\r\n            Daca ai talent, inspiratie si determinare, \r\n            <br>\r\n            te rugam sa ne anunti.\r\n            <br>\r\n            Viziteaza sectiunea <a href=\"{cms_selflink href=\'cariere\'}\">Cariere</a> sau scrie-ne pe \r\n            <br>\r\n            <a href=\"mailto:careers@vismark.eu\">careers@vismark.eu</a>\r\n          </p>\r\n        </div>\r\n        <div class=\"col-md-6 col-sm-12\">\r\n          <p>\r\n            Pentru intrebari sau proiecte noi, ne poti suna la\r\n            <br>\r\n           <a href=\"tel:+40311011072\"><strong>+4 031 101 10 72</strong></a>\r\n          </p>\r\n          <p>\r\n            Locatie:\r\n            <br>\r\n            Strada Radu Voda 17, Etaj 4, Sector 4\r\n            <br>\r\n            Cod Postal 040273, Bucuresti, RO <br> <a href=\"https://www.google.com/maps/embed?pb=!1m18!1m12!1m3!1d2849.6769216621765!2d26.110367951625452!3d44.41927497899994!2m3!1f0!2f0!3f0!3m2!1i1024!2i768!4f13.1!3m3!1m2!1s0x40b202461d3d6793%3A0x173c5f1b335650cd!2zVklTTUFSS8Ku!5e0!3m2!1sen!2sro!4v1479899850933\" class=\"fancybox\"><strong>Vezi pe harta</strong></a>\r\n          </p>\r\n          <p class=\"mbottom0 pbottom0\">\r\n            Suntem sociabili:\r\n          </p>\r\n          <ul>\r\n              <li><a href=\"https://www.facebook.com/vismark.eu\"><i class=\"fa fa-facebook\"></i></a></li>\r\n              <li><a href=\"https://www.youtube.com/channel/UCOemEpk8qsxelbrrk1EWbLQ \"><i class=\"fa fa-youtube\"></i></a></li>\r\n              <li><a href=\"https://twitter.com/vismark_eu \"><i class=\"fa fa-twitter\"></i></a></li>\r\n              <li><a href=\"https://plus.google.com/u/1/b/111558593417091501840/+VismarkRo\"><i class=\"fa fa-google-plus\"></i></a></li>\r\n              <li><a href=\"https://www.behance.net/vismark\"><i class=\"fa fa-behance\"></i></a></li>\r\n              <li><a href=\"https://ro.pinterest.com/vismarkeu\"><i class=\"fa fa-pinterest\"></i></a></li>\r\n            </ul>\r\n        </div>\r\n      </div>\r\n    </div>\r\n  </div>\r\n</div>',NULL,'2017-06-01 16:32:21'),(99,'string','searchable',NULL,NULL,NULL,'1',NULL,'2017-06-01 16:32:21'),(99,'string','extra1',NULL,NULL,NULL,'',NULL,'2017-06-01 16:32:21'),(99,'string','extra2',NULL,NULL,NULL,'',NULL,'2017-06-01 16:32:21'),(99,'string','extra3',NULL,NULL,NULL,'',NULL,'2017-06-01 16:32:21'),(99,'string','pagedata',NULL,NULL,NULL,'',NULL,'2017-06-01 16:32:21'),(99,'string','disable_wysiwyg',NULL,NULL,NULL,'1',NULL,'2017-06-01 16:32:21'),(99,'string','target',NULL,NULL,NULL,'',NULL,'2017-06-01 16:32:21'),(100,'string','content_en',NULL,NULL,NULL,'{FaQ action=\"categories\" summarytemplate=\"category_list\"}',NULL,'2017-01-18 22:28:45'),(100,'string','searchable',NULL,NULL,NULL,'1',NULL,'2017-01-18 22:28:45'),(100,'string','extra1',NULL,NULL,NULL,'',NULL,'2017-01-18 22:28:45'),(100,'string','extra2',NULL,NULL,NULL,'',NULL,'2017-01-18 22:28:45'),(100,'string','extra3',NULL,NULL,NULL,'',NULL,'2017-01-18 22:28:45'),(100,'string','pagedata',NULL,NULL,NULL,'',NULL,'2017-01-18 22:28:45'),(100,'string','disable_wysiwyg',NULL,NULL,NULL,'0',NULL,'2017-01-18 22:28:45'),(100,'string','target',NULL,NULL,NULL,'',NULL,'2017-01-18 22:28:45'),(99,'string','image',NULL,NULL,NULL,'-1',NULL,'2017-06-01 16:32:21'),(99,'string','thumbnail',NULL,NULL,NULL,'-1',NULL,'2017-06-01 16:32:21'),(84,'string','image',NULL,NULL,NULL,'-1',NULL,'2017-06-01 16:32:42'),(84,'string','thumbnail',NULL,NULL,NULL,'-1',NULL,'2017-06-01 16:32:42'),(101,'string','content_en',NULL,NULL,NULL,'{get_browserlang} {if $lang == \'ro\'} {redirect_page page=\"acasa\"} {else} {redirect_page page=\"homepage\"} {/if}',NULL,'2017-01-13 14:27:59'),(101,'string','searchable',NULL,NULL,NULL,'0',NULL,'2017-01-13 14:27:59'),(101,'string','extra1',NULL,NULL,NULL,'',NULL,'2017-01-13 14:27:59'),(101,'string','extra2',NULL,NULL,NULL,'',NULL,'2017-01-13 14:27:59'),(101,'string','extra3',NULL,NULL,NULL,'',NULL,'2017-01-13 14:27:59'),(101,'string','pagedata',NULL,NULL,NULL,'',NULL,'2017-01-13 14:27:59'),(101,'string','disable_wysiwyg',NULL,NULL,NULL,'0',NULL,'2017-01-13 14:27:59'),(101,'string','image',NULL,NULL,NULL,'-1',NULL,'2017-01-13 14:27:59'),(101,'string','thumbnail',NULL,NULL,NULL,'-1',NULL,'2017-01-13 14:27:59'),(101,'string','target',NULL,NULL,NULL,'',NULL,'2017-01-13 14:27:59'),(100,'string','image',NULL,NULL,NULL,'-1',NULL,'2017-01-18 22:28:45'),(100,'string','thumbnail',NULL,NULL,NULL,'-1',NULL,'2017-01-18 22:28:45'),(85,'string','image',NULL,NULL,NULL,'-1',NULL,'2017-01-18 22:29:13'),(85,'string','thumbnail',NULL,NULL,NULL,'-1',NULL,'2017-01-18 22:29:13'),(84,'string','metadescription',NULL,NULL,NULL,'',NULL,'2017-06-01 16:32:42'),(99,'string','metadescription',NULL,NULL,NULL,'',NULL,'2017-06-01 16:32:21');

--
-- Table structure for table `cms_content_props_seq`
--

CREATE TABLE `cms_content_props_seq` (
  `id` int(11) NOT NULL
) ENGINE=MyISAM DEFAULT CHARSET=utf8;

--
-- Dumping data for table `cms_content_props_seq`
--

INSERT INTO `cms_content_props_seq` VALUES (15);

--
-- Table structure for table `cms_content_seq`
--

CREATE TABLE `cms_content_seq` (
  `id` int(11) NOT NULL
) ENGINE=MyISAM DEFAULT CHARSET=utf8;

--
-- Dumping data for table `cms_content_seq`
--

INSERT INTO `cms_content_seq` VALUES (101);

--
-- Table structure for table `cms_crossref`
--

CREATE TABLE `cms_crossref` (
  `child_type` varchar(100) DEFAULT NULL,
  `child_id` int(11) DEFAULT NULL,
  `parent_type` varchar(100) DEFAULT NULL,
  `parent_id` int(11) DEFAULT NULL,
  `create_date` datetime DEFAULT NULL,
  `modified_date` datetime DEFAULT NULL,
  KEY `cms_index_crossref_by_child_type_child_id` (`child_type`,`child_id`),
  KEY `cms_index_crossref_by_parent_type_parent_id` (`parent_type`,`parent_id`)
) ENGINE=MyISAM DEFAULT CHARSET=utf8;

--
-- Dumping data for table `cms_crossref`
--

INSERT INTO `cms_crossref` VALUES ('global_content',1,'template',22,'2009-05-11 02:01:23','2009-05-11 02:01:23');

--
-- Table structure for table `cms_css`
--

CREATE TABLE `cms_css` (
  `css_id` int(11) NOT NULL,
  `css_name` varchar(255) DEFAULT NULL,
  `css_text` text DEFAULT NULL,
  `media_type` varchar(255) DEFAULT NULL,
  `media_query` text DEFAULT NULL,
  `create_date` datetime DEFAULT NULL,
  `modified_date` datetime DEFAULT NULL,
  PRIMARY KEY (`css_id`),
  KEY `cms_index_css_by_css_name` (`css_name`)
) ENGINE=MyISAM DEFAULT CHARSET=utf8;

--
-- Dumping data for table `cms_css`
--

INSERT INTO `cms_css` VALUES (47,'ncleanbluecore','/*\r\n  @Nuno Costa [criacaoweb.net] Core CSS.\r\n  @Licensed under GPL and MIT.\r\n  @Status: Stable\r\n  @Version: 0.1-20090418\r\n  \r\n  @Contributors:\r\n  \r\n  --------------------------------------------------------------- \r\n*/\r\n/*----------- Global Containers ----------- */\r\n/* \r\n.core-wrap-100   =  width - 100% of Browser Fluid\r\n.core-wrap-960   =  width - 960px  - fixed\r\n.core-wrap-780   =  width - 780px  - fixed\r\n.custom-wrap-x   =  width -  custom   - declared in another css (your site css)\r\n*/\r\n.core-wrap-100 {\r\n	width: 100%;\r\n}\r\n.core-wrap-960 {\r\n	width: 960px;\r\n}\r\n.core-wrap-780 {\r\n	width: 780px;\r\n}\r\n.core-wrap-100,\r\n.core-wrap-960,\r\n.core-wrap-780,\r\n.custom-wrap-x {\r\n	margin-left: auto;\r\n	margin-right: auto;\r\n}\r\n/*----------- Global Float ----------- */\r\n.core-wrap-100  .core-float-left,\r\n.core-wrap-960  .core-float-left,\r\n.core-wrap-780  .core-float-left,\r\n.custom-wrap-x  .core-float-left {\r\n	float: left;\r\n	display: inline;\r\n}\r\n.core-wrap-100  .core-float-right,\r\n.core-wrap-960  .core-float-right,\r\n.core-wrap-780  .core-float-right,\r\n.custom-wrap-x  .core-float-right {\r\n	float: right;\r\n	display: inline;\r\n}\r\n/*----------- Global Center ----------- */\r\n.core-wrap-100   .core-center,\r\n.core-wrap-960   .core-center,\r\n.core-wrap-780   .core-center,\r\n.custom-wrap-x   .core-center {\r\n	margin-left: auto;\r\n	margin-right: auto;\r\n}','screen','','2009-05-06 14:28:28','2009-05-11 02:35:43'),(48,'ncleanblueutils','/*\r\n  @Nuno Costa [criacaoweb.net] Utils CSS.\r\n  @Licensed under GPL2 and MIT.\r\n  @Status: Stable\r\n  @Version: 0.1-20090418\r\n  \r\n  @Contributors:\r\n        -  http://meyerweb.com/eric/tools/css/reset/index.html \r\n  \r\n  --------------------------------------------------------------- \r\n*/\r\n/* From: http://meyerweb.com/eric/tools/css/reset/index.html  (Original) */\r\n/* v1.0 | 20080212 */\r\nhtml, body, div, span, applet, object, iframe,\r\nh1, h2, h3, h4, h5, h6, p, blockquote, pre,\r\na, abbr, acronym, address, big, cite, code,\r\ndel, dfn, em, font, img, ins, kbd, q, s, samp,\r\nsmall, strike, strong, sub, sup, tt, var,\r\nb, u, i, center,\r\ndl, dt, dd, ol, ul, li,\r\nfieldset, form, label, legend,\r\ntable, caption, tbody, tfoot, thead, tr, th, td {\r\n	margin: 0;\r\n	padding: 0;\r\n	border: 0;\r\n	outline: 0;\r\n	font-size: 100%;\r\n	vertical-align: baseline;\r\n	background: transparent;\r\n}\r\n/*\r\nStantby for nowbody {\r\n	line-height: 1;\r\n}\r\n*/\r\nol, ul {\r\n	list-style: none;\r\n}\r\nblockquote, q {\r\n	quotes: none;\r\n}\r\nblockquote:before,\r\nblockquote:after,\r\nq:before, q:after {\r\n	content: \'\';\r\n	content: none;\r\n}\r\n/* remember to define focus styles! */\r\n:focus {\r\n	outline: 0;\r\n}\r\n/* remember to highlight inserts somehow! */\r\nins {\r\n	text-decoration: none;\r\n}\r\ndel {\r\n	text-decoration: line-through;\r\n}\r\n/* tables still need \'cellspacing=\"0\"\' in the markup */\r\ntable {\r\n	border-collapse: collapse;\r\n	border-spacing: 0;\r\n}\r\n/* ------- @Nuno Costa [criacaoweb.net] Utils CSS. ---------- */\r\n* {\r\n	font-weight: inherit;\r\n	font-style: inherit;\r\n	font-family: inherit;\r\n}\r\ndfn {\r\n	display: none;\r\n	overflow: hidden;\r\n}\r\n/* ----------- Clear Floated Elements ----------- */\r\nhtml body .util-clearb {\r\n	background: none;\r\n	border: 0;\r\n	clear: both;\r\n	display: block;\r\n	float: none;\r\n	font-size: 0;\r\n	margin: 0;\r\n	padding: 0;\r\n	position: static;\r\n	overflow: hidden;\r\n	visibility: hidden;\r\n	width: 0;\r\n	height: 0;\r\n}\r\n/* ----------- Fix to Clear Floated Elements ----------- */\r\n.util-clearfix:after {\r\n	clear: both;\r\n	content: \'.\';\r\n	display: block;\r\n	visibility: hidden;\r\n	height: 0;\r\n}\r\n.util-clearfix {\r\n	display: inline-block;\r\n}\r\n* html .util-clearfix {\r\n	height: 1%;\r\n}\r\n.util-clearfix {\r\n	display: block;\r\n}','screen','','2009-05-06 14:29:17','2009-05-11 02:38:10'),(49,'Layout: NCleanBlue','/*  \n@Nuno Costa [criacaoweb.net]\n@Since [cmsms 1.6]\n@Contributors: Mark and Dev-Team\n*/\nbody {\n/* default text for entire site */\n	font: normal 0.8em Tahoma, Verdana, Arial, Helvetica, sans-serif;\n/* default text color for entire site */\n	color: #3A3A36;\n/* you can set your own image and background color here */\n	background: #fff url([[root_url]]/uploads/NCleanBlue/bg__full.png) repeat-x scroll left top;\n}\n/* Mask helper  for browsers ZOOM, Rezise and Decrease */\n#ncleanblue {\n/* set to width of viewport */\n	width: auto;\n/* you can set your own image and background color here */\n	background: #fff url([[root_url]]/uploads/NCleanBlue/bg__full.png) repeat-x scroll left top;\n}\n/* wiki style external links */\n/* external links will have \"(external link)\" text added, lets hide it */\na.external span {\n	position: absolute;\n	left: -5000px;\n	width: 4000px;\n}\na.external {\n/* make some room for the image, css shorthand rules, read: first top padding 0 then right padding 12px then bottom then right */\n	padding: 0 12px 0 0;\n}\n/* colors for external links */\na.external:link {\n	color: #679EBC;\n/* background image for the link to show wiki style arrow */\n	background: url([[root_url]]/uploads/NCleanBlue/external.gif) no-repeat 100% -100px;\n}\na.external:visited {\n	color: #18507C;\n/* a different color can be used for visited external links */\n/* Set the last 0 to -100px to use that part of the external.gif image for different color for active links external.gif is actually 300px tall, we can use different positions of the image to simulate rollover image changes.*/\n	background: url([[root_url]]/uploads/NCleanBlue/external.gif) no-repeat 100% -100px;\n}\na.external:hover {\n	color: #18507C;\n/* Set the last 0 to -200px to use that part of the external.gif image for different color on hover */\n	background: url([[root_url]]/uploads/NCleanBlue/external.gif) no-repeat 100% 0;\n	background-color: inherit;\n}\n/* end wiki style external links */\n/* hr and anything with the class of accessibility is hidden with CSS from visual browsers */\n.accessibility, hr {\n/* absolute lets us put it outside the viewport with the indents, the rest is to clear all defaults */\n	position: absolute;\n	top: -9999em;\n	left: -9999em;\n	background: none;\n	border: 0;\n	clear: both;\n	display: block;\n	float: none;\n	font-size: 0;\n	margin: 0;\n	padding: 0;\n	overflow: hidden;\n	visibility: hidden;\n	width: 0;\n	height: 0;\n	border: none;\n}\n/* ------------ Standard  HTML elements and their default settings ------------ */\nb, strong{font-weight: bold;}i, em{	font-style: italic;}\np {\n	padding: 0;\n	margin-top: 0.5em;\n    margin-bottom: 1em;\n   text-align:left;\n}\nh1, h2, h3, h4, h5 {\n	line-height: 1.6em;\n	font-weight: normal;\n	width: auto;\n	font-family: \"Trebuchet MS\", Arial, Helvetica, sans-serif;\n}\n/*default link styles*/\na {\n	color: #679EBC;\n	text-decoration: none;\n	text-align: left;\n}\na:hover {\n	color: #3A6B85;\n}\na:active {\n	color: #3A6B85;\n}\na:visited {\n	color: #679EBC;\n}\ninput, textarea, select {\n	font-size: 0.95em;\n}\n/* ------------ Wrapper ------------ */\ndiv#pagewrapper {\n	font-size: 95%;\n	position: relative;\n	z-index: 1;\n}\n/* ------------ Header ------------ */\n#header {\n	height: 111px;\n	width: 960px;\n}\n#logo a {\n/* adjust according your image size */\n	height: 75px;\n	width: 215px;\n/* forces full link size */\n	display: block;\n/* this hides the text */\n	text-indent: -9999em;\n	margin-top: 0;\n	margin-left: 0;\n/* you can set your own image here, note size adjustments */\n	background: url([[root_url]]/uploads/NCleanBlue/logo.png) no-repeat left top;\n}\n/* ------------ Header - Search ------------ */\ndiv#search {\n	width: 190px;\n	height: 28px;\n	margin-top: 31px;\n	margin-right: 20px;\n}\ndiv#search label {\n	text-indent: -9999em;\n	height: 0pt;\n	width: 0pt;\n	display: none;\n}\ndiv#search input.search-input {\n/* specific size for image, your image may need these adjusted */\n	width: 143px;\n	height: 17px;\n/* removes default borders, allows use of image */\n	border-style: none;\n/* text color */\n	color: #999;\n/* padding of text */\n	padding: 7px 0px 4px 10px;\n	float: left;\n/* set all font properties at once, weight, size, family */\n	font: bold 0.9em Arial, Helvetica, sans-serif;\n/* left input image, set your own here */\n	background: url([[root_url]]/uploads/NCleanBlue/search.png) no-repeat left top;\n}\ndiv#search input.search-button {\n/* specific size for image, your image may need these adjusted */\n	width: 37px;\n	height: 28px;\n/* removes default borders, allows use of image */\n	border-style: none;\n/* hides text, image has text */\n	text-indent: -9999em;\n	float: left;\n	margin: 0;\n/* provides positive hover effect */\n	cursor: pointer;\n/* removes default size/height */\n	font-size: 0px;\n	line-height: 0px;\n/* submit button image, set your own here */\n	background: transparent url([[root_url]]/uploads/NCleanBlue/search.png) no-repeat right top;\n}\n/* ------------ Content ------------ */\n#content {\n	width: auto;\n/* all text in #content will default align left, changed in other calls */\n	text-align: left;\n}\n#bar {\n	width: auto;\n	height: 40px;\n	padding-right: 1em;\n	padding-left: 1em;\n}\n.print {\n	margin-right: 75px;\n	margin-top: 10px;\n}\n#version {\n	width: 50px;\n	height: 31px;\n	position: absolute;\n	z-index: 5;\n	top: 130px;\n	right: -16px;\n	font-size: 1.6em;\n	font-weight: bold;\n	padding: 28px 15px;\n	color: #FFF;\n	text-align: center;\n	vertical-align: middle;\n	background:  url([[root_url]]/uploads/NCleanBlue/version.png) no-repeat left top;\n}\n/* IE6 fixes */\n* html div#version {\n	top: 150px;\n}\n/* End IE6 fixes */\n/* Site Title */\nh1.title {\n	font-size: 1.8em;\n	color: #666666;\n	margin-bottom: 0.5em;\n}\n/* Breadcrumbs */\ndiv.breadcrumbs {\n	padding: 0.5em 0;\n	font-size: 80%;\n	margin: 0 1em;\n}\ndiv.breadcrumbs span.lastitem {\n	font-weight: bold;\n}\n/* ------------ Side Bar (Left) ------------ */\n#left {\n	width: 250px;\n}\n/* Image that Represents the new CMS design */\n#left .screen {\n	margin: 10px 50px;\n}\n/* End  */\n.sbar-title {\n	font: bold 1.2em Arial, Helvetica, sans-serif;\n	color: #252523;\n}\n.sbar-top {\n	height: 20px;\n	width: auto;\n	padding: 10px;\n	background: url([[root_url]]/uploads/NCleanBlue/bg__content.png) no-repeat left top;\n}\n.sbar-main {\n	width: auto;\n	border-right: 1px solid #E2E2E2;\n	border-left: 1px solid #E2E2E2;\n	background: #F0F0F0;\n}\nspan.sbar-bottom {\n	width: auto;\n	display: block;\n	height: 10px;\n	background: url([[root_url]]/uploads/NCleanBlue/bg__content.png) no-repeat left bottom;\n}\n/* ------------ Main (Right) ------------ */\n#main {\n	width: 690px;\n}\n.main-top {\n	height: 15px;\n	width: auto;\n	background: url([[root_url]]/uploads/NCleanBlue/bg__content.png) no-repeat right top;\n}\n.main-main {\n	width: auto;\n	border-right: 1px solid #E2E2E2;\n	border-left: 1px solid #E2E2E2;\n	background: #F0F0F0;\n	padding: 20px;\n	padding-top: 0px;\n}\n.main-bottom {\n	width: auto;\n	height: 41px;\n	background: url([[root_url]]/uploads/NCleanBlue/bg__content.png) no-repeat right bottom;\n}\n.right49, .left49 {\n	font-size: 0.85em;\n	margin: 7px 5px 5px 10px;\n	font-weight: bold;\n}\n.left49 span {\n	display: block;\n	padding-top: 1px;\n}\n.left49 a {\n	font-weight: normal;\n}\n.right49 {\n	height: 28px;\n	width: 50px;\n	padding-right: 10px;\n	background: url([[root_url]]/uploads/NCleanBlue/bull.png) no-repeat right top;\n}\n.right49 a, .right49 a:visited {\n	padding: 7px 4px;\n	display: block;\n	color: #000;\n	height: 15px;\n	background: url([[root_url]]/uploads/NCleanBlue/bull.png) no-repeat  left top;\n}\n#main h2,\n#main h3,\n#main h4,\n#main h5,\n#main h6 {\n	font-size: 1.4em;\n	color: #301E12;\n}\ndiv#main ul,\ndiv#main ol,\ndiv#main dl,\n#footer ul,\n#footer ol {\n	line-height: 1em;\n	margin: 0 0 1.5em 0;\n}\ndiv#main ul,\n#footer ul {\n	list-style: circle;\n}\ndiv#main ul li,\ndiv#main ol li,\n#footer ul li,\n#footer ol li {\n	padding: 2px 2px 2px 5px;\n	margin-left: 20px;\n}\n/* definition lists topics on bold */\ndiv#main dl dt {\n	font-weight: bold;\n	margin: 0 0 0 1em;\n}\ndiv#main dl dd {\n	margin: 0 0 1em 1em;\n}\ndiv#main dl {\n	margin-bottom: 2em;\n	padding-bottom: 1em;\n	border-bottom: 1px solid #c0c0c0;\n}\n/* ------------ Footer ------------ */\n#footer-wrapper {\n	min-height: 235px;\n	height: auto!important;\n	height: 235px;\n	width: auto;\n	margin-top: 5px;\n	text-align: center;\n	margin-right: 00px;\n	margin-left: 0px;\n	background: #7CA3B5 url([[root_url]]/uploads/NCleanBlue/bg__footer.png) repeat-x left top;\n}\n#footer {\n	color: #FFF;\n	font-size: 0.8em;\n	min-height: 235px;\n	height: auto!important;\n	height: 235px;\n	background: #7CA3B5 url([[root_url]]/uploads/NCleanBlue/bg__footer.png) repeat-x left top;\n}\n#footer .block {\n	width: 300px;\n	margin: 20px 10px 10px;\n}\n#footer .cms {\n	text-align: right;\n}\n/* ------------ Footer Links ------------ */\n#footer ul {\n	width: auto;\n	text-align: left;\n	margin-left: 50px;\n}\n#footer ul ul {\n	margin-left: 0px;\n}\n#footer ul li a {\n	color: #FFF;\n	display: block;\n	font-weight: normal;\n	margin-bottom: 0.5em;\n	text-decoration: none;\n}\n#footer a {\n	color: #DCEDF1;\n	text-decoration: underline;\n	font-weight: bold;\n}\n/* ------------ END LAYOUT ---------------*/\n/* ------------  Menu  ROOT  ------------ */\n.page-menu {\n	width: auto;\n	height: 35px;\n	margin: 3px 0 0 20px;\n}\n.menuwrapper {}\n\nul#primary-nav li hr.menu_separator{\n        position: relative;\n        visibility: hidden;\n        display:block;\n        width:5px;\n       	height: 32px;\n       	margin: 0px 5px 0px;\n}\n.page-menu ul#primary-nav {\n	height: 1%;\n	float: left;\n	list-style: none;\n	padding: 0;\n	margin: 0;\n}\n.page-menu ul#primary-nav li {\n	float: left;\n}\n.page-menu ul#primary-nav li a,\n.page-menu ul#primary-nav li a span {\n	display: block;\n	padding: 0 10px;\n	background-repeat: no-repeat;\n	background-image: url([[root_url]]/uploads/NCleanBlue/tabs.gif);\n}\n.page-menu ul#primary-nav li a {\n	padding-left: 0;\n	color: #000;\n	font-weight: bold;\n	line-height: 2.15em;\n	text-decoration: none;\n	margin-left: 1px;\n	font-size: 0.85em;\n}\n.page-menu ul#primary-nav li a:hover,\n.page-menu ul#primary-nav li a:active {\n	color: #000;\n}\n.page-menu ul#primary-nav li a.menuactive,\n.page-menu ul#primary-nav li a:hover span {\n	color: #000;\n}\n.page-menu ul#primary-nav li a span {\n	padding-top: 6px;\n	padding-right: 0;\n	padding-bottom: 5px;\n}\n.page-menu ul#primary-nav li a.menuparenth,\n.page-menu ul#primary-nav li a.menuactive,\n.page-menu ul#primary-nav li a:hover,\n.page-menu ul#primary-nav li a:focus,\n.page-menu ul#primary-nav li a:active {\n	background-position: 100% -120px;\n}\n.page-menu ul#primary-nav li a {\n	background-position: 100% -80px;\n}\n.page-menu ul#primary-nav li a.menuactive span,\n.page-menu ul#primary-nav li a:hover span,\n.page-menu ul#primary-nav li a:focus span,\n.page-menu ul#primary-nav li a:active span {\n	background-position: 0 -40px;\n}\n.page-menu ul#primary-nav li a span {\n	background-position: 0 0;\n}\n.page-menu ul#primary-nav .sectionheader,\n.page-menu ul#primary-nav li a:link.menuactive,\n.page-menu ul#primary-nav li a:visited.menuactive {\n/* @ Opera, use pseudo classes otherwise it confuses cursor... */\n	cursor: text;\n}\n.page-menu ul#primary-nav li span,\n.page-menu ul#primary-nav li a,\n.page-menu ul#primary-nav li a:hover,\n.page-menu ul#primary-nav li a:focus,\n.page-menu ul#primary-nav li a:active {\n/* @ Opera, we need to be explicit again here now... */\n	cursor: pointer;\n}\n/* Additional IE specific bug fixes... */\n* html .page-menu ul#primary-nav {\n	display: inline-block;\n}\n*:first-child+html .page-menu ul#primary-nav {\n	display: inline-block;\n}\n/* --------------------  menu dropdow  -------------------------\n/* Unless you know what you do, do not touch this */\n/* Reset all ROOT menu styles. */\nul#primary-nav ul.unli li li a span,\nul#primary-nav ul.unli li a span,\nul#primary-nav .menuparent .unli .menuparent .unli li a span {\n	font-weight: normal;\n	background-image: none;\n	display: block;\n	padding-top: 0px;\n	padding-left: 0px;\n	padding-right: 0px;\n	padding-bottom: 0px;\n}\n#primary-nav {\n	margin: 0px;\n	padding: 0px;\n}\n#primary-nav ul {\n	list-style: none;\n	margin: -6px 0px 0px;\n	padding: 0px;\n/* Set the width of the menu elements at second level. Leaving first level flexible. */\n	width: 209px;\n}\n#primary-nav ul {\n	position: absolute;\n	z-index: 1001;\n	top: auto;\n	display: none;\n	padding-top: 9px;\n	background: url([[root_url]]/uploads/NCleanBlue/ultop.png) no-repeat left top;\n}\n* html #primary-nav ul.unli {\n	padding-top: 12px;\n	background: url([[root_url]]/uploads/NCleanBlue/ultop.gif) no-repeat left top;\n}\n#primary-nav ul.unli ul {\n	margin-left: -7px;\n	left: 100%;\n	top: 3px;\n}\n* html #primary-nav ul.unli ul {\n	margin-left: -0px;\n}\n#primary-nav li {\n	margin: 0px;\n	float: left;\n}\n#primary-nav li li {\n	margin-left: 7px;\n	margin-top: -1px;\n	float: none;\n	position: relative;\n}\n/* Styling the basic appearance of the menu elements */\nul#primary-nav ul hr.menu_separator{\n        position: relative;\n        visibility: visible;\n        display:block;\n        width:130px;\n       	height: 1px;\n       	margin: 2px 30px 2px;\n	padding: 0em;\n	border-bottom: 1px solid #ccc;\n	border-top-width: 0px;\n	border-right-width: 0px;\n	border-left-width: 0px;\n	border-top-style: none;\n	border-right-style: none;\n	border-left-style: none;\n}\n#primary-nav .separator,\n#primary-nav .separatorh {\n	height: 9px;\n	width: 209px;\n	margin: 0px 0px -8px;\n	background: url([[root_url]]/uploads/NCleanBlue/ulbtm.png) no-repeat left bottom;\n}\n* html #primary-nav .separator {\n       z-index:-1;\n	background: url([[root_url]]/uploads/NCleanBlue/ulbtm.gif) no-repeat left bottom;\n}\n*:first-child+html #primary-nav .separator {\n       z-index:-1;\n}\n#primary-nav ul.unli li a {\n	padding: 0px 10px;\n	width: 165px;\n	margin: 5px;\n	background-image: none;\n}\n* html #primary-nav ul.unli li a {\n	padding: 0px 10px 0px 5px;\n	width: 165px;\n	margin: 5px 0px;\n}\n#primary-nav li li a:hover {\n	background-color: #DBE7F2;\n}\n/* Styling the basic appearance of the active page elements (shows what page in the menu is being displayed) */\n#primary-nav li.menuactive li a {\n	text-decoration: none;\n	background: none;\n}\n#primary-nav ul.unli li.menuparenth,\n#primary-nav ul.unli a:hover,\n#primary-nav ul.unli a.menuactive {\n	background-color: #DBE7F2;\n}\n/* Styling the basic apperance of the menuparents - here styled the same on hover (fixes IE bug) */\n#primary-nav ul.unli li .menuparent,\n#primary-nav ul.unli li .menuparent:hover,\n#primary-nav ul.unli li .menuparent,\n#primary-nav .menuactive.menuparent .unli .menuactive.menuparent .menuactive.menuparent {\n	background-image: url([[root_url]]/uploads/NCleanBlue/arrow.gif);\n	background-position: center right;\n	background-repeat: no-repeat;\n}\n/* The magic - set to work for up to a 3 level menu, but can be increased unlimited */\n#primary-nav ul,\n#primary-nav li:hover ul,\n#primary-nav li:hover ul ul,\n#primary-nav li:hover ul ul ul,\n#primary-nav li.menuparenth ul,\n#primary-nav li.menuparenth ul ul,\n#primary-nav li.menuparenth ul ul ul {\n	display: none;\n}\n#primary-nav li:hover ul,\n#primary-nav ul li:hover ul,\n#primary-nav ul ul li:hover ul,\n#primary-nav ul ul ul li:hover ul,\n#primary-nav li.menuparenth ul,\n#primary-nav ul li.menuparenth ul,\n#primary-nav ul ul li.menuparenth ul,\n#primary-nav ul ul ul li.menuparenth ul {\n	display: block;\n}\n/* IE Hacks */\n#primary-nav li li {\n	float: left;\n	clear: both;\n}\n#primary-nav li li a {\n	height: 1%;\n}\n/*************** End Menu *****************/\n/* ------------ News Module ------------ */\n#news {\n	padding: 10px;\n}\n.NewsSummary {\n}\n.NewsSummaryPostdate,\n.NewsSummaryCategory,\n.NewsSummaryAuthor {\n	font-style: italic;\n	font-size: 0.8em;\n}\n.NewsSummaryLink {\n	margin: 2px 0;\n}\n.NewsSummaryContent {\n	margin: 10px 0;\n}\n.NewsSummaryMorelink {\n	margin: 5px 0 15px;\n}\n/* ------------ End News Module ------------ */','screen','','2009-05-06 14:30:25','2009-07-22 17:39:51');

--
-- Table structure for table `cms_css_assoc`
--

CREATE TABLE `cms_css_assoc` (
  `assoc_to_id` int(11) DEFAULT NULL,
  `assoc_css_id` int(11) DEFAULT NULL,
  `assoc_type` varchar(80) DEFAULT NULL,
  `create_date` datetime DEFAULT NULL,
  `modified_date` datetime DEFAULT NULL,
  `assoc_order` int(11) DEFAULT NULL,
  KEY `cms_index_css_assoc_by_assoc_to_id` (`assoc_to_id`),
  KEY `cms_index_css_assoc_by_assoc_css_id` (`assoc_css_id`)
) ENGINE=MyISAM DEFAULT CHARSET=utf8;

--
-- Dumping data for table `cms_css_assoc`
--

INSERT INTO `cms_css_assoc` VALUES (29,47,'template','2016-11-29 11:42:09','2016-11-29 11:42:09',2),(29,48,'template','2016-11-29 11:42:09','2016-11-29 11:42:09',1),(29,49,'template','2016-11-29 11:42:09','2016-11-29 11:42:09',3),(23,47,'template','2016-07-06 12:01:34','2016-07-06 12:01:34',2),(23,48,'template','2016-07-06 12:01:34','2016-07-06 12:01:34',1),(23,49,'template','2016-07-06 12:01:34','2016-07-06 12:01:34',3),(28,49,'template','2016-11-29 09:16:43','2016-11-29 09:16:43',3),(28,48,'template','2016-11-29 09:16:43','2016-11-29 09:16:43',1),(28,47,'template','2016-11-29 09:16:43','2016-11-29 09:16:43',2),(30,48,'template','2016-11-29 15:00:13','2016-11-29 15:00:13',1),(30,49,'template','2016-11-29 15:00:13','2016-11-29 15:00:13',3),(27,49,'template','2016-11-28 15:51:22','2016-11-28 15:51:22',3),(27,48,'template','2016-11-28 15:51:22','2016-11-28 15:51:22',1),(27,47,'template','2016-11-28 15:51:22','2016-11-28 15:51:22',2),(30,47,'template','2016-11-29 15:00:13','2016-11-29 15:00:13',2),(31,49,'template','2016-11-30 09:57:38','2016-11-30 09:57:38',3),(31,48,'template','2016-11-30 09:57:38','2016-11-30 09:57:38',1),(31,47,'template','2016-11-30 09:57:38','2016-11-30 09:57:38',2);

--
-- Table structure for table `cms_css_seq`
--

CREATE TABLE `cms_css_seq` (
  `id` int(11) NOT NULL
) ENGINE=MyISAM DEFAULT CHARSET=utf8;

--
-- Dumping data for table `cms_css_seq`
--

INSERT INTO `cms_css_seq` VALUES (49);

--
-- Table structure for table `cms_event_handler_seq`
--

CREATE TABLE `cms_event_handler_seq` (
  `id` int(11) NOT NULL
) ENGINE=MyISAM DEFAULT CHARSET=utf8;

--
-- Dumping data for table `cms_event_handler_seq`
--

INSERT INTO `cms_event_handler_seq` VALUES (14);

--
-- Table structure for table `cms_event_handlers`
--

CREATE TABLE `cms_event_handlers` (
  `event_id` int(11) DEFAULT NULL,
  `tag_name` varchar(255) DEFAULT NULL,
  `module_name` varchar(160) DEFAULT NULL,
  `removable` int(11) DEFAULT NULL,
  `handler_order` int(11) DEFAULT NULL,
  `handler_id` int(11) NOT NULL,
  PRIMARY KEY (`handler_id`)
) ENGINE=MyISAM DEFAULT CHARSET=utf8;

--
-- Dumping data for table `cms_event_handlers`
--

INSERT INTO `cms_event_handlers` VALUES (40,NULL,'MenuManager',0,4,14),(38,NULL,'MenuManager',0,4,13),(38,NULL,'Search',0,2,3),(40,NULL,'Search',0,2,4),(48,NULL,'Search',0,1,5),(53,NULL,'Gallery',0,1,6),(53,NULL,'CGExtensions',0,2,7),(37,NULL,'SEOTools2',0,1,8),(38,NULL,'SEOTools2',0,3,9),(40,NULL,'SEOTools2',0,3,10),(53,NULL,'SEOTools2',0,3,11),(53,NULL,'TinyMCE',0,4,12);

--
-- Table structure for table `cms_events`
--

CREATE TABLE `cms_events` (
  `originator` varchar(200) NOT NULL,
  `event_name` varchar(200) NOT NULL,
  `event_id` int(11) NOT NULL,
  PRIMARY KEY (`event_id`),
  KEY `cms_originator` (`originator`),
  KEY `cms_event_name` (`event_name`),
  KEY `cms_event_id` (`event_id`)
) ENGINE=MyISAM DEFAULT CHARSET=utf8;

--
-- Dumping data for table `cms_events`
--

INSERT INTO `cms_events` VALUES ('Core','LoginPost',1),('Core','LogoutPost',2),('Core','AddUserPre',3),('Core','AddUserPost',4),('Core','EditUserPre',5),('Core','EditUserPost',6),('Core','DeleteUserPre',7),('Core','DeleteUserPost',8),('Core','AddGroupPre',9),('Core','AddGroupPost',10),('Core','EditGroupPre',11),('Core','EditGroupPost',12),('Core','DeleteGroupPre',13),('Core','DeleteGroupPost',14),('Core','AddStylesheetPre',15),('Core','AddStylesheetPost',16),('Core','EditStylesheetPre',17),('Core','EditStylesheetPost',18),('Core','DeleteStylesheetPre',19),('Core','DeleteStylesheetPost',20),('Core','AddTemplatePre',21),('Core','AddTemplatePost',22),('Core','EditTemplatePre',23),('Core','EditTemplatePost',24),('Core','DeleteTemplatePre',25),('Core','DeleteTemplatePost',26),('Core','TemplatePreCompile',27),('Core','TemplatePostCompile',28),('Core','AddGlobalContentPre',29),('Core','AddGlobalContentPost',30),('Core','EditGlobalContentPre',31),('Core','EditGlobalContentPost',32),('Core','DeleteGlobalContentPre',33),('Core','DeleteGlobalContentPost',34),('Core','GlobalContentPreCompile',35),('Core','GlobalContentPostCompile',36),('Core','ContentEditPre',37),('Core','ContentEditPost',38),('Core','ContentDeletePre',39),('Core','ContentDeletePost',40),('Core','AddUserDefinedTagPre',41),('Core','AddUserDefinedTagPost',42),('Core','EditUserDefinedTagPre',43),('Core','EditUserDefinedTagPost',44),('Core','DeleteUserDefinedTagPre',45),('Core','DeleteUserDefinedTagPost',46),('Core','ModuleInstalled',47),('Core','ModuleUninstalled',48),('Core','ModuleUpgraded',49),('Core','ContentStylesheet',50),('Core','ContentPreCompile',51),('Core','ContentPostCompile',52),('Core','ContentPostRender',53),('Core','SmartyPreCompile',54),('Core','SmartyPostCompile',55),('Core','ChangeGroupAssignPre',56),('Core','ChangeGroupAssignPost',57),('Core','StylesheetPreCompile',58),('Core','StylesheetPostCompile',59),('Core','LoginFailed',60),('Core','TemplatePreFetch',61),('FileManager','OnFileUploaded',62),('Search','SearchInitiated',69),('Search','SearchCompleted',70),('Search','SearchItemAdded',71),('Search','SearchItemDeleted',72),('Search','SearchAllItemsDeleted',73),('SEOTools2','PrefsUpdated',74),('SlideShow','CategoryDeleted',136),('SlideShow','CategoryEdited',135),('SlideShow','CategoryAdded',134),('SlideShow','ItemDeleted',133),('SlideShow','ItemEdited',132),('SlideShow','ItemAdded',131),('Portfolio','ItemsReordered',105),('Portfolio','CategoryDeleted',104),('Portfolio','CategoryEdited',103),('Portfolio','CategoryAdded',102),('Portfolio','ItemDeleted',101),('Portfolio','ItemEdited',100),('Portfolio','ItemAdded',99),('Parteneri','ItemAdded',91),('Parteneri','ItemEdited',92),('Parteneri','ItemDeleted',93),('Parteneri','CategoryAdded',94),('Parteneri','CategoryEdited',95),('Parteneri','CategoryDeleted',96),('Parteneri','ItemsReordered',97),('Parteneri','CategoriesReordered',98),('Portfolio','CategoriesReordered',106),('Testimoniale','ItemAdded',107),('Testimoniale','ItemEdited',108),('Testimoniale','ItemDeleted',109),('Testimoniale','CategoryAdded',110),('Testimoniale','CategoryEdited',111),('Testimoniale','CategoryDeleted',112),('Testimoniale','ItemsReordered',113),('Testimoniale','CategoriesReordered',114),('Careers','ItemAdded',115),('Careers','ItemEdited',116),('Careers','ItemDeleted',117),('Careers','CategoryAdded',118),('Careers','CategoryEdited',119),('Careers','CategoryDeleted',120),('Careers','ItemsReordered',121),('Careers','CategoriesReordered',122),('FaQ','ItemAdded',123),('FaQ','ItemEdited',124),('FaQ','ItemDeleted',125),('FaQ','CategoryAdded',126),('FaQ','CategoryEdited',127),('FaQ','CategoryDeleted',128),('FaQ','ItemsReordered',129),('FaQ','CategoriesReordered',130),('SlideShow','ItemsReordered',137),('SlideShow','CategoriesReordered',138);

--
-- Table structure for table `cms_events_seq`
--

CREATE TABLE `cms_events_seq` (
  `id` int(11) NOT NULL
) ENGINE=MyISAM DEFAULT CHARSET=utf8;

--
-- Dumping data for table `cms_events_seq`
--

INSERT INTO `cms_events_seq` VALUES (138);

--
-- Table structure for table `cms_group_perms`
--

CREATE TABLE `cms_group_perms` (
  `group_perm_id` int(11) NOT NULL,
  `group_id` int(11) DEFAULT NULL,
  `permission_id` int(11) DEFAULT NULL,
  `create_date` datetime DEFAULT NULL,
  `modified_date` datetime DEFAULT NULL,
  PRIMARY KEY (`group_perm_id`),
  KEY `cms_index_group_perms_by_group_id_permission_id` (`group_id`,`permission_id`)
) ENGINE=MyISAM DEFAULT CHARSET=utf8;

--
-- Dumping data for table `cms_group_perms`
--

INSERT INTO `cms_group_perms` VALUES (176,3,30,'2009-05-12 08:05:26','2009-05-12 08:05:26'),(177,3,25,'2009-05-12 08:05:26','2009-05-12 08:05:26'),(178,3,4,'2009-05-12 08:05:26','2009-05-12 08:05:26'),(179,3,31,'2009-05-12 08:05:26','2009-05-12 08:05:26'),(180,3,26,'2009-05-12 08:05:26','2009-05-12 08:05:26'),(181,3,22,'2009-05-12 08:05:26','2009-05-12 08:05:26'),(182,3,11,'2009-05-12 08:05:26','2009-05-12 08:05:26'),(183,3,32,'2009-05-12 08:05:26','2009-05-12 08:05:26'),(184,3,27,'2009-05-12 08:05:26','2009-05-12 08:05:26'),(185,3,24,'2009-05-12 08:05:26','2009-05-12 08:05:26'),(186,3,16,'2009-05-12 08:05:26','2009-05-12 08:05:26'),(187,2,44,'2009-05-12 08:05:26','2009-05-12 08:05:26');

--
-- Table structure for table `cms_group_perms_seq`
--

CREATE TABLE `cms_group_perms_seq` (
  `id` int(11) NOT NULL
) ENGINE=MyISAM DEFAULT CHARSET=utf8;

--
-- Dumping data for table `cms_group_perms_seq`
--

INSERT INTO `cms_group_perms_seq` VALUES (189);

--
-- Table structure for table `cms_groups`
--

CREATE TABLE `cms_groups` (
  `group_id` int(11) NOT NULL,
  `group_name` varchar(25) DEFAULT NULL,
  `active` tinyint(4) DEFAULT NULL,
  `create_date` datetime DEFAULT NULL,
  `modified_date` datetime DEFAULT NULL,
  PRIMARY KEY (`group_id`)
) ENGINE=MyISAM DEFAULT CHARSET=utf8;

--
-- Dumping data for table `cms_groups`
--

INSERT INTO `cms_groups` VALUES (1,'Admin',1,'2006-07-25 21:22:32','2006-07-25 21:22:32'),(2,'Editor',1,'2006-07-25 21:22:32','2006-07-25 21:22:32'),(3,'Designer',1,'2006-07-25 21:22:32','2006-07-25 21:22:32');

--
-- Table structure for table `cms_groups_seq`
--

CREATE TABLE `cms_groups_seq` (
  `id` int(11) NOT NULL
) ENGINE=MyISAM DEFAULT CHARSET=utf8;

--
-- Dumping data for table `cms_groups_seq`
--

INSERT INTO `cms_groups_seq` VALUES (3);

--
-- Table structure for table `cms_htmlblobs`
--

CREATE TABLE `cms_htmlblobs` (
  `htmlblob_id` int(11) NOT NULL,
  `htmlblob_name` varchar(255) DEFAULT NULL,
  `html` text DEFAULT NULL,
  `description` text DEFAULT NULL,
  `use_wysiwyg` tinyint(4) DEFAULT NULL,
  `owner` int(11) DEFAULT NULL,
  `create_date` datetime DEFAULT NULL,
  `modified_date` datetime DEFAULT NULL,
  PRIMARY KEY (`htmlblob_id`),
  KEY `cms_index_htmlblobs_by_htmlblob_name` (`htmlblob_name`)
) ENGINE=MyISAM DEFAULT CHARSET=utf8;

--
-- Dumping data for table `cms_htmlblobs`
--

INSERT INTO `cms_htmlblobs` VALUES (9,'header','<!DOCTYPE html>\r\n<!--[if lt IE 7]> <html itemscope itemtype=\"https://schema.org/WebSite\" class=\"no-js ie6 oldie\" lang=\"ro\"> <![endif]-->\r\n<!--[if IE 7]>    <html itemscope itemtype=\"https://schema.org/WebSite\" class=\"no-js ie7 oldie\" lang=\"ro\"> <![endif]-->\r\n<!--[if IE 8]>    <html itemscope itemtype=\"https://schema.org/WebSite\" class=\"no-js ie8 oldie\" lang=\"ro\"> <![endif]-->\r\n<!--[if gt IE 8]><!--> <html itemscope itemtype=\"https://schema.org/WebSite\" dir=\"ltr\" lang=\"ro\"> <!--<![endif]-->\r\n<head>\r\n    <meta http-equiv=\"Content-Type\" content=\"text/html; charset=utf-8\">\r\n    <meta name=\"viewport\" content=\"width=device-width, initial-scale=1\">\r\n    {if isset($canonical)}\r\n        <link rel=\"canonical\" href=\"{$canonical}\" />{elseif isset($content_obj)}\r\n        <link rel=\"canonical\" href=\"{$content_obj->GetURL()}\" />\r\n    {/if}\r\n    \r\n    {SEOTools2 showbase=\'true\'}\r\n    {capture assign=metadescription}{content block=\"metadescription\" label=\"META Description\" oneline=\"true\"}{/capture}\r\n\r\n    <!-- Fonts -->\r\n    <link href=\'https://fonts.googleapis.com/css?family=Lato:400,300,600,700,700italic,600italic,400italic\' rel=\'stylesheet\' type=\'text/css\'>\r\n    <link rel=\"stylesheet\" href=\"https://maxcdn.bootstrapcdn.com/font-awesome/4.6.1/css/font-awesome.min.css\">\r\n    <!-- Font Awesome -->\r\n    <link rel=\"stylesheet\" href=\"https://maxcdn.bootstrapcdn.com/bootstrap/3.3.6/css/bootstrap.min.css\">\r\n    <link rel=\"stylesheet\" href=\"{root_url}/css/jquery.fancybox.min.css\">\r\n    <link href=\"{root_url}/css/style.css\" rel=\"stylesheet\">\r\n\r\n    <!-- jQuery -->\r\n    <script src=\"js/jquery.min.js\"></script>\r\n\r\n    <!--[if lt IE 9]>\r\n      <script src=\"https://oss.maxcdn.com/html5shiv/3.7.2/html5shiv.min.js\"></script>\r\n      <script src=\"https://oss.maxcdn.com/respond/1.4.2/respond.min.js\"></script>\r\n    <![endif]-->\r\n</head>\r\n<body id=\"{$page_lang}\" itemscope itemtype=\"https://schema.org/WebPage\">\r\n{strip}\r\n{* language switching *} \r\n{capture assign=\"hierarchy_en\"}2{$friendly_position|substr:\'1\'}{/capture} \r\n{capture assign=\"hierarchy_ro\"}3{$friendly_position|substr:\'1\'}{/capture} \r\n{hierarchy_position friendly_position=$hierarchy_en assign=\"en_alias\"} \r\n{hierarchy_position friendly_position=$hierarchy_ro assign=\"ro_alias\"} \r\n{/strip}\r\n<!-- STARD HEADER -->\r\n<div class=\"container header\">\r\n  <nav class=\"navbar navbar-default\" role=\"navigation\">\r\n    <div class=\"container-fluid\">\r\n      <div class=\"navbar-header\">\r\n        <button type=\"button\" class=\"navbar-toggle\" data-toggle=\"collapse\" data-target=\".navbar-ex1-collapse\">\r\n          <span class=\"sr-only\">Toggle navigation</span>\r\n          <span class=\"icon-bar\"></span>\r\n          <span class=\"icon-bar\"></span>\r\n          <span class=\"icon-bar\"></span>\r\n        </button>\r\n        <a class=\"navbar-brand\" href=\"{if $page_lang == \'ro\'}ro/acasa{else}index.php{/if}\" title=\"SEOtitle\">\r\n          <img src=\"images/vmk_black_svg/logo_03.svg\" alt=\"Vismark Consulting\" class=\"logo1\" height=\"19\">\r\n          <img src=\"images/vmk_black_svg/slogan.svg\" alt=\"Vismark Consulting\" class=\"logo2\" height=\"14\">\r\n          <img src=\"images/vmk_black_svg/logo_02.svg\" alt=\"Vismark Consulting\" class=\"logo3\" height=\"14\">\r\n        </a>\r\n      </div>\r\n      <div class=\"collapse navbar-collapse navbar-ex1-collapse\">\r\n{if $page_lang == \'ro\'}\r\n         {menu items=\"acasa,portofoliu,despre,articole,clienti,externalizare,contacteaza-ne,app-login\"}\r\n{else}\r\n         {menu items=\"homepage,work,about,articles,customers,outsourcing,contact,app-login\"}\r\n{/if}\r\n      </div>\r\n    </div>\r\n  </nav>\r\n</div>\r\n<!-- END HEADER -->','',0,1,'2016-12-06 11:08:27','2017-01-30 17:52:52'),(10,'footer','<!-- START FOOTER -->\r\n  <div class=\"footer\">\r\n    <div class=\"container\">\r\n      <div class=\"row\">\r\n        <div class=\"col-md-4 col-sm-6 col-sm-offset-3 col-md-offset-0\">\r\n          <p class=\"section\">\r\n            {if $page_lang == \'ro\'}Ultimele tweet-uri {else}Latest Tweets {/if}\r\n          </p>\r\n<!-- ==================================================================================================== -->\r\n<!-- ==================================================================================================== -->\r\n<!-- ==================================================================================================== -->\r\n<!-- ==================================================================================================== -->\r\n<!-- ==================================================================================================== -->\r\n{twitter_lastest}\r\n<!-- ==================================================================================================== -->\r\n<!-- ==================================================================================================== -->\r\n<!-- ==================================================================================================== -->\r\n<!-- ==================================================================================================== -->\r\n<!-- ==================================================================================================== -->\r\n          </ul>\r\n        </div>\r\n\r\n\r\n        <div class=\"col-md-2 col-sm-6 col-xs-6\">\r\n          <p class=\"section\">\r\n            {if $page_lang == \'ro\'}Navigare{else}Navigation{/if}\r\n          </p>\r\n{if $page_lang == \'ro\'}\r\n          {menu items=\"acasa,portofoliu,despre,articole,clienti,externalizare,intrebari-frecvente,cariere,contacteaza-ne\" template=\"footer_navigation.tpl\"}\r\n{else}\r\n          {menu items=\"homepage,work,about,articles,customers,outsourcing,department,faq,careers,contact\" template=\"footer_navigation.tpl\"}\r\n{/if}\r\n        </div>\r\n\r\n\r\n        <div class=\"col-md-2 col-sm-6 col-xs-6\">\r\n          <p class=\"section\">\r\n            Contact\r\n          </p>\r\n          <p class=\"content\">\r\n            <strong>\r\n            {if $page_lang == \'ro\'}Proiecte noi{else}New projects{/if}</strong>\r\n            <br>\r\n            <a href=\"mailto:hello@vismark.eu\" title=\"hello@vismark.eu\">hello@vismark.eu</a>\r\n            <br>\r\n            <a href=\"tel:+40311011072\" title=\"+4 031 101 10 72\">+4 031 101 10 72</a>\r\n            <br>\r\n            <br>\r\n            <strong>{if $page_lang == \'ro\'}Parteneriate{else}Partnerships{/if}</strong>\r\n            <br>\r\n            <a href=\"mailto:office@vismark.eu\" title=\"office@vismark.eu\">office@vismark.eu</a>\r\n            <br>\r\n            <a href=\"tel:+40741173744\" title=\"+4074 11 73 744\">+4074 11 73 744</a>\r\n            <br>\r\n            <br>\r\n            <strong>{if $page_lang == \'ro\'}HR{else}Join Us{/if}</strong>\r\n            <br>\r\n            <a href=\"mailto:careers@vismark.eu\" title=\"careers@vismark.eu\">careers@vismark.eu</a>\r\n          </p>\r\n        </div>\r\n        \r\n\r\n        <div class=\"col-md-2 col-md-push-2 col-sm-6 col-xs-6\">\r\n          <p class=\"section\">\r\n            App & Legal\r\n          </p>\r\n{if $page_lang == \'en\'}\r\n          {menu items=\"app-login,newsletter,terms-of-use,privacy-policy\" template=\"footer_navigation.tpl\"}\r\n{else}\r\n          {menu items=\"app-login,newsletter-ro,termeni-si-conditii,politica-de-confidentialitate\" template=\"footer_navigation.tpl\"}\r\n{/if}\r\n          <div class=\"dropdown languages\">\r\n            <button id=\"dropdownMenu2\" class=\"btn btn-default dropdown-toggle\" type=\"button\" data-toggle=\"dropdown\"> {if $page_lang == \'ro\'}Alege limba{else}Choose your language{/if} <span class=\"caret\"></span></button>\r\n            <ul class=\"dropdown-menu\">\r\n\r\n              <li><a href=\"{if empty($articol_detail)}{cms_selflink href=$en_alias}{else}{$articol_detail}{/if}\"><img src=\"images/flag_1_1.png\" alt=\"\" /> International</a></li>\r\n              <li><a href=\"{if empty($articol_detail_ro)}{cms_selflink href=$ro_alias}{else}{$articol_detail_ro}{/if}\"><img src=\"images/flag_1.png\" alt=\"\" /> Română</a></li>\r\n\r\n              <li class=\"divider\"></li>\r\n              <li class=\"soon\"><a href=\"javscript:void(0);\"><img src=\"images/flag_3.png\" alt=\"\" /> <span>[soon]</span> Deutsch</a></li>\r\n              <li class=\"soon\"><a href=\"javscript:void(0);\"><img src=\"images/flag_4.png\" alt=\"\" /> <span>[soon]</span> Francais</a></li>\r\n              <li class=\"soon\"><a href=\"javscript:void(0);\"><img src=\"images/flag_5.png\" alt=\"\" /> <span>[soon]</span> Italiano</a></li>\r\n              <li class=\"soon\"><a href=\"javscript:void(0);\"><img src=\"images/flag_6.png\" alt=\"\" /> <span>[soon]</span> Espanol</a></li>\r\n            </ul>\r\n          </div>\r\n        </div>\r\n\r\n        <div class=\"col-md-2 col-md-pull-2 col-sm-6 col-xs-6\" itemscope itemtype=\"https://schema.org/LocalBusiness\">\r\n          <p class=\"section\">\r\n            {if $page_lang == \'ro\'}Locatie{else}Office Location{/if}\r\n          </p>\r\n          <meta itemprop=\"name\" content=\"Vismark Consulting\" />\r\n          <meta itemprop=\"telephone\" content=\"+4 031 101 10 72\" />\r\n          <meta itemprop=\"image\" content=\"https://vismark.eu/images/vmk_black_svg/logo_03.svg\" />\r\n          <p class=\"content\" itemprop=\"address\" itemscope itemtype=\"https://schema.org/PostalAddress\">\r\n            <span itemprop=\"streetAddress\">{if $page_lang == \'ro\'}Str. Radu Voda 17{else}17 Radu Voda Street{/if}</span>\r\n            <br>\r\n            {if $page_lang == \'ro\'}Etaj 4, Sector 4{else}4th Floor, Sector 4{/if}\r\n            <br>\r\n            {if $page_lang == \'ro\'}Cod postal <span itemprop=\"postalCode\">040273</span>{else}Zip Code <span itemprop=\"postalCode\">040273</span>{/if}\r\n<br>\r\n<span itemprop=\"addressLocality\">{if $page_lang == \'ro\'}Bucuresti, RO{else}Bucharest, RO{/if}</span>\r\n            <br>\r\n            <a href=\"https://www.google.com/maps/embed?pb=!1m18!1m12!1m3!1d2849.6769216621765!2d26.110367951625452!3d44.41927497899994!2m3!1f0!2f0!3f0!3m2!1i1024!2i768!4f13.1!3m3!1m2!1s0x40b202461d3d6793%3A0x173c5f1b335650cd!2zVklTTUFSS8Ku!5e0!3m2!1sen!2sro!4v1479899850933\" class=\"seeonmap fancybox\">{if $page_lang == \'ro\'}Vezi pe harta{else}See on map{/if}</a>\r\n          </p>\r\n        </div>\r\n\r\n        \r\n\r\n\r\n      </div>\r\n    </div>\r\n  </div>\r\n  <div class=\"copyright\">\r\n    <div class=\"container\">\r\n      <div class=\"row\">\r\n        <div class=\"col-md-6 col-md-push-6  col-sm-12 social\">\r\n          {if $page_lang == \'ro\'}Suntem sociabili:{else}We\'re social:{/if}\r\n          <ul>\r\n            <li><a href=\"https://www.facebook.com/vismark.eu\"><i class=\"fa fa-facebook\"></i></a></li>\r\n              <li><a href=\"https://www.youtube.com/channel/UCOemEpk8qsxelbrrk1EWbLQ \"><i class=\"fa fa-youtube\"></i></a></li>\r\n              <li><a href=\"https://twitter.com/vismark_eu \"><i class=\"fa fa-twitter\"></i></a></li>\r\n              <li><a href=\"https://plus.google.com/u/1/b/111558593417091501840/+VismarkRo\"><i class=\"fa fa-google-plus\"></i></a></li>\r\n              <li><a href=\"https://www.behance.net/vismark\"><i class=\"fa fa-behance\"></i></a></li>\r\n              <li><a href=\"https://ro.pinterest.com/vismarkeu\"><i class=\"fa fa-pinterest\"></i></a></li>\r\n          </ul>\r\n        </div>\r\n        <div class=\"col-md-6 col-md-pull-6 col-sm-12 copy\">\r\n          &copy;2017 VISMARK<sup>&reg;</sup>. {if $page_lang == \'ro\'}Toate drepturile rezervate{else}All rights reserved.{/if}\r\n        </div>\r\n      </div>\r\n    </div>\r\n  </div>\r\n  <!-- END FOOTER -->\r\n\r\n  <script src=\"js/mansory.js\"></script>\r\n  <script src=\"js/jquery.fancybox.min.js\"></script>\r\n  <script src=\"https://maxcdn.bootstrapcdn.com/bootstrap/3.3.6/js/bootstrap.min.js\"></script>\r\n  <script src=\"https://cdn.jsdelivr.net/jquery.slick/1.6.0/slick.min.js\"></script>\r\n<!-- <script src=\"js/responsive-tabs.js\"></script> -->\r\n  <script src=\"js/main.js\"></script>\r\n\r\n\r\n<a href=\"#\" id=\"back-to-top\" title=\"Back to top\"><span class=\"fa fa-chevron-up\"></span></a>\r\n\r\n{literal}\r\n<script>\r\n  (function(i,s,o,g,r,a,m){i[\'GoogleAnalyticsObject\']=r;i[r]=i[r]||function(){\r\n  (i[r].q=i[r].q||[]).push(arguments)},i[r].l=1*new Date();a=s.createElement(o),\r\n  m=s.getElementsByTagName(o)[0];a.async=1;a.src=g;m.parentNode.insertBefore(a,m)\r\n  })(window,document,\'script\',\'https://www.google-analytics.com/analytics.js\',\'ga\');\r\n\r\n  ga(\'create\', \'UA-89984331-1\', \'auto\');\r\n  ga(\'send\', \'pageview\');\r\n\r\n</script>\r\n\r\n<!-- Google Tag Manager -->\r\n<script>(function(w,d,s,l,i){w[l]=w[l]||[];w[l].push({\'gtm.start\':\r\nnew Date().getTime(),event:\'gtm.js\'});var f=d.getElementsByTagName(s)[0],\r\nj=d.createElement(s),dl=l!=\'dataLayer\'?\'&l=\'+l:\'\';j.async=true;j.src=\r\n\'https://www.googletagmanager.com/gtm.js?id=\'+i+dl;f.parentNode.insertBefore(j,f);\r\n})(window,document,\'script\',\'dataLayer\',\'GTM-MMPKVN\');</script>\r\n<!-- End Google Tag Manager --> \r\n\r\n\r\n<!-- Google Tag Manager (noscript) -->\r\n<noscript><iframe src=\"https://www.googletagmanager.com/ns.html?id=GTM-MMPKVN\"\r\nheight=\"0\" width=\"0\" style=\"display:none;visibility:hidden\"></iframe></noscript>\r\n<!-- End Google Tag Manager (noscript) -->\r\n{/literal}\r\n</body>\r\n</html>','',0,1,'2016-12-06 11:09:13','2017-07-24 15:51:57'),(11,'modal_lets_chat','{* \r\n  Let\'s make some variabiles assigning ro/en\r\n*}\r\n\r\n{if \'ro\' === $page_lang}\r\n{* Romana *}\r\n  {assign var=\'gitm_fullname\' value=\'Nume Prenume\'}\r\n  {assign var=\'gitm_company_name\' value=\'Compania\'}\r\n  {assign var=\'gitm_brief\' value=\'design grafic pentru..\'}\r\n  {assign var=\'gitm_deadline\' value=\'Data\'}\r\n  {assign var=\'gitm_buget\' value=\'Euro\'}\r\n  {assign var=\'gitm_email\' value=\'E-mail\'}\r\n  {assign var=\'gitm_phone\' value=\'Telefon\'}\r\n  {assign var=\'gitm_submit\' value=\'Trimite\'}\r\n{else}\r\n{* Engleza *}\r\n  {assign var=\'gitm_fullname\' value=\'Full Name\'}\r\n  {assign var=\'gitm_company_name\' value=\'Company Name\'}\r\n  {assign var=\'gitm_brief\' value=\'designing a ...\'}\r\n  {assign var=\'gitm_deadline\' value=\'Date or Timeframe\'}\r\n  {assign var=\'gitm_buget\' value=\'Euro\'}\r\n  {assign var=\'gitm_email\' value=\'E-mail\'}\r\n  {assign var=\'gitm_phone\' value=\'Phone\'}\r\n  {assign var=\'gitm_submit\' value=\'Send\'}\r\n{/if}\r\n\r\n<!-- Modal -->\r\n<div class=\"modal fade\" id=\"get_in_touch-modal\" tabindex=\"-1\" role=\"dialog\" aria-labelledby=\"gitm-label\">\r\n	<div class=\"get_in_touch-modal modal-dialog\">\r\n\r\n	  <!-- Header -->\r\n		<div class=\"get_in_touch-header modal-header\">\r\n			<button type=\"button\" class=\"close\" \r\n							data-dismiss=\"modal\" \r\n							aria-label=\"Close\">\r\n							<span aria-hidden=\"true\">&times;</span>\r\n			</button> <!-- .close Button -->\r\n		{if \'en\' === $page_lang}\r\n      <h3 id=\"gitm-label\">Speed Request</h3>\r\n      \r\n    {else}\r\n      <h3 id=\"gitm-label\">Contact rapid</h3>\r\n      \r\n    {/if}\r\n		</div>\r\n	  <!-- /Header -->\r\n		\r\n		<!-- Content -->\r\n		<div class=\"get_in_touch-content modal-body\">\r\n			\r\n	    <div class=\"get_in_touch-form\">\r\n        <div id=\"result\"></div>\r\n        <form id=\"get_in_touch-form\">\r\n          <input type=\"hidden\" name=\"page_lang\" value=\"{$page_lang}\">\r\n        	<p>\r\n					{if \'en\' === $page_lang}\r\n        		<label for=\"gitf-fullname\" class=\"form-group\">My name is\r\n        	{else}\r\n        		<label for=\"gitf-fullname\" class=\"form-group\">Ma numesc\r\n        	{/if}\r\n        		<input type=\"text\" name=\"fullname\" id=\"gitf-fullname\" placeholder=\"{$gitm_fullname}\" required> <br class=\"visible-xs\"></label>\r\n\r\n					{if \'en\' === $page_lang}\r\n        		<label for=\"gitf-company\" class=\"form-group\">and I\'m with\r\n        	{else}\r\n        		<label for=\"gitf-company\" class=\"form-group\">si reprezint\r\n        	{/if}\r\n        		<input type=\"text\" name=\"company_name\" id=\"gitf-company\" placeholder=\"{$gitm_company_name}\"> <br class=\"visible-xs\"></label>\r\n        	</p> <!-- End form text -->\r\n\r\n        	<p>\r\n					{if \'en\' === $page_lang}\r\n        		<label for=\"gitf-brief\" class=\"form-group\">I am in need of a partner to assist me with\r\n        	{else}\r\n        		<label for=\"gitf-brief\" class=\"form-group\">Am nevoie de un partener pentru a ma ajuta cu\r\n        	{/if}\r\n            <input type=\"text\" name=\"brief\" id=\"gitf-brief\" placeholder=\"{$gitm_brief}\" required> <br class=\"visible-xs\"></label>\r\n\r\n					{if \'en\' === $page_lang}\r\n            <label for=\"gitf-deadline\" class=\"form-group\">with a goal of having that completed on or near\r\n        	{else}\r\n            <label for=\"gitf-deadline\" class=\"form-group\">termenul limita fiind pe\r\n        	{/if}\r\n            <input type=\"text\" name=\"deadline\" id=\"gitf-deadline\" placeholder=\"{$gitm_deadline}\"> <br class=\"visible-xs\"></label>\r\n        	</p> <!-- End form text -->\r\n        	\r\n        	<p>\r\n					{if \'en\' === $page_lang}\r\n            <label for=\"gitf-buget\" class=\"form-group\">I am looking to stay around a budget of \r\n        	{else}\r\n            <label for=\"gitf-buget\" class=\"form-group\">Bugetul alocat pentru acest proiect este de aproximativ\r\n        	{/if}\r\n            <input type=\"text\" name=\"buget\" id=\"gitf-buget\" placeholder=\"{$gitm_buget}\"> <br class=\"visible-xs\"></label>\r\n        	</p> <!-- End form text -->\r\n        		\r\n        	<p>\r\n					{if \'en\' === $page_lang}\r\n            <label for=\"gitf-email\" class=\"form-group\">You can reach me at\r\n        	{else}\r\n            <label for=\"gitf-email\" class=\"form-group\">Ma puteti contacta pe\r\n        	{/if}\r\n            <input type=\"email\" name=\"email\" id=\"gitf-email\" placeholder=\"{$gitm_email}\" required> <br class=\"visible-xs\"></label>\r\n						<br>\r\n					{if \'en\' === $page_lang}\r\n            <label for=\"gitf-phone\" class=\"form-group\">or call me on\r\n        	{else}\r\n            <label for=\"gitf-phone\" class=\"form-group\">sau ma puteti suna pe\r\n        	{/if}\r\n            <input type=\"text\" name=\"phone\" id=\"gitf-phone\" placeholder=\"{$gitm_phone}\" required> </label>\r\n          </p> <!-- End form text -->\r\n					<div class=\"form-group\">\r\n					{if \'en\' === $page_lang}\r\n            to get the conversation started. Thanks!\r\n        	{else}\r\n            pentru a discuta mai multe detalii sau sa stabilim o intalnire. Multumesc!\r\n        	{/if}\r\n          </div>\r\n\r\n          <!-- Submit button -->\r\n          <div class=\"form-group text-center\">\r\n              <button class=\"btn btn-primary\">{$gitm_submit} </button>\r\n          </div> <!-- ./form-group -->\r\n\r\n          <div id=\"error_container\" class=\"hide\"></div>\r\n\r\n        </form> <!-- .#get_in_touch-form -->\r\n	    </div><!-- ./get_in_touch-form -->\r\n\r\n		</div> <!-- ./get_in_touch-content -->\r\n		<!-- /Content -->\r\n\r\n	</div> <!-- ./get_in_touch-modal -->\r\n</div> <!-- ./Modal -->\r\n\r\n<script src=\"{root_url}/js/bootstrapValidator.min.js\"></script>\r\n<script>\r\n    $(document).ready(function() {\r\n        $(\'#get_in_touch-form\').bootstrapValidator({\r\n	        	container: \'#error_container\',\r\n            excluded: [\':disabled\', \':hidden\', \':not(:visible)\'],\r\n            feedbackIcons: {\r\n                valid: \'fa fa-check\',\r\n                invalid: \'fa fa-times\',\r\n                validating: \'fa fa-refresh\'\r\n            },\r\n            live: \'enabled\',\r\n        }).on(\'success.form.bv\', function(e) {\r\n          // Prevent default form submission\r\n          e.preventDefault();\r\n\r\n          var $form = $(e.target);\r\n\r\n          // Send all form data to back-end\r\n          $.ajax({\r\n              url: \'get_in_touch_progress.php\',\r\n              type: \'POST\',\r\n              data: $form.serialize(),\r\n              dataType: \'json\',\r\n              success: function(response) {\r\n                  if(response.type == \'error\')\r\n                  {\r\n                      output = response.text;\r\n                  }else{\r\n                      output = response.text; \r\n                      $form.bootstrapValidator(\'resetForm\', true);\r\n                      $(\'#get_in_touch-form\').hide();\r\n                  }\r\n                  $(\"#result\").hide().html(output).slideDown();\r\n\r\n              }\r\n          }); //ajax\r\n        }); //ON function\r\n\r\n\r\n        $(\'#get_in_touch-modal\').on(\'show.bs.modal\', function() {\r\n            $(\'#get_in_touch-form\').bootstrapValidator(\'resetForm\', true);\r\n        });\r\n    });\r\n</script>','',0,1,'2016-12-07 14:46:22','2017-03-07 22:27:41');

--
-- Table structure for table `cms_htmlblobs_seq`
--

CREATE TABLE `cms_htmlblobs_seq` (
  `id` int(11) NOT NULL
) ENGINE=MyISAM DEFAULT CHARSET=utf8;

--
-- Dumping data for table `cms_htmlblobs_seq`
--

INSERT INTO `cms_htmlblobs_seq` VALUES (11);

--
-- Table structure for table `cms_module_careers_categories`
--

CREATE TABLE `cms_module_careers_categories` (
  `category_id` int(11) NOT NULL AUTO_INCREMENT,
  `category_name` varchar(255) DEFAULT NULL,
  `category_alias` varchar(255) DEFAULT NULL,
  `parent_id` int(11) DEFAULT NULL,
  `hierarchy` varchar(255) DEFAULT NULL,
  `position` int(11) DEFAULT NULL,
  `hierarchy_position` varchar(255) DEFAULT NULL,
  `long_name` text DEFAULT NULL,
  `usergroup` int(11) DEFAULT NULL,
  `create_date` time DEFAULT NULL,
  `modified_date` time DEFAULT NULL,
  PRIMARY KEY (`category_id`)
) ENGINE=MyISAM AUTO_INCREMENT=5 DEFAULT CHARSET=utf8;

--
-- Dumping data for table `cms_module_careers_categories`
--

INSERT INTO `cms_module_careers_categories` VALUES (1,'Marketing','',-1,'00001',1,'00001','Marketing',0,'10:03:16','10:03:16'),(2,'Design','',-1,'00002',2,'00002','Design',0,'10:03:21','10:03:21'),(3,'Sales','',-1,'00003',3,'00003','Sales',0,'10:03:27','10:03:27'),(4,'Engineering','',-1,'00004',4,'00004','Engineering',0,'10:03:33','10:03:33');

--
-- Table structure for table `cms_module_careers_fielddef`
--

CREATE TABLE `cms_module_careers_fielddef` (
  `fielddef_id` int(11) NOT NULL AUTO_INCREMENT,
  `name` varchar(255) DEFAULT NULL,
  `alias` varchar(255) DEFAULT NULL,
  `help` varchar(255) DEFAULT NULL,
  `type` varchar(50) DEFAULT NULL,
  `section` varchar(10) DEFAULT NULL,
  `position` int(11) DEFAULT NULL,
  `required` int(1) DEFAULT NULL,
  `editview` int(1) DEFAULT NULL,
  `filter_frontend` int(1) DEFAULT NULL,
  `filter_admin` int(1) DEFAULT NULL,
  `searchable` int(1) DEFAULT NULL,
  `extra` varchar(255) DEFAULT NULL,
  PRIMARY KEY (`fielddef_id`)
) ENGINE=MyISAM AUTO_INCREMENT=10 DEFAULT CHARSET=utf8;

--
-- Dumping data for table `cms_module_careers_fielddef`
--

INSERT INTO `cms_module_careers_fielddef` VALUES (2,'Locatie','locatie','','textbox','items',4,0,0,NULL,NULL,NULL,''),(3,'Descriere','descriere','','textarea','items',2,0,0,NULL,NULL,NULL,'wysiwyg[1]'),(4,'Meta Description','meta_desc_item','','textbox','items',5,0,0,NULL,NULL,NULL,''),(5,'Meta Keywords','meta_key_item','','textbox','items',7,0,0,NULL,NULL,NULL,''),(6,'Titlu Ro','titlu_ro','','textbox','items',1,0,0,NULL,NULL,NULL,''),(7,'Descriere RO','descriere_ro','','textarea','items',3,0,0,NULL,NULL,NULL,'wysiwyg[1]'),(8,'Meta Description RO','meta_desc_item_ro','','textbox','items',6,0,0,NULL,NULL,NULL,''),(9,'Meta Keywords RO','meta_key_item_ro','','textbox','items',8,0,0,NULL,NULL,NULL,'');

--
-- Table structure for table `cms_module_careers_fieldval`
--

CREATE TABLE `cms_module_careers_fieldval` (
  `item_id` int(11) NOT NULL,
  `fielddef_id` int(11) NOT NULL,
  `value` text DEFAULT NULL,
  PRIMARY KEY (`item_id`,`fielddef_id`)
) ENGINE=MyISAM DEFAULT CHARSET=utf8;

--
-- Dumping data for table `cms_module_careers_fieldval`
--

INSERT INTO `cms_module_careers_fieldval` VALUES (1,2,'Bucharest, RO'),(1,3,'<p>Our Design team crafts delightful experiences that make people’s lives easier. We\'re a close-knit, collaborative group, guided by a highly iterative design process.</p>\r\n<strong>Role Description</strong>\r\n<p>We\'re seeking a driven Product Designer to refine Dropbox’s simplicity and apply it to new, amazing, and appealing user experiences. Dropbox has a bunch of projects in the pipeline, and we have an ongoing cycle of revamping our entire experience across web, client, and mobile. There are countless UX challenges and tons of pixels for you to push. We feel like we\'re in a unique position to change the way people interact with their digital stuff. You\'ll be at the forefront of our efforts and be directly responsible for decisions that form the product. You’ll use your full range of skills from product design, interaction design, and visual design to build magical experiences. Dropbox\'s San Francisco office is filled with all the tools you need, and we\'re looking for you to join an awesome and like-minded team.</p>\r\n<strong>Responsibilities</strong>\r\n<ul>\r\n<li>You\'re actively involved in defining product strategy.</li>\r\n<li>Thinking in terms of design systems and making rational design decisions.</li>\r\n<li>You obsess over details and are excited to polish until your work is pixel-perfect.</li>\r\n<li>Constantly pushing your limits and searching for opportunities to become better.</li>\r\n<li>Your team collaboration skills are unparalleled.</li>\r\n<li>You thrive in an environment with short feedback loops.</li>\r\n</ul>\r\n<strong>Requirements</strong>\r\n<ul>\r\n<li>You\'re an experience whisperer, and you can distill complicated problems into simple and elegant solutions.</li>\r\n<li>You have a highly refined aesthetic sense and can both work within and expand the Dropbox style.</li>\r\n<li>You\'re a self-starter who actively seeks ways to make the Dropbox experience both visually appealing and</li>\r\n<li>You look for opportunities to solve problems in unusual and innovative ways.</li>\r\n<li>Experience designing for the web and understanding how to apply both form and functio</li>\r\n<li>You construct your own iconography, set your own guidelines, and build easy-to-navigate documents.</li>\r\n<li>You read everything and will paste an html heart character before your first name on the next page.</li>\r\n<li>You want to work on a team of the world\'s best software designers and engineers, building a product that you use every single day!</li>\r\n</ul>\r\n<strong>Benefits and Perks</strong>\r\n<ul>\r\n<li>Wellness Reimbursement</li>\r\n<li>Generous vacation policy</li>\r\n<li>10 company paid holidays</li>\r\n<li>Volunteer time off</li>\r\n<li>Company sponsored tech talks (technology and other relevant professional topics)</li>\r\n</ul>\r\n<p>VISMARK is an equal opportunity employer. We are a welcoming place for everyone, and we do our best to make sure people feel supported and connected at work.</p>\r\n'),(2,2,'Bucharest, RO'),(2,3,'<p>Our Design team crafts delightful experiences that make people’s lives easier. We\'re a close-knit, collaborative group, guided by a highly iterative design process.</p>\r\n<strong>Role Description</strong>\r\n<p>We\'re seeking a driven Product Designer to refine Dropbox’s simplicity and apply it to new, amazing, and appealing user experiences. Dropbox has a bunch of projects in the pipeline, and we have an ongoing cycle of revamping our entire experience across web, client, and mobile. There are countless UX challenges and tons of pixels for you to push. We feel like we\'re in a unique position to change the way people interact with their digital stuff. You\'ll be at the forefront of our efforts and be directly responsible for decisions that form the product. You’ll use your full range of skills from product design, interaction design, and visual design to build magical experiences. Dropbox\'s San Francisco office is filled with all the tools you need, and we\'re looking for you to join an awesome and like-minded team.</p>\r\n<strong>Responsibilities</strong>\r\n<ul>\r\n<li>You\'re actively involved in defining product strategy.</li>\r\n<li>Thinking in terms of design systems and making rational design decisions.</li>\r\n<li>You obsess over details and are excited to polish until your work is pixel-perfect.</li>\r\n<li>Constantly pushing your limits and searching for opportunities to become better.</li>\r\n<li>Your team collaboration skills are unparalleled.</li>\r\n<li>You thrive in an environment with short feedback loops.</li>\r\n</ul>\r\n<strong>Requirements</strong>\r\n<ul>\r\n<li>You\'re an experience whisperer, and you can distill complicated problems into simple and elegant solutions.</li>\r\n<li>You have a highly refined aesthetic sense and can both work within and expand the Dropbox style.</li>\r\n<li>You\'re a self-starter who actively seeks ways to make the Dropbox experience both visually appealing and</li>\r\n<li>You look for opportunities to solve problems in unusual and innovative ways.</li>\r\n<li>Experience designing for the web and understanding how to apply both form and functio</li>\r\n<li>You construct your own iconography, set your own guidelines, and build easy-to-navigate documents.</li>\r\n<li>You read everything and will paste an html heart character before your first name on the next page.</li>\r\n<li>You want to work on a team of the world\'s best software designers and engineers, building a product that you use every single day!</li>\r\n</ul>\r\n<strong>Benefits and Perks</strong>\r\n<ul>\r\n<li>Wellness Reimbursement</li>\r\n<li>Generous vacation policy</li>\r\n<li>10 company paid holidays</li>\r\n<li>Volunteer time off</li>\r\n<li>Company sponsored tech talks (technology and other relevant professional topics)</li>\r\n</ul>\r\n<p>VISMARK is an equal opportunity employer. We are a welcoming place for everyone, and we do our best to make sure people feel supported and connected at work.</p>\r\n'),(3,2,'Bucharest, RO'),(3,3,'<p>Our Design team crafts delightful experiences that make people’s lives easier. We\'re a close-knit, collaborative group, guided by a highly iterative design process.</p>\r\n<strong>Role Description</strong>\r\n<p>We\'re seeking a driven Product Designer to refine Dropbox’s simplicity and apply it to new, amazing, and appealing user experiences. Dropbox has a bunch of projects in the pipeline, and we have an ongoing cycle of revamping our entire experience across web, client, and mobile. There are countless UX challenges and tons of pixels for you to push. We feel like we\'re in a unique position to change the way people interact with their digital stuff. You\'ll be at the forefront of our efforts and be directly responsible for decisions that form the product. You’ll use your full range of skills from product design, interaction design, and visual design to build magical experiences. Dropbox\'s San Francisco office is filled with all the tools you need, and we\'re looking for you to join an awesome and like-minded team.</p>\r\n<strong>Responsibilities</strong>\r\n<ul>\r\n<li>You\'re actively involved in defining product strategy.</li>\r\n<li>Thinking in terms of design systems and making rational design decisions.</li>\r\n<li>You obsess over details and are excited to polish until your work is pixel-perfect.</li>\r\n<li>Constantly pushing your limits and searching for opportunities to become better.</li>\r\n<li>Your team collaboration skills are unparalleled.</li>\r\n<li>You thrive in an environment with short feedback loops.</li>\r\n</ul>\r\n<strong>Requirements</strong>\r\n<ul>\r\n<li>You\'re an experience whisperer, and you can distill complicated problems into simple and elegant solutions.</li>\r\n<li>You have a highly refined aesthetic sense and can both work within and expand the Dropbox style.</li>\r\n<li>You\'re a self-starter who actively seeks ways to make the Dropbox experience both visually appealing and</li>\r\n<li>You look for opportunities to solve problems in unusual and innovative ways.</li>\r\n<li>Experience designing for the web and understanding how to apply both form and functio</li>\r\n<li>You construct your own iconography, set your own guidelines, and build easy-to-navigate documents.</li>\r\n<li>You read everything and will paste an html heart character before your first name on the next page.</li>\r\n<li>You want to work on a team of the world\'s best software designers and engineers, building a product that you use every single day!</li>\r\n</ul>\r\n<strong>Benefits and Perks</strong>\r\n<ul>\r\n<li>Wellness Reimbursement</li>\r\n<li>Generous vacation policy</li>\r\n<li>10 company paid holidays</li>\r\n<li>Volunteer time off</li>\r\n<li>Company sponsored tech talks (technology and other relevant professional topics)</li>\r\n</ul>\r\n<p>VISMARK is an equal opportunity employer. We are a welcoming place for everyone, and we do our best to make sure people feel supported and connected at work.</p>\r\n'),(4,2,'Bucharest, RO'),(4,3,'<p>Our Design team crafts delightful experiences that make people’s lives easier. We\'re a close-knit, collaborative group, guided by a highly iterative design process.</p>\r\n<strong>Role Description</strong>\r\n<p>We\'re seeking a driven Product Designer to refine Dropbox’s simplicity and apply it to new, amazing, and appealing user experiences. Dropbox has a bunch of projects in the pipeline, and we have an ongoing cycle of revamping our entire experience across web, client, and mobile. There are countless UX challenges and tons of pixels for you to push. We feel like we\'re in a unique position to change the way people interact with their digital stuff. You\'ll be at the forefront of our efforts and be directly responsible for decisions that form the product. You’ll use your full range of skills from product design, interaction design, and visual design to build magical experiences. Dropbox\'s San Francisco office is filled with all the tools you need, and we\'re looking for you to join an awesome and like-minded team.</p>\r\n<strong>Responsibilities</strong>\r\n<ul>\r\n<li>You\'re actively involved in defining product strategy.</li>\r\n<li>Thinking in terms of design systems and making rational design decisions.</li>\r\n<li>You obsess over details and are excited to polish until your work is pixel-perfect.</li>\r\n<li>Constantly pushing your limits and searching for opportunities to become better.</li>\r\n<li>Your team collaboration skills are unparalleled.</li>\r\n<li>You thrive in an environment with short feedback loops.</li>\r\n</ul>\r\n<strong>Requirements</strong>\r\n<ul>\r\n<li>You\'re an experience whisperer, and you can distill complicated problems into simple and elegant solutions.</li>\r\n<li>You have a highly refined aesthetic sense and can both work within and expand the Dropbox style.</li>\r\n<li>You\'re a self-starter who actively seeks ways to make the Dropbox experience both visually appealing and</li>\r\n<li>You look for opportunities to solve problems in unusual and innovative ways.</li>\r\n<li>Experience designing for the web and understanding how to apply both form and functio</li>\r\n<li>You construct your own iconography, set your own guidelines, and build easy-to-navigate documents.</li>\r\n<li>You read everything and will paste an html heart character before your first name on the next page.</li>\r\n<li>You want to work on a team of the world\'s best software designers and engineers, building a product that you use every single day!</li>\r\n</ul>\r\n<strong>Benefits and Perks</strong>\r\n<ul>\r\n<li>Wellness Reimbursement</li>\r\n<li>Generous vacation policy</li>\r\n<li>10 company paid holidays</li>\r\n<li>Volunteer time off</li>\r\n<li>Company sponsored tech talks (technology and other relevant professional topics)</li>\r\n</ul>\r\n<p>VISMARK is an equal opportunity employer. We are a welcoming place for everyone, and we do our best to make sure people feel supported and connected at work.</p>\r\n'),(5,2,'San Francisco, CA'),(5,3,'<p>Our Design team crafts delightful experiences that make people’s lives easier. We\'re a close-knit, collaborative group, guided by a highly iterative design process.</p>\r\n<strong>Role Description</strong>\r\n<p>We\'re seeking a driven Product Designer to refine Dropbox’s simplicity and apply it to new, amazing, and appealing user experiences. Dropbox has a bunch of projects in the pipeline, and we have an ongoing cycle of revamping our entire experience across web, client, and mobile. There are countless UX challenges and tons of pixels for you to push. We feel like we\'re in a unique position to change the way people interact with their digital stuff. You\'ll be at the forefront of our efforts and be directly responsible for decisions that form the product. You’ll use your full range of skills from product design, interaction design, and visual design to build magical experiences. Dropbox\'s San Francisco office is filled with all the tools you need, and we\'re looking for you to join an awesome and like-minded team.</p>\r\n<strong>Responsibilities</strong>\r\n<ul>\r\n<li>You\'re actively involved in defining product strategy.</li>\r\n<li>Thinking in terms of design systems and making rational design decisions.</li>\r\n<li>You obsess over details and are excited to polish until your work is pixel-perfect.</li>\r\n<li>Constantly pushing your limits and searching for opportunities to become better.</li>\r\n<li>Your team collaboration skills are unparalleled.</li>\r\n<li>You thrive in an environment with short feedback loops.</li>\r\n</ul>\r\n<strong>Requirements</strong>\r\n<ul>\r\n<li>You\'re an experience whisperer, and you can distill complicated problems into simple and elegant solutions.</li>\r\n<li>You have a highly refined aesthetic sense and can both work within and expand the Dropbox style.</li>\r\n<li>You\'re a self-starter who actively seeks ways to make the Dropbox experience both visually appealing and</li>\r\n<li>You look for opportunities to solve problems in unusual and innovative ways.</li>\r\n<li>Experience designing for the web and understanding how to apply both form and functio</li>\r\n<li>You construct your own iconography, set your own guidelines, and build easy-to-navigate documents.</li>\r\n<li>You read everything and will paste an html heart character before your first name on the next page.</li>\r\n<li>You want to work on a team of the world\'s best software designers and engineers, building a product that you use every single day!</li>\r\n</ul>\r\n<strong>Benefits and Perks</strong>\r\n<ul>\r\n<li>Wellness Reimbursement</li>\r\n<li>Generous vacation policy</li>\r\n<li>10 company paid holidays</li>\r\n<li>Volunteer time off</li>\r\n<li>Company sponsored tech talks (technology and other relevant professional topics)</li>\r\n</ul>\r\n<p>VISMARK is an equal opportunity employer. We are a welcoming place for everyone, and we do our best to make sure people feel supported and connected at work.</p>\r\n'),(6,2,'Bucharest, RO'),(6,3,'<p>Our Design team crafts delightful experiences that make people’s lives easier. We\'re a close-knit, collaborative group, guided by a highly iterative design process.</p>\r\n<strong>Role Description</strong>\r\n<p>We\'re seeking a driven Product Designer to refine Dropbox’s simplicity and apply it to new, amazing, and appealing user experiences. Dropbox has a bunch of projects in the pipeline, and we have an ongoing cycle of revamping our entire experience across web, client, and mobile. There are countless UX challenges and tons of pixels for you to push. We feel like we\'re in a unique position to change the way people interact with their digital stuff. You\'ll be at the forefront of our efforts and be directly responsible for decisions that form the product. You’ll use your full range of skills from product design, interaction design, and visual design to build magical experiences. Dropbox\'s San Francisco office is filled with all the tools you need, and we\'re looking for you to join an awesome and like-minded team.</p>\r\n<strong>Responsibilities</strong>\r\n<ul>\r\n<li>You\'re actively involved in defining product strategy.</li>\r\n<li>Thinking in terms of design systems and making rational design decisions.</li>\r\n<li>You obsess over details and are excited to polish until your work is pixel-perfect.</li>\r\n<li>Constantly pushing your limits and searching for opportunities to become better.</li>\r\n<li>Your team collaboration skills are unparalleled.</li>\r\n<li>You thrive in an environment with short feedback loops.</li>\r\n</ul>\r\n<strong>Requirements</strong>\r\n<ul>\r\n<li>You\'re an experience whisperer, and you can distill complicated problems into simple and elegant solutions.</li>\r\n<li>You have a highly refined aesthetic sense and can both work within and expand the Dropbox style.</li>\r\n<li>You\'re a self-starter who actively seeks ways to make the Dropbox experience both visually appealing and</li>\r\n<li>You look for opportunities to solve problems in unusual and innovative ways.</li>\r\n<li>Experience designing for the web and understanding how to apply both form and functio</li>\r\n<li>You construct your own iconography, set your own guidelines, and build easy-to-navigate documents.</li>\r\n<li>You read everything and will paste an html heart character before your first name on the next page.</li>\r\n<li>You want to work on a team of the world\'s best software designers and engineers, building a product that you use every single day!</li>\r\n</ul>\r\n<strong>Benefits and Perks</strong>\r\n<ul>\r\n<li>Wellness Reimbursement</li>\r\n<li>Generous vacation policy</li>\r\n<li>10 company paid holidays</li>\r\n<li>Volunteer time off</li>\r\n<li>Company sponsored tech talks (technology and other relevant professional topics)</li>\r\n</ul>\r\n<p>VISMARK is an equal opportunity employer. We are a welcoming place for everyone, and we do our best to make sure people feel supported and connected at work.</p>\r\n'),(7,2,'Bucharest, RO'),(7,3,'<p>Our Design team crafts delightful experiences that make people’s lives easier. We\'re a close-knit, collaborative group, guided by a highly iterative design process.</p>\r\n<strong>Role Description</strong>\r\n<p>We\'re seeking a driven Product Designer to refine Dropbox’s simplicity and apply it to new, amazing, and appealing user experiences. Dropbox has a bunch of projects in the pipeline, and we have an ongoing cycle of revamping our entire experience across web, client, and mobile. There are countless UX challenges and tons of pixels for you to push. We feel like we\'re in a unique position to change the way people interact with their digital stuff. You\'ll be at the forefront of our efforts and be directly responsible for decisions that form the product. You’ll use your full range of skills from product design, interaction design, and visual design to build magical experiences. Dropbox\'s San Francisco office is filled with all the tools you need, and we\'re looking for you to join an awesome and like-minded team.</p>\r\n<strong>Responsibilities</strong>\r\n<ul>\r\n<li>You\'re actively involved in defining product strategy.</li>\r\n<li>Thinking in terms of design systems and making rational design decisions.</li>\r\n<li>You obsess over details and are excited to polish until your work is pixel-perfect.</li>\r\n<li>Constantly pushing your limits and searching for opportunities to become better.</li>\r\n<li>Your team collaboration skills are unparalleled.</li>\r\n<li>You thrive in an environment with short feedback loops.</li>\r\n</ul>\r\n<strong>Requirements</strong>\r\n<ul>\r\n<li>You\'re an experience whisperer, and you can distill complicated problems into simple and elegant solutions.</li>\r\n<li>You have a highly refined aesthetic sense and can both work within and expand the Dropbox style.</li>\r\n<li>You\'re a self-starter who actively seeks ways to make the Dropbox experience both visually appealing and</li>\r\n<li>You look for opportunities to solve problems in unusual and innovative ways.</li>\r\n<li>Experience designing for the web and understanding how to apply both form and functio</li>\r\n<li>You construct your own iconography, set your own guidelines, and build easy-to-navigate documents.</li>\r\n<li>You read everything and will paste an html heart character before your first name on the next page.</li>\r\n<li>You want to work on a team of the world\'s best software designers and engineers, building a product that you use every single day!</li>\r\n</ul>\r\n<strong>Benefits and Perks</strong>\r\n<ul>\r\n<li>Wellness Reimbursement</li>\r\n<li>Generous vacation policy</li>\r\n<li>10 company paid holidays</li>\r\n<li>Volunteer time off</li>\r\n<li>Company sponsored tech talks (technology and other relevant professional topics)</li>\r\n</ul>\r\n<p>VISMARK is an equal opportunity employer. We are a welcoming place for everyone, and we do our best to make sure people feel supported and connected at work.</p>\r\n'),(8,2,'Bucharest, RO'),(8,3,'<p>Our Design team crafts delightful experiences that make people’s lives easier. We\'re a close-knit, collaborative group, guided by a highly iterative design process.</p>\r\n<strong>Role Description</strong>\r\n<p>We\'re seeking a driven Product Designer to refine Dropbox’s simplicity and apply it to new, amazing, and appealing user experiences. Dropbox has a bunch of projects in the pipeline, and we have an ongoing cycle of revamping our entire experience across web, client, and mobile. There are countless UX challenges and tons of pixels for you to push. We feel like we\'re in a unique position to change the way people interact with their digital stuff. You\'ll be at the forefront of our efforts and be directly responsible for decisions that form the product. You’ll use your full range of skills from product design, interaction design, and visual design to build magical experiences. Dropbox\'s San Francisco office is filled with all the tools you need, and we\'re looking for you to join an awesome and like-minded team.</p>\r\n<strong>Responsibilities</strong>\r\n<ul>\r\n<li>You\'re actively involved in defining product strategy.</li>\r\n<li>Thinking in terms of design systems and making rational design decisions.</li>\r\n<li>You obsess over details and are excited to polish until your work is pixel-perfect.</li>\r\n<li>Constantly pushing your limits and searching for opportunities to become better.</li>\r\n<li>Your team collaboration skills are unparalleled.</li>\r\n<li>You thrive in an environment with short feedback loops.</li>\r\n</ul>\r\n<strong>Requirements</strong>\r\n<ul>\r\n<li>You\'re an experience whisperer, and you can distill complicated problems into simple and elegant solutions.</li>\r\n<li>You have a highly refined aesthetic sense and can both work within and expand the Dropbox style.</li>\r\n<li>You\'re a self-starter who actively seeks ways to make the Dropbox experience both visually appealing and</li>\r\n<li>You look for opportunities to solve problems in unusual and innovative ways.</li>\r\n<li>Experience designing for the web and understanding how to apply both form and functio</li>\r\n<li>You construct your own iconography, set your own guidelines, and build easy-to-navigate documents.</li>\r\n<li>You read everything and will paste an html heart character before your first name on the next page.</li>\r\n<li>You want to work on a team of the world\'s best software designers and engineers, building a product that you use every single day!</li>\r\n</ul>\r\n<strong>Benefits and Perks</strong>\r\n<ul>\r\n<li>Wellness Reimbursement</li>\r\n<li>Generous vacation policy</li>\r\n<li>10 company paid holidays</li>\r\n<li>Volunteer time off</li>\r\n<li>Company sponsored tech talks (technology and other relevant professional topics)</li>\r\n</ul>\r\n<p>VISMARK is an equal opportunity employer. We are a welcoming place for everyone, and we do our best to make sure people feel supported and connected at work.</p>\r\n'),(9,2,'Bucharest, RO'),(9,3,'<p>Our Design team crafts delightful experiences that make people’s lives easier. We\'re a close-knit, collaborative group, guided by a highly iterative design process.</p>\r\n<strong>Role Description</strong>\r\n<p>We\'re seeking a driven Product Designer to refine Dropbox’s simplicity and apply it to new, amazing, and appealing user experiences. Dropbox has a bunch of projects in the pipeline, and we have an ongoing cycle of revamping our entire experience across web, client, and mobile. There are countless UX challenges and tons of pixels for you to push. We feel like we\'re in a unique position to change the way people interact with their digital stuff. You\'ll be at the forefront of our efforts and be directly responsible for decisions that form the product. You’ll use your full range of skills from product design, interaction design, and visual design to build magical experiences. Dropbox\'s San Francisco office is filled with all the tools you need, and we\'re looking for you to join an awesome and like-minded team.</p>\r\n<strong>Responsibilities</strong>\r\n<ul>\r\n<li>You\'re actively involved in defining product strategy.</li>\r\n<li>Thinking in terms of design systems and making rational design decisions.</li>\r\n<li>You obsess over details and are excited to polish until your work is pixel-perfect.</li>\r\n<li>Constantly pushing your limits and searching for opportunities to become better.</li>\r\n<li>Your team collaboration skills are unparalleled.</li>\r\n<li>You thrive in an environment with short feedback loops.</li>\r\n</ul>\r\n<strong>Requirements</strong>\r\n<ul>\r\n<li>You\'re an experience whisperer, and you can distill complicated problems into simple and elegant solutions.</li>\r\n<li>You have a highly refined aesthetic sense and can both work within and expand the Dropbox style.</li>\r\n<li>You\'re a self-starter who actively seeks ways to make the Dropbox experience both visually appealing and</li>\r\n<li>You look for opportunities to solve problems in unusual and innovative ways.</li>\r\n<li>Experience designing for the web and understanding how to apply both form and functio</li>\r\n<li>You construct your own iconography, set your own guidelines, and build easy-to-navigate documents.</li>\r\n<li>You read everything and will paste an html heart character before your first name on the next page.</li>\r\n<li>You want to work on a team of the world\'s best software designers and engineers, building a product that you use every single day!</li>\r\n</ul>\r\n<strong>Benefits and Perks</strong>\r\n<ul>\r\n<li>Wellness Reimbursement</li>\r\n<li>Generous vacation policy</li>\r\n<li>10 company paid holidays</li>\r\n<li>Volunteer time off</li>\r\n<li>Company sponsored tech talks (technology and other relevant professional topics)</li>\r\n</ul>\r\n<p>VISMARK is an equal opportunity employer. We are a welcoming place for everyone, and we do our best to make sure people feel supported and connected at work.</p>'),(10,2,'Bucharest, RO'),(10,3,'<p>Our Design team crafts delightful experiences that make people’s lives easier. We\'re a close-knit, collaborative group, guided by a highly iterative design process.</p>\r\n<strong>Role Description</strong>\r\n<p>We\'re seeking a driven Product Designer to refine Dropbox’s simplicity and apply it to new, amazing, and appealing user experiences. Dropbox has a bunch of projects in the pipeline, and we have an ongoing cycle of revamping our entire experience across web, client, and mobile. There are countless UX challenges and tons of pixels for you to push. We feel like we\'re in a unique position to change the way people interact with their digital stuff. You\'ll be at the forefront of our efforts and be directly responsible for decisions that form the product. You’ll use your full range of skills from product design, interaction design, and visual design to build magical experiences. Dropbox\'s San Francisco office is filled with all the tools you need, and we\'re looking for you to join an awesome and like-minded team.</p>\r\n<strong>Responsibilities</strong>\r\n<ul>\r\n<li>You\'re actively involved in defining product strategy.</li>\r\n<li>Thinking in terms of design systems and making rational design decisions.</li>\r\n<li>You obsess over details and are excited to polish until your work is pixel-perfect.</li>\r\n<li>Constantly pushing your limits and searching for opportunities to become better.</li>\r\n<li>Your team collaboration skills are unparalleled.</li>\r\n<li>You thrive in an environment with short feedback loops.</li>\r\n</ul>\r\n<strong>Requirements</strong>\r\n<ul>\r\n<li>You\'re an experience whisperer, and you can distill complicated problems into simple and elegant solutions.</li>\r\n<li>You have a highly refined aesthetic sense and can both work within and expand the Dropbox style.</li>\r\n<li>You\'re a self-starter who actively seeks ways to make the Dropbox experience both visually appealing and</li>\r\n<li>You look for opportunities to solve problems in unusual and innovative ways.</li>\r\n<li>Experience designing for the web and understanding how to apply both form and functio</li>\r\n<li>You construct your own iconography, set your own guidelines, and build easy-to-navigate documents.</li>\r\n<li>You read everything and will paste an html heart character before your first name on the next page.</li>\r\n<li>You want to work on a team of the world\'s best software designers and engineers, building a product that you use every single day!</li>\r\n</ul>\r\n<strong>Benefits and Perks</strong>\r\n<ul>\r\n<li>Wellness Reimbursement</li>\r\n<li>Generous vacation policy</li>\r\n<li>10 company paid holidays</li>\r\n<li>Volunteer time off</li>\r\n<li>Company sponsored tech talks (technology and other relevant professional topics)</li>\r\n</ul>\r\n<p>VISMARK is an equal opportunity employer. We are a welcoming place for everyone, and we do our best to make sure people feel supported and connected at work.</p>\r\n');

--
-- Table structure for table `cms_module_careers_images`
--

CREATE TABLE `cms_module_careers_images` (
  `image_id` int(10) NOT NULL AUTO_INCREMENT,
  `item_id` int(10) DEFAULT NULL,
  `filename` varchar(255) DEFAULT NULL,
  `position` int(10) DEFAULT NULL,
  PRIMARY KEY (`image_id`)
) ENGINE=MyISAM DEFAULT CHARSET=utf8;

--
-- Dumping data for table `cms_module_careers_images`
--


--
-- Table structure for table `cms_module_careers_item`
--

CREATE TABLE `cms_module_careers_item` (
  `item_id` int(11) NOT NULL AUTO_INCREMENT,
  `category_id` int(11) DEFAULT NULL,
  `title` varchar(255) DEFAULT NULL,
  `alias` varchar(255) DEFAULT NULL,
  `url` varchar(255) DEFAULT NULL,
  `recursive` varchar(50) DEFAULT NULL,
  `position` int(11) DEFAULT NULL,
  `active` int(1) DEFAULT NULL,
  `item_date` datetime DEFAULT NULL,
  `item_date_end` datetime DEFAULT NULL,
  `create_date` datetime DEFAULT NULL,
  `modified_date` datetime DEFAULT NULL,
  PRIMARY KEY (`item_id`),
  KEY `cms_careers_url` (`url`),
  KEY `cms_careers_category_id` (`category_id`)
) ENGINE=MyISAM AUTO_INCREMENT=11 DEFAULT CHARSET=utf8;

--
-- Dumping data for table `cms_module_careers_item`
--

INSERT INTO `cms_module_careers_item` VALUES (1,4,'Web Developer','web-developer','','',1,1,'2016-11-29 10:04:59','1970-01-01 02:00:00','2016-11-29 10:04:59','2016-11-29 10:04:59'),(2,2,'Product Designer','product-designer','','',2,1,'2016-11-29 10:08:26','1970-01-01 02:00:00','2016-11-29 10:08:27','2016-11-29 10:08:27'),(3,1,'Copywriter','copywriter','','',3,1,'2016-11-29 10:08:59','1970-01-01 02:00:00','2016-11-29 10:08:59','2016-11-29 10:08:59'),(4,1,'Product Marketing Lead','product-marketing-lead','','',4,1,'2016-11-29 10:09:02','1970-01-01 02:00:00','2016-11-29 10:09:02','2016-11-29 10:09:02'),(5,1,'Product Marketing Manager','product-marketing-manager','','',5,1,'2016-11-29 10:09:05','1970-01-01 02:00:00','2016-11-29 10:09:05','2016-11-29 10:09:05'),(6,2,'Brand Illustrator','brand-illustrator','','',6,1,'2016-11-29 10:09:07','1970-01-01 02:00:00','2016-11-29 10:09:07','2016-11-29 10:09:07'),(7,3,'Deal Desk Strategy Analyst','deal-desk-strategy-analyst','','',7,1,'2016-11-29 10:09:17','1970-01-01 02:00:00','2016-11-29 10:09:17','2016-11-29 10:09:17'),(8,3,'Distribution Manager','distribution-manager','','',8,1,'2016-11-29 10:09:19','1970-01-01 02:00:00','2016-11-29 10:09:19','2016-11-29 10:09:19'),(9,4,'Software Engineer - UI','engineering-software-engineer-ui','','',9,1,'2016-11-29 10:09:21','1970-01-01 02:00:00','2016-11-29 10:09:21','2016-11-29 10:09:21'),(10,3,'Business Dev. Representative','business-dev-representative','','',10,1,'2016-11-29 10:10:15','1970-01-01 02:00:00','2016-11-29 10:10:15','2016-11-29 10:10:15');

--
-- Table structure for table `cms_module_cgcontentutils`
--

CREATE TABLE `cms_module_cgcontentutils` (
  `id` int(11) NOT NULL AUTO_INCREMENT,
  `name` varchar(80) DEFAULT NULL,
  `prompt` varchar(80) DEFAULT NULL,
  `value` text DEFAULT NULL,
  `type` varchar(40) DEFAULT NULL,
  `attribs` text DEFAULT NULL,
  `create_date` datetime DEFAULT NULL,
  `modified_date` datetime DEFAULT NULL,
  PRIMARY KEY (`id`)
) ENGINE=MyISAM DEFAULT CHARSET=utf8;

--
-- Dumping data for table `cms_module_cgcontentutils`
--


--
-- Table structure for table `cms_module_cge_assocdata`
--

CREATE TABLE `cms_module_cge_assocdata` (
  `id` int(11) NOT NULL AUTO_INCREMENT,
  `key1` varchar(255) DEFAULT NULL,
  `key2` varchar(255) DEFAULT NULL,
  `key3` varchar(255) DEFAULT NULL,
  `key4` varchar(255) DEFAULT NULL,
  `data` text DEFAULT NULL,
  `type` varchar(20) DEFAULT NULL,
  `expiry` varchar(20) DEFAULT NULL,
  `create_date` datetime DEFAULT NULL,
  `modified_date` datetime DEFAULT NULL,
  PRIMARY KEY (`id`)
) ENGINE=MyISAM DEFAULT CHARSET=utf8;

--
-- Dumping data for table `cms_module_cge_assocdata`
--


--
-- Table structure for table `cms_module_cge_countries`
--

CREATE TABLE `cms_module_cge_countries` (
  `id` int(11) NOT NULL AUTO_INCREMENT,
  `code` varchar(2) NOT NULL,
  `name` varchar(50) DEFAULT NULL,
  `sorting` int(11) DEFAULT 0,
  PRIMARY KEY (`id`,`code`)
) ENGINE=MyISAM AUTO_INCREMENT=239 DEFAULT CHARSET=utf8;

--
-- Dumping data for table `cms_module_cge_countries`
--

INSERT INTO `cms_module_cge_countries` VALUES (1,'AF','Afghanistan',1),(2,'AL','Albania',2),(3,'DZ','Algeria',3),(4,'AS','American Samoa',4),(5,'AD','Andorra',5),(6,'AO','Angola',6),(7,'AI','Anguilla',7),(8,'AQ','Antarctica',8),(9,'AG','Antigua And Barbuda',9),(10,'AR','Argentina',10),(11,'AM','Armenia',11),(12,'AW','Aruba',12),(13,'AU','Australia',13),(14,'AT','Austria',14),(15,'AZ','Azerbaijan',15),(16,'BS','Bahamas',16),(17,'BH','Bahrain',17),(18,'BD','Bangladesh',18),(19,'BB','Barbados',19),(20,'BY','Belarus',20),(21,'BE','Belgium',21),(22,'BZ','Belize',22),(23,'BJ','Benin',23),(24,'BM','Bermuda',24),(25,'BT','Bhutan',25),(26,'BO','Bolivia',26),(27,'BA','Bosnia And Herzegowina',27),(28,'BW','Botswana',28),(29,'BV','Bouvet Island',29),(30,'BR','Brazil',30),(31,'IO','British Indian Ocean Territory',31),(32,'BN','Brunei Darussalam',32),(33,'BG','Bulgaria',33),(34,'BF','Burkina Faso',34),(35,'BI','Burundi',35),(36,'KH','Cambodia',36),(37,'CM','Cameroon',37),(38,'CA','Canada',38),(39,'CV','Cape Verde',39),(40,'KY','Cayman Islands',40),(41,'CF','Central African Republic',41),(42,'TD','Chad',42),(43,'CL','Chile',43),(44,'CN','China',44),(45,'CX','Christmas Island',45),(46,'CC','Cocos (Keeling) Islands',46),(47,'CO','Colombia',47),(48,'KM','Comoros',48),(49,'CG','Congo',49),(50,'CK','Cook Islands',50),(51,'CR','Costa Rica',51),(52,'CI','Cote D\'Ivoire',52),(53,'HR','Croatia (Local Name: Hrvatska)',53),(54,'CU','Cuba',54),(55,'CY','Cyprus',55),(56,'CZ','Czech Republic',56),(57,'DK','Denmark',57),(58,'DJ','Djibouti',58),(59,'DM','Dominica',59),(60,'DO','Dominican Republic',60),(61,'TP','East Timor',61),(62,'EC','Ecuador',62),(63,'EG','Egypt',63),(64,'SV','El Salvador',64),(65,'GQ','Equatorial Guinea',65),(66,'ER','Eritrea',66),(67,'EE','Estonia',67),(68,'ET','Ethiopia',68),(69,'FK','Falkland Islands (Malvinas)',69),(70,'FO','Faroe Islands',70),(71,'FJ','Fiji',71),(72,'FI','Finland',72),(73,'FR','France',73),(74,'GF','French Guiana',74),(75,'PF','French Polynesia',75),(76,'TF','French Southern Territories',76),(77,'GA','Gabon',77),(78,'GM','Gambia',78),(79,'GE','Georgia',79),(80,'DE','Germany',80),(81,'GH','Ghana',81),(82,'GI','Gibraltar',82),(83,'GR','Greece',83),(84,'GL','Greenland',84),(85,'GD','Grenada',85),(86,'GP','Guadeloupe',86),(87,'GU','Guam',87),(88,'GT','Guatemala',88),(89,'GN','Guinea',89),(90,'GW','Guinea-Bissau',90),(91,'GY','Guyana',91),(92,'HT','Haiti',92),(93,'HM','Heard And Mc Donald Islands',93),(94,'VA','Holy See (Vatican City State)',94),(95,'HN','Honduras',95),(96,'HK','Hong Kong',96),(97,'HU','Hungary',97),(98,'IS','Icel And',98),(99,'IN','India',99),(100,'ID','Indonesia',100),(101,'IR','Iran (Islamic Republic Of)',101),(102,'IQ','Iraq',102),(103,'IE','Ireland',103),(104,'IL','Israel',104),(105,'IT','Italy',105),(106,'JM','Jamaica',106),(107,'JP','Japan',107),(108,'JO','Jordan',108),(109,'KZ','Kazakhstan',109),(110,'KE','Kenya',110),(111,'KI','Kiribati',111),(112,'KP','Korea',112),(113,'KR','Korea',113),(114,'KW','Kuwait',114),(115,'KG','Kyrgyzstan',115),(116,'LA','Lao People\'S Dem Republic',116),(117,'LV','Latvia',117),(118,'LB','Lebanon',118),(119,'LS','Lesotho',119),(120,'LR','Liberia',120),(121,'LY','Libyan Arab Jamahiriya',121),(122,'LI','Liechtenstein',122),(123,'LT','Lithuania',123),(124,'LU','Luxembourg',124),(125,'MO','Macau',125),(126,'MK','Macedonia',126),(127,'MG','Madagascar',127),(128,'MW','Malawi',128),(129,'MY','Malaysia',129),(130,'MV','Maldives',130),(131,'ML','Mali',131),(132,'MT','Malta',132),(133,'MH','Marshall Islands',133),(134,'MQ','Martinique',134),(135,'MR','Mauritania',135),(136,'MU','Mauritius',136),(137,'YT','Mayotte',137),(138,'MX','Mexico',138),(139,'FM','Micronesia',139),(140,'MD','Moldova',140),(141,'MC','Monaco',141),(142,'MN','Mongolia',142),(143,'MS','Montserrat',143),(144,'MA','Morocco',144),(145,'MZ','Mozambique',145),(146,'MM','Myanmar',146),(147,'NA','Namibia',147),(148,'NR','Nauru',148),(149,'NP','Nepal',149),(150,'NL','Netherlands',150),(151,'AN','Netherlands Ant Illes',151),(152,'NC','New Caledonia',152),(153,'NZ','New Zealand',153),(154,'NI','Nicaragua',154),(155,'NE','Niger',155),(156,'NG','Nigeria',156),(157,'NU','Niue',157),(158,'NF','Norfolk Island',158),(159,'MP','Northern Mariana Islands',159),(160,'NO','Norway',160),(161,'OM','Oman',161),(162,'PK','Pakistan',162),(163,'PW','Palau',163),(164,'PA','Panama',164),(165,'PG','Papua New Guinea',165),(166,'PY','Paraguay',166),(167,'PE','Peru',167),(168,'PH','Philippines',168),(169,'PN','Pitcairn',169),(170,'PL','Poland',170),(171,'PT','Portugal',171),(172,'PR','Puerto Rico',172),(173,'QA','Qatar',173),(174,'RE','Reunion',174),(175,'RO','Romania',175),(176,'RU','Russian Federation',176),(177,'RW','Rwanda',177),(178,'KN','Saint K Itts And Nevis',178),(179,'LC','Saint Lucia',179),(180,'VC','Saint Vincent',180),(181,'WS','Samoa',181),(182,'SM','San Marino',182),(183,'ST','Sao Tome And Principe',183),(184,'SA','Saudi Arabia',184),(185,'SN','Senegal',185),(186,'SC','Seychelles',186),(187,'SL','Sierra Leone',187),(188,'SG','Singapore',188),(189,'SK','Slovakia (Slovak Republic)',189),(190,'SI','Slovenia',190),(191,'SB','Solomon Islands',191),(192,'SO','Somalia',192),(193,'ZA','South Africa',193),(194,'GS','South Georgia',194),(195,'ES','Spain',195),(196,'LK','Sri Lanka',196),(197,'SH','St. Helena',197),(198,'PM','St. Pierre And Miquelon',198),(199,'SD','Sudan',199),(200,'SR','Suriname',200),(201,'SJ','Svalbard',201),(202,'SZ','Sw Aziland',202),(203,'SE','Sweden',203),(204,'CH','Switzerland',204),(205,'SY','Syrian Arab Republic',205),(206,'TW','Taiwan',206),(207,'TJ','Tajikistan',207),(208,'TZ','Tanzania',208),(209,'TH','Thailand',209),(210,'TG','Togo',210),(211,'TK','Tokelau',211),(212,'TO','Tonga',212),(213,'TT','Trinidad And Tobago',213),(214,'TN','Tunisia',214),(215,'TR','Turkey',215),(216,'TM','Turkmenistan',216),(217,'TC','Turks And Caicos Islands',217),(218,'TV','Tuvalu',218),(219,'UG','Uganda',219),(220,'UA','Ukraine',220),(221,'AE','United Arab Emirates',221),(222,'GB','United Kingdom',222),(223,'US','United States',223),(224,'UM','United States Minor Is.',224),(225,'UY','Uruguay',225),(226,'UZ','Uzbekistan',226),(227,'VU','Vanuatu',227),(228,'VE','Venezuela',228),(229,'VN','Viet Nam',229),(230,'VG','Virgin Islands (British)',230),(231,'VI','Virgin Islands (U.S.)',231),(232,'WF','Wallis And Futuna Islands',232),(233,'EH','Western Sahara',233),(234,'YE','Yemen',234),(235,'YU','Yugoslavia',235),(236,'ZR','Zaire',236),(237,'ZM','Zambia',237),(238,'ZW','Zimbabwe',238);

--
-- Table structure for table `cms_module_cge_states`
--

CREATE TABLE `cms_module_cge_states` (
  `id` int(11) NOT NULL AUTO_INCREMENT,
  `code` varchar(2) NOT NULL,
  `name` varchar(50) DEFAULT NULL,
  `sorting` int(11) DEFAULT 0,
  PRIMARY KEY (`id`,`code`)
) ENGINE=MyISAM AUTO_INCREMENT=73 DEFAULT CHARSET=utf8;

--
-- Dumping data for table `cms_module_cge_states`
--

INSERT INTO `cms_module_cge_states` VALUES (1,'AL','Alabama',1),(2,'AK','Alaska',2),(3,'AS','American Samoa',3),(4,'AZ','Arizona',4),(5,'AR','Arkansas',5),(6,'CA','California',6),(7,'CO','Colorado',7),(8,'CT','Connecticut',8),(9,'DE','Delaware',9),(10,'DC','District of Columbia',10),(11,'FM','Fed. States of Micronesia',11),(12,'FL','Florida',12),(13,'GA','Georgia',13),(14,'GU','Guam',14),(15,'HI','Hawaii',15),(16,'ID','Idaho',16),(17,'IL','Illinois',17),(18,'IN','Indiana',18),(19,'IA','Iowa',19),(20,'KS','Kansas',20),(21,'KY','Kentucky',21),(22,'LA','Louisiana',22),(23,'ME','Maine',23),(24,'MH','Marshall Islands',24),(25,'MD','Maryland',25),(26,'MA','Massachusetts',26),(27,'MI','Michigan',27),(28,'MN','Minnesota',28),(29,'MS','Mississippi',29),(30,'MO','Missouri',30),(31,'MT','Montana',31),(32,'NE','Nebraska',32),(33,'NV','Nevada',33),(34,'NH','New Hampshire',34),(35,'NJ','New Jersey',35),(36,'NM','New Mexico',36),(37,'NY','New York',37),(38,'NC','North Carolina',38),(39,'ND','North Dakota',39),(40,'MP','Northern Mariana Is.',40),(41,'OH','Ohio',41),(42,'OK','Oklahoma',42),(43,'OR','Oregon',43),(44,'PW','Palau',44),(45,'PA','Pennsylvania',45),(46,'PR','Puerto Rico',46),(47,'RI','Rhode Island',47),(48,'SC','South Carolina',48),(49,'SD','South Dakota',49),(50,'TN','Tennessee',50),(51,'TX','Texas',51),(52,'UT','Utah',52),(53,'VT','Vermont',53),(54,'VA','Virginia',54),(55,'VI','Virgin Islands',55),(56,'WA','Washington',56),(57,'WV','West Virginia',57),(58,'WI','Wisconsin',58),(59,'WY','Wyoming',59),(60,'AB','Alberta',60),(61,'BC','British Columbia',61),(62,'MB','Manitoba',62),(63,'NB','New Brunswick',63),(64,'NU','Nunavut',64),(65,'NL','Newfoundland',65),(66,'NT','Northwest Territories',66),(67,'NS','Nova Scotia',67),(68,'ON','Ontario',68),(69,'PE','Prince Edward Island',69),(70,'QC','Quebec',70),(71,'SK','Saskatchewan',71),(72,'YT','Yukon',72);

--
-- Table structure for table `cms_module_deps`
--

CREATE TABLE `cms_module_deps` (
  `parent_module` varchar(25) DEFAULT NULL,
  `child_module` varchar(25) DEFAULT NULL,
  `minimum_version` varchar(25) DEFAULT NULL,
  `create_date` datetime DEFAULT NULL,
  `modified_date` datetime DEFAULT NULL
) ENGINE=MyISAM DEFAULT CHARSET=utf8;

--
-- Dumping data for table `cms_module_deps`
--

INSERT INTO `cms_module_deps` VALUES ('FileManager','MicroTiny','1.4.2','2016-07-06 10:27:44','2016-07-06 10:27:44'),('CGExtensions','JQueryTools','1.46.3','2016-07-06 10:39:18','2016-07-06 10:39:18'),('CGExtensions','ExtendedTools','1.26','2016-07-06 10:34:42','2016-07-06 10:34:42'),('CGExtensions','CGContentUtils','1.46.3','2016-07-06 10:40:17','2016-07-06 10:40:17'),('CGSimpleSmarty','CGContentUtils','1.8','2016-07-06 10:40:17','2016-07-06 10:40:17'),('CGExtensions','CGSmartImage','1.47','2016-07-06 10:40:38','2016-07-06 10:40:38'),('CGSmartImage','ModuleGenerator','1.9.5','2017-01-30 17:18:57','2017-01-30 17:18:57'),('ExtendedTools','ModuleGenerator','1.3.3','2017-01-30 17:18:57','2017-01-30 17:18:57'),('CGExtensions','ModuleGenerator','1.31','2017-01-30 17:18:57','2017-01-30 17:18:57'),('CGSmartImage','SlideShow','1.9.5','2017-01-30 17:05:48','2017-01-30 17:05:48'),('ExtendedTools','SlideShow','1.3.3','2017-01-30 17:05:48','2017-01-30 17:05:48'),('CGExtensions','SlideShow','1.31','2017-01-30 17:05:48','2017-01-30 17:05:48'),('CGSmartImage','Portfolio','1.9.5','2016-11-28 16:05:55','2016-11-28 16:05:55'),('ExtendedTools','Portfolio','1.3.3','2016-11-28 16:05:55','2016-11-28 16:05:55'),('CGExtensions','Portfolio','1.31','2016-11-28 16:05:55','2016-11-28 16:05:55'),('CGExtensions','Parteneri','1.31','2016-11-28 15:39:50','2016-11-28 15:39:50'),('ExtendedTools','Parteneri','1.3.3','2016-11-28 15:39:50','2016-11-28 15:39:50'),('CGSmartImage','Parteneri','1.9.5','2016-11-28 15:39:50','2016-11-28 15:39:50'),('CGExtensions','Testimoniale','1.31','2016-11-28 16:22:27','2016-11-28 16:22:27'),('ExtendedTools','Testimoniale','1.3.3','2016-11-28 16:22:27','2016-11-28 16:22:27'),('CGSmartImage','Testimoniale','1.9.5','2016-11-28 16:22:27','2016-11-28 16:22:27'),('CGExtensions','Careers','1.31','2016-11-29 09:58:05','2016-11-29 09:58:05'),('ExtendedTools','Careers','1.3.3','2016-11-29 09:58:05','2016-11-29 09:58:05'),('CGSmartImage','Careers','1.9.5','2016-11-29 09:58:05','2016-11-29 09:58:05'),('CGExtensions','FaQ','1.31','2016-11-30 12:03:22','2016-11-30 12:03:22'),('ExtendedTools','FaQ','1.3.3','2016-11-30 12:03:22','2016-11-30 12:03:22'),('CGSmartImage','FaQ','1.9.5','2016-11-30 12:03:22','2016-11-30 12:03:22');

--
-- Table structure for table `cms_module_faq_categories`
--

CREATE TABLE `cms_module_faq_categories` (
  `category_id` int(11) NOT NULL AUTO_INCREMENT,
  `category_name` varchar(255) DEFAULT NULL,
  `category_alias` varchar(255) DEFAULT NULL,
  `parent_id` int(11) DEFAULT NULL,
  `hierarchy` varchar(255) DEFAULT NULL,
  `position` int(11) DEFAULT NULL,
  `hierarchy_position` varchar(255) DEFAULT NULL,
  `long_name` text DEFAULT NULL,
  `usergroup` int(11) DEFAULT NULL,
  `create_date` time DEFAULT NULL,
  `modified_date` time DEFAULT NULL,
  PRIMARY KEY (`category_id`)
) ENGINE=MyISAM AUTO_INCREMENT=7 DEFAULT CHARSET=utf8;

--
-- Dumping data for table `cms_module_faq_categories`
--

INSERT INTO `cms_module_faq_categories` VALUES (1,'General','general',-1,'00001',1,'00001','General',0,'12:08:23','16:46:32'),(2,'VISMARK<sup>®</sup> App','vismark-app',-1,'00002',2,'00002','VISMARK<sup>®</sup> App',0,'12:08:33','16:46:47'),(3,'Projects & Services','projects-and-services',-1,'00003',3,'00003','Projects & Services',0,'12:08:45','16:47:08'),(4,'Invoices & Payments','invoices-and-payments',-1,'00004',4,'00004','Invoices & Payments',0,'12:09:01','13:57:34'),(5,'Legal & Guidelines','legal-and-guidelines',-1,'00005',5,'00005','Legal & Guidelines',0,'12:09:13','16:48:43'),(6,'Talent & Jobs','talent-and-jobs',-1,'00006',6,'00006','Talent & Jobs',0,'12:09:24','16:49:09');

--
-- Table structure for table `cms_module_faq_fielddef`
--

CREATE TABLE `cms_module_faq_fielddef` (
  `fielddef_id` int(11) NOT NULL AUTO_INCREMENT,
  `name` varchar(255) DEFAULT NULL,
  `alias` varchar(255) DEFAULT NULL,
  `help` varchar(255) DEFAULT NULL,
  `type` varchar(50) DEFAULT NULL,
  `section` varchar(10) DEFAULT NULL,
  `position` int(11) DEFAULT NULL,
  `required` int(1) DEFAULT NULL,
  `editview` int(1) DEFAULT NULL,
  `filter_frontend` int(1) DEFAULT NULL,
  `filter_admin` int(1) DEFAULT NULL,
  `searchable` int(1) DEFAULT NULL,
  `extra` varchar(255) DEFAULT NULL,
  PRIMARY KEY (`fielddef_id`)
) ENGINE=MyISAM AUTO_INCREMENT=13 DEFAULT CHARSET=utf8;

--
-- Dumping data for table `cms_module_faq_fielddef`
--

INSERT INTO `cms_module_faq_fielddef` VALUES (1,'Content','content','','textarea','items',2,1,0,NULL,0,1,'wysiwyg[1] '),(2,'Titlu Ro','titlu_ro','','textbox','categories',2,1,0,NULL,NULL,NULL,''),(3,'Content_RO','content_ro','','textarea','items',3,1,0,NULL,0,NULL,'wysiwyg[1]'),(4,'Intrebare Ro','intrebare_ro','','textbox','items',1,1,0,NULL,0,NULL,''),(5,'Meta Description','meta_desc_item','','textbox','items',4,0,0,NULL,0,NULL,''),(6,'Meta Keywords','meta_key_item','','textbox','items',5,0,0,NULL,0,NULL,''),(7,'Meta Description for Category','meta_desc_cat','','textbox','categories',6,0,0,NULL,NULL,NULL,''),(8,'Meta Keywords for Category','meta_key_cat','','textbox','categories',7,0,0,NULL,NULL,NULL,''),(9,'Meta Description RO','meta_desc_item_ro','','textbox','items',8,0,0,NULL,0,NULL,''),(10,'Meta Keywords RO','meta_key_item_ro','','textbox','items',9,0,0,NULL,0,NULL,''),(11,'Meta Description for Category RO','meta_desc_cat_ro','','textbox','categories',10,0,0,NULL,NULL,NULL,''),(12,'Meta Keywords for Category RO','meta_key_cat_ro','','textbox','categories',11,0,0,NULL,NULL,NULL,'');

--
-- Table structure for table `cms_module_faq_fieldval`
--

CREATE TABLE `cms_module_faq_fieldval` (
  `item_id` int(11) NOT NULL,
  `fielddef_id` int(11) NOT NULL,
  `value` text DEFAULT NULL,
  PRIMARY KEY (`item_id`,`fielddef_id`)
) ENGINE=MyISAM DEFAULT CHARSET=utf8;

--
-- Dumping data for table `cms_module_faq_fieldval`
--

INSERT INTO `cms_module_faq_fieldval` VALUES (1,1,'<p>VISMARK® is a Romanian based design and visual communications agency. VISMARK® offers graphic design services to companies that are looking to create or improve their visual identity or any graphic materials for promoting their company, products and services, especially on a regular basics.</p>\r\n<p> VISMARK® is also an outsourced graphic department for companies who need visual designs and for advertising agencies that have multiple projects.</p>\r\n<p> </p>'),(2,1,'<p>Definitely! Our team is consists of account managers, art directors. Our designers have different expertise, like: brand design, commercial design, illustrate, 3D art, user interface and user experience design, graphic design, motion design and so on.</p>\r\n<p>We`re ready. Let`s work together! <a title=\"Let`s work together! \" href=\"en/contact\">Contact us here</a></p>\r\n<p> </p>'),(3,1,'<p>Call us at +4 021 367 33 94 or send us an email at hello@vismark.eu and see if we are a fit. We’ll listen to your needs and tell you what your options are. We can put things in perspective and offer solutions that you may not have even considered. We are problem solvers and brand creators. Let us create the consistency that’s currently missing in your visual communication.</p>\r\n<p> </p>'),(4,1,'<p>- An entire design team working on your projects</p>\r\n<p>- Integrated platform</p>\r\n<p>- Easy way to outsource graphic design materials</p>\r\n<p>- Unlimited number of feedbacks</p>\r\n<p>- No counted hours</p>\r\n<p> </p>'),(5,1,'<p>Our apologies, but we do not work with companies dealing in harmful, unlawful, adult, or questionable material.</p>\r\n<p> </p>'),(6,1,'<p>Absolutely! If you have any quick question, please give us a call on +4 021 367 33 94, or send us an email at <a href=\"mailto:hello@vismark.eu\">hello@vismark.eu</a> . If you\'d like to have a longer chat, we can schedule a meeting at our office (Bucharest, Romania) or via Skype.</p>\r\n<p> </p>'),(7,1,'<p>Although we are located in Bucharest, Romania, we have worked with individuals, advertising agencies and companies from all over the world. Some of our long term clients we haven`t even met in person, many of our meetings took place over the phone or through Skype. Our clients are from all over Europe, but also Asia and Northern America.</p>\r\n<p>Want to work together? <a title=\"Let`s work together! \" href=\"en/contact\">Contact us here</a></p>\r\n<p> </p>\r\n<p> </p>'),(8,1,'<p>We can connect by email, phone and Skype, or in person if you live locally, at 44 Mircea Voda Boulevard, Building M17, Floor 3, Sector 3, Bucharest, Romania.</p>\r\n<p> </p>'),(9,1,'<p>VISMARK® has experience working with lots of different types and sizes of businesses and organizations. Some of the businesses our company has worked with include: law firms, medical, aerial, tourism, retail, nonprofits, restaurants, mechanical, industrial and much more!</p>\r\n<p> <a href=\"en/work\" target=\"_blank\">See our portfolio by industry here.</a></p>\r\n<p> </p>'),(10,1,'<p>We’ve got plenty of examples of our graphic design work on our website: <a href=\"http://www.vismark.eu/work\">www.vismark.eu/work</a> . But, if you’d like to see some more (including some designs we can’t display on VISMARK® website), please just <a href=\"en/contact\">contact us.</a></p>\r\n<p> </p>'),(11,1,'<p>If you have a privacy question or concern, please email us at <a href=\"mailto:hello@vismark.eu\">hello@vismark.eu</a>, or call us at <strong>+4 021 367 33 94.</strong></p>\r\n<p> </p>\r\n<p> </p>'),(12,1,'<p>VISMARK®App is our internal app. The account creation is free for our clients, and we pursue to establish a comprehensive service experience for them.</p>\r\n<p>Are you our customer? <a href=\"ro/contacteaza-ne\" target=\"_blank\">Click here to log in.</a></p>\r\n<p> </p>\r\n<p> </p>'),(13,1,'<p>VISMARK®App includes features that helps you to:</p>\r\n<ul>\r\n<li>\r\n<p><strong>- place orders</strong> quick and easy, and create new projects</p>\r\n</li>\r\n<li>\r\n<p><strong>- upload files</strong>, write a brief on every new project and choose deadlines</p>\r\n</li>\r\n<li>\r\n<p><strong>- give feedbacks directly on design</strong></p>\r\n</li>\r\n<li>\r\n<p><strong>- search and sort</strong> the projects and previews easy</p>\r\n</li>\r\n<li>\r\n<p><strong>- open a chat conversation</strong> in every open project, with no information wasted</p>\r\n</li>\r\n<li>\r\n<p><strong>- pin a task</strong> and describe what you want to be adjusted, you can edit it, give replies or delete it</p>\r\n</li>\r\n<li>\r\n<p><strong>- stretch with your project</strong>, because it will be <strong>no counted hours</strong></p>\r\n</li>\r\n<li>\r\n<p><strong>- change and modify the draft</strong> until it`s right for you, for free</p>\r\n</li>\r\n<li>\r\n<p><strong>- view the history</strong> of your activity, projects and previews, invoices, messages or pin-tasks</p>\r\n</li>\r\n<li>\r\n<p><strong>- change the status of your projects</strong> and previews: In Progress, Approved and Archived</p>\r\n</li>\r\n<li>\r\n<p><strong>- download</strong> the source and print files after the project is finished</p>\r\n</li>\r\n<li>\r\n<p><strong>- rate our work.</strong> You can choose a level of satisfaction, and you can leave a testimonial or a recommendation that help us improve our services</p>\r\n</li>\r\n<li>\r\n<p><strong>- benefit from a great customer care service.</strong> You can learn how to use the platform in Help Center section, you can access the Help Widget or simply can call at the call center for instructions</p>\r\n</li>\r\n<li>\r\n<p><strong>- be notified</strong> on email or in platform with everything that happens with your account, projects, messages or activities</p>\r\n</li>\r\n<li>\r\n<p>- navigate in <strong>a friendly and intuitive user interface</strong>, easy to learn </p>\r\n<p>You cand be relaxed, because your materials will have an <strong>unified looking design</strong>. The same design team will work for you on every project to learn your brand and the way you communicate with your customers.</p>\r\n<p> </p>\r\n<p>We`re ready. Let`s work together! <a title=\"Let`s work together! \" href=\"en/contact\">Contact us here</a></p>\r\n<p> </p>\r\n<p> </p>\r\n</li>\r\n</ul>'),(14,1,'<p>VISMARK®App is a closed group dedicated to our clients. To access the app, you need to place an order for design services, and then you will get your own free username and password to access the VISMARK®App for an unlimited amount of time.</p>\r\n<p>Want to work with us? <a title=\"Let`s work together! \" href=\"en/contact\">Contact us here</a></p>\r\n<p> </p>'),(15,1,'<p>No. VISMARK®App is our internal tool that helps our customers manage their projects and files, and us to improve our services and offer a great customer care.</p>\r\n<p> </p>'),(16,1,'<p>The app can be used on: MAC, PC, laptop, smartphones and tablets as well.</p>\r\n<p>We`re ready. Let`s work together! <a title=\"Let`s work together! \" href=\"en/contact\">Contact us here</a></p>\r\n<p> </p>'),(17,1,'<p>You don`t need to pay anything. VISMARK®App FREE for our clients.</p>\r\n<p>Want to be our client? <a title=\"Contact US\" href=\"en/contact\">Contact us here</a></p>\r\n<p> </p>'),(18,1,'<p>As a very broad generalization, our design process follows the following steps:</p>\r\n<p> </p>\r\n<p>1. Complete our Get a Quote form or <a href=\"en/contact\">contact form</a> to submit your project specifics to us.</p>\r\n<p>2. We will either contact you to clarify your requirements or provide you with a price quote for your project.</p>\r\n<p>3. Once you have accepted the price quote, we will conduct creative research about you, your company/product/service and your design tastes and requirements.</p>\r\n<p>4. Armed with your creative input, we will provide you some designs that will be available in Projects section, in your VISMARK®App account. From this point, we will wait for your feedback within 5-7 business days for your feedback.</p>\r\n<p>5. You will provide comments about the first round of concepts, directly on design.</p>\r\n<p>6. There is a series of design/feedback/redesign/feedback cycles as your comments and changes are integrated into a more refined design.</p>\r\n<p>7. Once you have approved a final design, we prepare the final files for delivery. This takes anywhere from 1-24 hours.</p>\r\n<p>8. The project invoice and the final files will be delivered in your VISMARK®App account.</p>\r\n<p>9. You can rate our services. This help us to improve ourselves to serve our customers better.</p>\r\n<p> </p>\r\n<p>Time frames are general, and can be adjusted to match your schedule.</p>\r\n<p> </p>'),(18,3,'<p>In linii mari, procesul nostru de realizare a unui design grafic are urmatorii pasi:</p>\r\n<p> </p>\r\n<p>1. Completeaza formularul de cerere oferta sau <a href=\"ro/contacteaza-ne\" target=\"_blank\">formularul de contact</a> pentru a ne trimite specificatiile proiectului tau.</p>\r\n<p>2. In functie de informatiile primite, te vom contacta pentru clarificari sau iti vom trimite o cotatie de pret aferenta proiectului tau.</p>\r\n<p>3. Odata ce ai acceptat oferta de pret, vom face un research aprofundat despre compania, produsul si serviciile tale, dar si despre preferintele tale in materie de design grafic.</p>\r\n<p>4. Inarmati cu informatiile pe parte creativa obtinute de la tine, vom veni cu cateva propuneri de design pe care le vei gasi in contul tau VISMARK®App la sectiunea Proiecte. Din acest punct, asteptam feedback-ul tau in 5-7 zile lucratoare.</p>\r\n<p>5. Vei putea da feedback si comentarii cu privire la propunerile de design direct pe acestea.</p>\r\n<p>6. Din acest punct, va incepe un proces de design/feedback/redesign in functie de comentariile tale si modificarile pe care le aducem noi, pentru a ajunge intr-un punct comun.</p>\r\n<p>7. In momentul in care am ajuns la un acord cu privire la designul final, iti pregatim fisierele finale pentru a ti le trimite. Acest proces poate dura intre 1 si 24 de ore.</p>\r\n<p>8. Iti trimitem factura si fisierele finale direct in contul tau VISMARK®App.</p>\r\n<p>9. Ne poti evalua serviciile. Acest lucru ne va ajuta sa oferim servicii cat mai bune in continuare.</p>\r\n<p> </p>\r\n<p>Cadrele de timp sunt generale si pot fi ajustate in functie de programul tau.</p>\r\n<p> </p>'),(20,4,'Ce fel de servicii oferiti?'),(20,1,'<p> </p>\r\n<p>VISMARK® provides a full range of graphic design services to serve your company, agency or organization. Our services include: graphic design, brand design, ui &amp; ux design, commercial design, 3d design, motion design, illustrations, and othe visual communication design. To see our portfolio, please visit our <a href=\"en/work\" target=\"_blank\">work page section.</a></p>\r\n<p> </p>\r\n<p><span style=\"color: #00b050;\"><span style=\"text-decoration: underline;\"> </span></span></p>'),(21,1,'<p>A graphic designer is a communicator of your idea, your product and your solution to the world.</p>\r\n<p>With training or experience as a visual communicator, a designer will combine your content with elements, color, typography, line, space, shape and balance to create a complete communication piece for your business or organization. He/she will work with you to explore different options or design directions and to solve your particular challenge.</p>\r\n<p>If a designer can make all of this, imagine what an entire design agency can do.</p>\r\n<p>We also prepare the \'mechanical requirements\' of your finished piece and prepare it for the specifications of a printer, magazine, web host, television studio or any other output medium, to ensure trouble-free output of a final finished product.</p>\r\n<p> </p>'),(21,3,'<p>Un graphic designer este un profesionist care iti comunica ideea, produsul sau solutia catre intreaga lume.</p>\r\n<p>Cu trainingul si experienta necesara in zona de comunicare vizuala, un designer poate combina continutul tau cu elemente, culori, linii, spatii, forme si elemente de typography pentru a crea echilibru si pentru a da viata unui material complet de comunicare vizuala pentru compania ta. Vei lucra impreuna cu acesta pentru a explora diferite variante de design care sa rezolve problemele companiei tale.</p>\r\n<p>Daca un designer poate face toate acestea, imagineaza-ti ce poate face o intreaga agentie de design.</p>\r\n<p>Totodata, ne vom ocupa si de „specifiactiile tehnice” ale materialelor tale. Le vom pregati pentru print, revista, web host, studio TV sau alt tip de output, pentru a asigura ca procesul de output nu intampina probleme.</p>\r\n<p> </p>'),(22,1,'<p>No, we do not provide printing services. Printing is typically not included in any of our project quotations.</p>\r\n<p> </p>\r\n<p> </p>'),(23,1,'<p>We believe in your complete satisfaction. We will continue to work with you to refine your design until you are completely happy; we offer \'unlimited\' revisions on your design project within the confines set out in the original design brief.</p>\r\n<p>However, if we collaborate on a project, and in the end we do not arrive at a result with which you are perfectly satisfied, we guarantee your money back. Any partial deposits or payments will be returned to you, less any financial institution fees. The copyrights to your design project remain with VISMARK®, while you maintain the copyright over your company or product names used in the designs. What this means is that we could theoretically use or resell the design to another VISMARK® client.</p>\r\n<p>Also, if you choose not to complete the project, you will also be asked to sign and warrant that you will not use any creative or interim designs created or presented to you as part of our design process together. We trust our work will speak for itself and your satisfaction will be assured.</p>\r\n<p>In case if you approve a project and then you change your mind about the need of this design, the 50% deposit is non-refundable.</p>\r\n<p> </p>'),(24,1,'<p>Once we have completed the design process, and you have paid in full for your final logo design, the copyrights of that final individual logo are then transferred to you and you own them. We own the rights to any creative concepts that are not completed.</p>\r\n<p> </p>\r\n<p> </p>'),(25,1,'<p>You will receive many different files of your finished logo design, in a variety of colors, sizes and file formats, which can be used in everything from print projects to Web sites. If you prefer or require a different type of file format, just let us know and we will be happy to supply it.</p>\r\n<p> </p>'),(26,1,'<p>Design versions can be thought of as different design directions or different creative directions. For instance, a restaurant may be presented with logo versions which use images of food, chefs or forks. These are three different logo versions or concepts for one company.</p>\r\n<p>Once you have narrowed down your choice to one or two concepts from the many presented, we then refine or alter your choice. These are design revisions and involve changes to color, font, and proportions of the logo, but typically don\'t involve changing the concept of the logo itself.</p>\r\n<p> </p>'),(26,3,'<p>Versiunile de design au la baza diferite directii de design (concepte) sau directori de creatie diferiti. Spre exemplu, pentru un restaurant pot fi create versiuni de design care includ imagini cu mancaruri, bucatari sau furculite. Acestea sunt trei versiuni de logo pentru o companie.</p>\r\n<p>In momentul in care te-ai decis la unul sau doua dintre conceptele prezentate (sa zicem, cel cu furculite), vom perfectiona alegerea ta. Acest proces de perfectionare implica revizii de design si se refera la modificari de culoare, font, proprzii, insa in mod normal nu inseamna schimbarea conceptului de logo.</p>\r\n<p> </p>'),(27,1,'<p>No problem! Changes happen. We are happy to incorporate your comments and revisions whether they happen at the beginning or middle of your project. If these changes affect the final price for your project, a change order will be sent to you for your approval prior to any changes being made.</p>\r\n<p> </p>'),(28,1,'<p>Final design files can be delivered by a variety of means. Files can be emailed to you, or will be available on your VISMARK®App account for you to download.</p>\r\n<p> </p>'),(29,1,'<p>Yes, the standard pack for every logo design or print material contains a full set of scalable vector files.</p>\r\n<p> </p>\r\n<p> </p>'),(30,1,'<p>Your business cards and stationery will be created in a vector format, so using any vector editing application such as Adobe Illustrator or CorelDraw you will be able to open, change and edit your files.</p>\r\n<p> </p>'),(31,1,'<p>Yes, we can design your full logo branding and complete stationery package.</p>\r\n<p><a href=\"en/contact\" target=\"_blank\">You can contact us here for a quotation.</a></p>\r\n<p> </p>'),(32,1,'<p>Depending on the type of project or design requirements, you should see initial graphic design concepts anywhere from 24 hours to 15 business days after the start of the design process.</p>\r\n<p> </p>'),(33,1,'<p>For a period of 50 days following your project, we keep your design in an active archive, in case you lose or damage your files, or require follow-up work. After this period, we archive your files. Any retrieval at this point may incur a nominal cost.</p>\r\n<p> </p>'),(34,1,'<p>We would like to give you a straight answer to this, however design services are not so easily quantifiable as requirement varies for each and every project.</p>\r\n<p> </p>\r\n<p>We have two types of billing depending on your design job:</p>\r\n<p>   a) Net Price - per-project price, pre-determined at the start of the project or</p>\r\n<p>   b) Hourly rated - billed according to the time utilized.</p>\r\n<p>       Clients are updated regularly on their project by our time-log and status reports.</p>\r\n<p> </p>\r\n<p>We offer a FREE, no-obligation quotation process, to help define the scope and specification of each project. We do not believe in disappointing anybody with any form of hidden cost. It is our policy to be transparent with our clients with all costs itemized prior to the start of any project. Any changes and adjustments are then made and agreed upon by both sides before embarking on any work.</p>\r\n<p> </p>'),(35,1,'<p>With the advent of easy-to-use, do-it-yourself graphics software, it is relatively simple for anyone to create a functional logo or adequate website. The answer it`s simple: if someone has a paintbrush, it doesn\'t make them Rembrandt.</p>\r\n<p>It\'s not just about the price, it\'s also about originality in design and concept, variety of options, mastery of the software and successful and on time delivery to the specifications of your printer or web host. Many who opt for the lowest price often discover they get what they pay for. So, hiring an outsourced design agency it will save you time and money in the long run.</p>\r\n<p> </p>'),(36,1,'<p>We have a <a href=\"en/customers\" target=\"_blank\">number of clients</a> who have retained our services on a longer term basis or for ongoing work. By paying a flat monthly retainer fee (with a 3 month minimum contract term) we can act as your fulltime, in-house design department. If you have larger, more involved projects or require multiple pieces created this can often be a more economical method compared to getting each item separately quoted and created.</p>\r\n<p>Let`s work together. <a href=\"en/contact\" target=\"_blank\">Hire us!</a></p>\r\n<p> </p>'),(37,1,'<p>Unless agreed otherwise with the Client, all design services require an advance payment of a minimum of fifty (50) percent of the project quotation total before the work commences. The remaining fifty (50) percent of the project quotation total will be due upon completion of the work prior to upload to the server or release of materials.</p>\r\n<p> </p>'),(38,1,'<p>Once we started working on you project and resources were allocated for the design work, in the case that you changed your mind, this deposit is <strong>non-refundable</strong>. VISMARK® endeavors to provide design services that meet and exceed a client’s needs and expectations, but in the event of a “change of mind” (after a project has commenced) by you the initial 50% deposit is forfeited, plus a prorate payment based upon the time spent.</p>\r\n<p> </p>'),(39,1,'<p> We accept and prefer payment by bank transfer, or you can choose a secure online payments using your credit card, debit card, or your bank account via PayPal.com. Opening an account is fast, easy, and FREE.</p>\r\n<p><a href=\"en/contact\" target=\"_blank\"> Hire us here.</a></p>\r\n<p> </p>\r\n<p><span style=\"color: #000000;\"> </span></p>'),(40,1,'<p>Yes, using PayPal.com, you can make payments using Visa or MasterCard.</p>\r\n<p> </p>\r\n<p> </p>'),(41,1,'<p>The invoices which remain unpaid for 7 days after the date of invoice will incur an additional late payment fee equivalent to 5% of the project costs for each week payment is outstanding. The client is responsible for all debt collection fees, legal fees and court fees that may be incurred as a result of the client’s failure to pay invoices within 7 calendar days of date of issue. If you are having difficulty paying your invoice, please get in touch as soon as you are aware of the issue, so we can discuss a solution that works for both sides.</p>\r\n<p> </p>'),(42,1,'<p>We are committed to respecting your right to privacy and will protect it when you visit our Web site or deal with our company. Click here to view the <a href=\"en/privacy-policy\" target=\"_blank\">VISMARK® Privacy Policy</a>. It explains our online information practices, including how we collect and use your personal information.</p>\r\n<p> </p>\r\n<p> </p>'),(43,1,'<p>The terms and conditions of use constitute a legal agreement between you and VISMARK® and govern your usage of our web site. Please read these terms and conditions of use in their entirety before you continue to use this site or its content.</p>\r\n<p>If you do not agree with these terms and conditions of use, please discontinue using this site.</p>\r\n<p><a href=\"en/terms-of-use\" target=\"_blank\">To view our terms and conditions of use please click here.</a></p>\r\n<p> </p>\r\n<p> </p>'),(44,1,'<p>We understand that the security of your personal information is important. We provide reasonable administrative, technical, and physical security controls to protect your personal information. However, despite our efforts, no security controls are 100% effective and VISMARK® cannot ensure or warrant the security of your personal information.</p>\r\n<p> </p>\r\n<p> </p>'),(45,1,'<p>Occasionally, we may change this privacy policy (or Term of services) to allow VISMARK®, to use or share your personal information in a different way to improve our services for our customers. We encourage you to periodically review the <a href=\"en/privacy-policy\" target=\"_blank\">VISMARK® Privacy Center</a> for the latest information on our privacy practices.</p>\r\n<p> </p>\r\n<p> </p>'),(46,1,'<p>We appreciate your desire to protect your intellectual property and are glad to sign any non-disclosure agreements. We usually sign a contract with our customers through we assure them that we protect the clients intellectual property, files and informations, business models, or concepts.</p>\r\n<p> </p>\r\n<p> </p>'),(47,1,'<p>Generally, businesses, including corporations, protect their trade names by registering their trade name as a service mark or trademark if the trade name also functions as a service mark or trademark. Denuding on your country/state of origin, different laws govern the protection of your business name. Because of the legal complexities involved, we recommend that businesses obtain private counsel to get advice on how to protect a trade name in interstate commerce.</p>\r\n<p> </p>\r\n<p> </p>'),(48,1,'<p>VISMARK® is a welcoming place for everyone, and we do our best to make sure people feel supported and connected at work. If you are interested, please access <a href=\"en/careers\" target=\"_blank\">Careers section.</a></p>\r\n<p> </p>\r\n<p> </p>'),(49,1,'<p>Apply directly for the position you’re interested in from our current listings in <a href=\"en/careers\">Careers section</a>. Please make sure you qualify for the role before applying. It’s okay to apply for positions in multiple offices, but applying for positions you do not qualify for won’t increase your chances, and will likely raise a red flag within the recruiting team. For design applicants, it’s important to include a PDF or URL of your portfolio for easy sharing of files.</p>\r\n<p> </p>\r\n<p> </p>'),(50,1,'<p>We have a small recruiting team who manages job listings, reads incoming applications, determines fit, and coordinates the interview and offer processes. The interview process can often include multiple (pre)interviews with a variety of HR managers. You should be ready to share examples of your work and passion areas to help us get a sense of who you are beyond your resume.</p>\r\n<p> </p>\r\n<p> </p>'),(51,1,'<p>Once we reach out to someone, we\'ve usually seen their work and now we want to talk to them. We\'re looking for people who are great storytellers. What got them here? How do they solve problems? What inspires them? We often see people who have followed rich and diverse paths to get to where they are. So sometimes that story is really interesting to us, and we look for that.</p>\r\n<p>We also want to know that they\'re passionate about the role. Sometimes there\'s a distinction between being passionate about working at VISMARK® and being passionate about the role we\'re hiring for. Do they truly love the idea of this job, whether it\'s at VISMARK® or somewhere else? </p>\r\n<p>We also look for people who embody our values in some way. We look for people who, when talking about their work or projects, talk about how they were part of a team. It\'s not just \"I did this\" or \"I had the good idea.\" Finally, curiosity: We love for them to be curious, to ask us questions.</p>\r\n<p> </p>\r\n<p> </p>'),(51,3,'<p>In momentul in care contactam pe cineva, le-am vazut deja munca si dorim sa deschidem discutia. Cautam oameni care sunt adevarati povestitori. Ce i-a adus aici? Cum rezolva problemele pe care le intalnesc? Ce ii inspira? Deseori, vedem oameni care au urmat trasee profesionale bogate si diverse pentru a ajunge unde sunt. Uneori, povestea aceea ni se pare foarte interesanta, iar asta cautam.</p>\r\n<p>Vrem sa stim si ca te pasioneaza postul oferit. Uneori este o diferenta intre a fi pasionat de a lucra la VISMARK® si a fi pasionat de postul pe care il oferim. Sunt cu adevarat entuziasmati sa faca asta, la VISMARK® sau altundeva? </p>\r\n<p>Cautam oameni care ne intruchipeaza valorile intr-un fel sau altul. Oameni care atunci cand vorbesc despre munca sau proiectele lor, vorbesc despre rolul lor ca parte a unei echipe. Nu este vorba doar despre „Ce am facut eu” sau „Cu ce idee am venit eu”. Si in final, curiozitatea: Ne-ar placea sa fie curiosi, sa ne puna intrebari.</p>\r\n<p> </p>\r\n<p> </p>'),(52,1,'<p>We hire people with a wide range of professional experience and educational background, as we know that bringing diverse perspectives is crucial to making positive, disproportionate impact in the world. Some roles call for seasoned professionals, while others have more flexibility to bring on less experienced candidates. Either way, we’ve designed systems that allow our community to learn, grow, and thrive. Degrees are important for some roles, but we aim to keep our community as diverse as the challenges we work on.</p>\r\n<p> </p>\r\n<p> </p>'),(53,1,'<p>We want to know as much as we can about you, and while clever gimmicks are sometimes entertaining, the best way to catch our eye is through your work. A thoughtful cover letter also goes a long way. Don’t write what you think we want to hear; be yourself.</p>\r\n<p> </p>\r\n<p> </p>'),(54,1,'<p>Because we receive hundreds of resumes, we can’t personally reply to each submission. Your application will be reviewed, and someone on the recruiting team will reach out directly if they’d like to schedule an interview. Whether or not you hear from us, your application will remain on file for potential future openings.</p>\r\n<p> </p>\r\n<p> </p>'),(55,1,'<p>Not yet. But soon!</p>\r\n<p> </p>\r\n<p> </p>\r\n<p> </p>'),(56,1,'<p>If you have a question that’s not answered here, please send an email to <a href=\"mailto:careers@vismark.eu\">careers@vismark.eu</a> . Please note that this email is not for submitting application materials.</p>\r\n<p> </p>\r\n<p> </p>'),(1,2,'General'),(2,2,'VISMARK<sup>®</sup> App'),(3,2,'Proiecte si Servicii'),(4,2,'Facturi si Plati'),(5,2,'Legal'),(6,2,'Talente si Joburi'),(56,4,'Inca am intrebari. Pot sa vorbesc cu cineva?'),(56,3,'<p>Daca ai o intrebare la care nu gasesti raspunsul aici, trimite un email la <a href=\"mailto:careers@vismark.eu\">careers@vismark.eu</a> . Te rog tine minte ca aceasta adresa nu e destinata depunerii CV-urilor.</p>\r\n<p> </p>\r\n<p> </p>'),(11,4,'Cum va pot contacta pentru intrebari sau nelamuriri?'),(11,3,'<p>Daca ai o nelamurire sau o intrebare pe partea de confidentialitate, te rugam sa e contactezi la <a href=\"mailto:hello@vismark.eu\">hello@vismark.eu</a> sau la <strong>+4 021 367 33 94.</strong></p>\r\n<p> </p>\r\n<p> </p>'),(1,4,'Cine este VISMARK®?'),(1,3,'<p>VISMARK® este o agentie de comunicare vizuala cu sediul in Romania. VISMARK® ofera servicii de design grafic companiilor care vor sa-si perfectioneze identitatea vizuala sau care isi doresc in mod regulat materiale pentru promovarea companiei, produselor si serviciilor.</p>\r\n<p>De asemenea, VISMARK® poate fi departamentul de design extern al oricarei companii sau agentii de publicitate care lucreaza pe proiecte multiple.</p>\r\n<p> </p>'),(1,5,'VISMARK® offers graphic design services to companies'),(1,6,'visual communications agency, graphic design agency, outsourced graphic department, outsourcing design, advertising agencies '),(1,9,'VISMARK® ofera servicii de design grafic'),(1,10,'comunicare vizuala, agentii de publicitate, servicii de design, design grafic'),(2,4,'Compania noastra are nevoie lunar de o cantitate mare de servicii de design. Puteti face fata unui astfel de volum?'),(2,3,'<p>Categoric! Echipa noastra consta in account manageri, art directori, copywriteri. Designerii nostri au abilitati diverse si expertize diferite: design comercial, ilustratie, 3D art, interfete grafice website-uri sau aplicatii, design de user experience, design grafic, design animat si multe altele.</p>\r\n<p>Noi suntem pregatiti. Hai sa lucram impreuna! <a title=\"Contacteaza-ne\" href=\"ro/contacteaza-ne\">Contacteaza-ne</a></p>\r\n<p> </p>'),(2,5,' Our designers have different expertise, like: commercial design, illustrate, 3D art, user interface and user experience design, graphic design, motion design'),(2,6,'brand design, commercial design, illustrate, 3D art, user interface and user experience design, graphic design, motion design, ui design'),(2,9,'Designerii nostri au abilitati diverse si expertize diferite: design comercial, ilustratie, 3D art, user interface, design de user experience, design grafic, design de miscare'),(2,10,'design comercial, ilustratie, 3D art, interfete grafice website-uri sau aplicatii, design de user experience, design grafic, brand design'),(3,4,'Nu stiu de unde sa incep. Ma puteti ajuta?'),(3,3,'<p>Da-ne un telefon la +4 021 367 33 94 ca sa vezi daca ne potrivim. Vom asculta nevoile tale si vom stabili impreuna ce optiuni de colaborare exista. Suntem capabili sa punem lucrurile in perspectiva si sa venim cu solutii noi. Ne place sa rezolvam probleme si sa cream branduri.</p>\r\n<p> </p>'),(3,5,'We are problem solvers and brand creators.'),(3,6,'brand design, visual communication, branding,brand creators'),(3,9,'Ne place sa rezolvam probleme si sa cream branduri. '),(3,10,'creare brand, branding'),(4,4,'De ce sa aleg VISMARK® si nu alta companie pentru designurile mele grafice?'),(4,3,'<p>- O echipa intreaga de designeri va lucra la proiectele tale</p>\r\n<p>- Platforma integrata, prin care iti poti gestiona proiectele</p>\r\n<p>- Metoda usoara de a face outsourcing</p>\r\n<p>- Numar nelimitat de feedback-uri</p>\r\n<p>- Fara contorizare de ore</p>\r\n<p> </p>'),(4,5,'Easy way to outsource graphic design materials'),(4,6,'design team, outsource graphic design, no counted hours'),(4,9,'Metoda usoara de a face outsourcing de design grafic publicitar'),(4,10,'echipa de designeri, graficieni, '),(5,4,'Detin o afacere dedicata adultilor. Putem colabora?'),(5,3,'<p>Ne cerem scuze, insa nu colaboram cu agentii sau companii care lucreaza cu materiale cu un continut ilegal, obscen sau daunator.</p>\r\n<p> </p>'),(5,5,'related business'),(5,6,'related business'),(5,9,'colaboram cu agentii'),(5,10,'colaboram cu agentii'),(6,4,'Putem discuta inainte sa imi iau un angajament?'),(6,3,'<p>Absolut! Daca ai intrebari scurte, ne poti contacta telefonic la +4 021 367 33 94 sau prin e-mail la <a href=\"mailto:suppor@vismark.eu\">hello@vismark.eu</a> . Daca doresti sa avem o discutie mai lunga pe o anumita problema, putem stabili o intalnire la sediul nostru din Bucuresti sau prin Skype.</p>\r\n<p> </p>'),(7,4,'Compania voastra poate lucra cu clienti din toata lumea?'),(7,3,'<p>Desi ne desfasuram activitatea in Bucuresti, am lucrat cu persoane fizice, agentii de publicitate si companii din intreaga lume. Cu multi dintre clientii nostri nu ne-am intalnit niciodata in persoana, discutiile fiind purtate la telefon sau prin Skype. Lucrarile noastre au fost prestate pentru clienti din intreaga Europa, dar si din Asia sau America de Nord.</p>\r\n<p>Vrei sa lucrezi cu noi?  <a title=\"Contacteaza-ne\" href=\"ro/contacteaza-ne\">Contacteaza-ne</a></p>\r\n<p> </p>'),(7,5,'Although we are located in Bucharest, Romania, we have worked with individuals, agencies and companies from all over the world.'),(7,6,' advertising agencies'),(7,9,'Desi ne desfasuram activitatea in Bucuresti, am lucrat cu persoane fizice, agentii de publicitate si companii din intreaga lume. '),(7,10,'agentii de publicitate'),(8,4,'Cum puteti fi gasiti?'),(8,3,'<p>Putem fi gasiti prin e-mail, telefon si Skype sau in persoana la adresa Bulevardul Mircea Voda 44, bloc M17, etaj 3, Sector 3, Bucuresti.</p>\r\n<p> </p>'),(8,6,'agentie de publicitate bucuresti'),(8,10,'advertising agency bucharest'),(9,4,'Cu ce tipuri de companii a lucrat agentia voastra?'),(9,3,'<p>VISMARK® are experienta de lucru cu organizatii si companii de diferite feluri si marimi. Printre domeniile de activitate pe care le acopera clientii nostri se numara: cabinete de avocatura, companii medicale, aeriene, agentii turism, retail, organizatii non-profit, restaurante, companii din domeniul mecanic si industrial si multe altele!</p>\r\n<p><a href=\"ro/portofoliu\" target=\"_blank\">Vezi portofoliul nostru in functie de domenii de activitate aici.</a></p>\r\n<p> </p>'),(9,5,'Graphic design for law firms, medical, aerial, tourism, retail, nonprofits, restaurants, mechanical, industrial'),(9,6,'law firms, medical, aerial, tourism, retail, nonprofits, restaurants, mechanical, industrial'),(9,9,'Printre domeniile de activitate pe care le acopera clientii nostri se numara: cabinete de avocatura, companii medicale, aeriene, agentii turism, retail, organizatii non-profit, restaurante, companii din domeniul mecanic si industrial '),(9,10,'cabinete de avocatura, companii medicale, aeriene, agentii turism, retail, organizatii non-profit, restaurante'),(10,4,'Pot sa vad mai multe exemple din munca voastra?'),(10,3,'<p>Avem mai multe proiecte de care suntem mandri pe website-ul nostru: <a href=\"ro/portofoliu\">www.vismark.eu/work</a> . Totusi, daca esti interesat sa vezi mai mult (inclusiv cateva proiecte care nu pot fi afisate pe website-ul VISMARK®), nu ezita sa <a href=\"ro/contacteaza-ne\">ne contactezi.</a></p>\r\n<p> </p>'),(10,5,'We’ve got plenty of examples of our  graphic design work on our website'),(10,6,'VISMARK® website'),(10,9,'Avem mai multe proiecte de care suntem mandri pe website-ul nostru'),(10,10,'VISMARK® website'),(12,4,'Ce este VISMARK®App?'),(12,3,'<p>VISMARK®App este aplicatia noastra interna. Crearea unui cont nou este gratuita pentru clientii nostri, iar scopul nostru este de a le oferi acestora o experienta de servicii completa.</p>\r\n<p>Esti clientul nostru? <a href=\"ro/contacteaza-ne\" target=\"_blank\">Te poti autentifica aici. </a></p>\r\n<p> </p>'),(12,5,'VISMARK®App is our internal app'),(12,6,'VISMARK®App'),(12,9,'VISMARK®App este aplicatia noastra interna. '),(12,10,'VISMARK®App'),(13,4,'Ce caracteristici are VISMARK®App?'),(13,3,'<p>VISMARK®App are o serie de caracteristici care te ajuta sa:</p>\r\n<p>- <strong>plasezi comenzi</strong> rapid si usor, dand startul la proiecte noi</p>\r\n<p>- <strong>incarci fisiere</strong>, alaturi de un scurt brief pentru fiecare proiect si un deadline pentru acesta</p>\r\n<p>- <strong>dai feedback direct pe design</strong></p>\r\n<p>- <strong>cauti si sortezi</strong> proiectele si preview-urile tale cu usurinta</p>\r\n<p>- <strong>deschizi conversatii</strong> pentru fiecare proiect in lucru, fara a pierde informatii</p>\r\n<p>- <strong>fixezi sarcini</strong> si descrii ajustarile pe care le doresti, modifici sau stergi aceste sarcini</p>\r\n<p>- <strong>prelungesti proiectul</strong>, deoarece nu exista ore contorizate</p>\r\n<p>- <strong>schimbi sau modifici draftul</strong> pana arata asa cum iti doresti, in mod gratuit</p>\r\n<p>- <strong>urmaresti istoricul activitatii tale</strong>, proiectele, preview-urile, facturile, mesajele sau sarcinile</p>\r\n<p>- esti relaxat, deoarece materialele tale vor avea o <strong>identitate vizuala unitara</strong></p>\r\n<p>- <strong>schimbi statustul proiectelor si preview-urilor tale</strong>: In lucru, Aprobat, Arhivat</p>\r\n<p>- <strong>descarci fisierele finale</strong> si fisierele pentru print cand proiectul este finalizat</p>\r\n<p>- <strong>evaluezi munca noastra</strong>, alegi nivelul de satisfactie si daca doresti ne poti lasa un testimonial sau o recomandare care sa ne ajute sa ne imbunatatim serviciile</p>\r\n<p>- <strong>beneficiezi de un nivel de serviciu clienti de cea mai buna calitate</strong>. Poti invata cum sa folosesti platforma in sectiunea Help Center, poti accesat Help Widget sau ne poti suna pentru instructiuni</p>\r\n<p>- <strong>esti notificat</strong> pe e-mail sau direct in platforma referitor la orice schimbare privitoare la contul, proiectele, mesajele sau activitatile tale</p>\r\n<p>- navighezi intr-o <strong>interfata prietenoasa si intuitiva</strong>, usor de invatat</p>\r\n<br />\r\n<p> </p>\r\n<p>Noi suntem pregatiti. Hai sa lucram impreuna! <a title=\"Contacteaza-ne\" href=\"ro/contacteaza-ne\">Contacteaza-ne</a></p>\r\n<p> </p>\r\n<p> </p>'),(13,5,'give feedbacks directly on design'),(13,6,'design feedback, create new projects, visual identity'),(13,9,'dai feedback direct pe design'),(13,10,'design feedback, identitate vizuala'),(14,4,'Cum imi pot crea un cont pentru a accesa aplicatia?'),(14,3,'<p>VISMARK®App este o comunitate inchisa, dedicata clientilor nostri. Pentru a accesa aplicatia, e nevoie sa faci o comanda pentru serviciile noastre de design, moment in care vei primi (gratuit) un user si o parola pentru a folosi VISMARK®App cat timp doresti.</p>\r\n<p>Vrei sa lucram impreuna? <a title=\"Contacteaza-ne\" href=\"ro/contacteaza-ne\">Contacteaza-ne</a></p>\r\n<p> </p>'),(14,5,' To access the app, you need to place an order for design services'),(14,6,'graphic design services, design community'),(14,9,'Pentru a accesa aplicatia, e nevoie sa faci o comanda pentru serviciile noastre de design'),(14,10,'servicii de design, comunitate design'),(15,4,'VISMARK®App este o platforma pentru freelanceri?'),(15,3,'<p>Nu. VISMARK®App este mecanismul nostru intern care ajuta clientii sa-si administreze fisierele si proiectele, iar pe noi sa ne imbunatatim serviciile si sa le oferim asistenta clientilor.</p>\r\n<p> </p>'),(16,4,'Pe ce dispozitive pot folosi VISMARK®App?'),(16,3,'<p>Aplicatia poate fi folosita pe MAC, PC, laptop, smartphone si tableta.</p>\r\n<p>Noi suntem pregatiti. Hai sa lucram impreuna! <a title=\"Contacteaza-ne\" href=\"ro/contacteaza-ne\">Contacteaza-ne</a></p>\r\n<p> </p>'),(17,4,'Cat trebuie sa platesc pentru un cont in aplicatie?'),(17,3,'<p>Nu trebuie sa platesti nimic. VISMARK®App este GRATUIT pentru clientii nostri.</p>\r\n<p>Fii clientul nostru!  <a title=\"Contacteaza-ne\" href=\"ro/contacteaza-ne\">Contacteaza-ne</a></p>\r\n<p> </p>'),(17,5,'VISMARK®App FREE for our clients.'),(17,9,'VISMARK®App este GRATUIT'),(18,4,'Care este procesul de incepere a proiectelor?'),(18,5,'As a very broad generalization, our design process follows the following steps'),(18,6,'design, customers agency, graphic design'),(18,9,'procesul nostru de realizare a unui design grafic are urmatorii pasi'),(18,10,'design, agentie de design, publicitate,  propunerile de design'),(20,3,'<p>VISMARK® ofera o gama completa de servicii de design pentru compania, agentia sau organiatia din care faci parte. Serviciile noastre includ: design grafic, design de brand, dessign UI si UX, design comperical, 3D, motion design, ilustratie si alte tipuri de servicii de comunicare vizuala. Pentru a ne vedea portofoliul, poti accesa <a href=\"ro/portofoliu\" target=\"_blank\">sectiunea Proiecte.</a></p>\r\n<p> </p>'),(20,5,'VISMARK® provides a full range of graphic design services to serve your company, agency or organization.'),(20,6,'graphic design, brand design, ui & ux design, commercial design, 3d design, motion design, illustrations,  visual communication design'),(20,9,'VISMARK® ofera o gama completa de servicii de design pentru compania, agentia sau organiatia din care faci parte.'),(20,10,'design grafic, design de brand, dessign UI si UX, design comperical, 3D, motion design, ilustratii, comunicare vizuala'),(21,4,'Care este munca propriu-zisa a unei agentii de design?'),(21,5,'A graphic designer is a communicator of your idea, your product and your solution to the world.'),(21,6,'agency design, graphic designer, typography, design directions'),(21,9,'Un designer este un profesionist care iti comunica ideea, produsul sau solutia catre intreaga lume.'),(21,10,'agentie de design, graphic designer, typography, variante de design'),(22,4,'Oferiti servicii de print?'),(22,3,'<p>Nu oferim servicii de print. Printingul nu este inclus in cotatiile de pret ale ofertelor noastre.</p>\r\n<p> </p>\r\n<p> </p>'),(22,6,'print services'),(22,10,'servicii de print'),(23,4,'Ce se intampla daca nu sunt multumit de produsul final?'),(23,3,'<p>Suntem convinsi ca trebuie sa ne satisfacem clientii. Din acest motiv, o sa continuam sa lucram la designul tau pana esti multumit cu el; in baza discutiei facute pe brief-ul initial, oferim revizii nelimitate pentru proiectul tau.</p>\r\n<p>Cu toate acestea, daca vom lucra impreuna pentru un proiect, iar la finalul acestuia nu esti complet satisfacut de rezultat, iti garantam banii inapoi. Orice depuneri partiale sau plati vor fi returnate, cu exceptia taxelor catre institutiile financiare. Drepturile de autor pentru proiectul tau vor ramane in custodia VISMARK®, in timp ce tu vei pastra drepturile pentru informatiile legate de companie care au fost folosite in material. Astfel, VISMARK® va putea comercializa in continuare designul conceput.</p>\r\n<p>De asemenea, daca alegi sa nu finalizezi proiectul inceput, vei fi rugat sa semnezi o garantie conform careia nu vei folosi niciun material realizat de catre noi care ti-a fost prezentat in procesul creativ. Totusi, suntem increzatori ca munca noastra va vorbi de la sine si ca satisfactia ta va fi garantata.</p>\r\n<p>Totusi, daca accepti designul primit iar apoi constati ca nu mai ai nevoie de acel material, avansul de 50% platit catre noi, nu va fi returnat.</p>\r\n<p> </p>'),(23,5,'continue to work with you to refine your design until you are completely happy'),(23,6,'design concept, design project'),(23,9,'continuam sa lucram la designul tau pana esti multumit cu el; in baza discutiei facute pe brief-ul initial'),(23,10,'design concept, Drepturile de autor'),(24,4,'O sa detin drepturile pentru un logo (sau alt material) pe care l-ai creat pentru mine?'),(24,3,'<p>In momentul in care am finalizat procesul de design si factura pentru aceasta a fost achitata, drepturile de autor pentru varianta finala a logo-ului (altui material) vor fi transferate catre tine. Noi vom detine drepturile pentru variantele de concept pe care le-am creat si nu au fost luate in considerare/finalizate.</p>\r\n<p> </p>\r\n<p> </p>'),(24,5,'Once we have completed the design process, and you have paid in full for your final logo design'),(24,6,'logo design, creative concepts, design process, logo'),(24,9,'In momentul in care am finalizat procesul de design si factura pentru aceasta a fost achitata'),(24,10,'procesul de design, drepturi de autor'),(25,4,'Poate fi integrat logo-ul meu in alte proiecte? (web, print etc)'),(25,3,'<p>Vei primi mai mute fisiere cu varianta finala a logo-ului tau, in varietati de culoare, marimi si formate, care vor putea folosite in orice tip material, fie el print sau digital. Daca iti doresti un anumit tip de fisier sau format, spune-ne si vom fi fericiti sa ti-l punem la dispozitie.</p>\r\n<p> </p>'),(25,5,'You will receive many different files of your finished logo design, in a variety of colors, sizes and file formats'),(25,6,'web sites, website,  logo, print, digital'),(25,9,'Vei primi mai mute fisiere cu varianta finala a logo-ului tau, in varietati de culoare'),(25,10,'website, logo, print, digital'),(26,4,'Cum se diferentiaza versiunile de design de reviziile de design?'),(26,5,' These are design revisions and involve changes to color, font, and proportions of the logo'),(26,6,'design directions, logo versions, different logo versions, concepts, concept of the logo, design revisions'),(26,9,'Versiunile de design au la baza diferite directii de design (concepte) sau directori de creatie diferiti'),(26,10,'design, directori de creatie, concepte, logo, versiuni de logo'),(27,4,'Ce se intampla daca mi se schimba alegerea in mijlocul unui proiect?'),(27,3,'<p>Nicio problema! Schimbarile se produc mereu. Vom tine cont de comentariile si modificarile aduse fie ca se produc la inceputul sau in mijlocul proiectului. Daca aceste modificari influenteaza pretul final al proiectului, costurile vor fi trimise catre aprobare inainte ca acestea sa fie aplicate.</p>\r\n<p> </p>'),(27,5,' We are happy to incorporate your comments and revisions whether they happen at the beginning or middle of your project'),(27,6,'graphic design job, design project'),(27,9,'Vom tine cont de comentariile si modificarile aduse fie ca se produc la inceputul sau in mijlocul proiectului'),(28,4,'Cum imi veti livra fisierele?'),(28,3,'<p>Fisierele final de design grafic pot fi livrate prin mai multe metode. Acestea pot fi trimise prin e-mail, dar sunt in acelasi timp disponibile pentru descarcare in contul VISMARK®App.</p>\r\n<p> </p>'),(28,5,'Final design files can be delivered by a variety of means.'),(28,6,'design files'),(28,9,'Fisierele final de design grafic pot fi livrate prin mai multe metode.'),(28,10,'design grafic'),(29,4,'Imi vor fi furnizate fisiere vectoriale scalabile pentru logo-ul sau materialele de print?'),(29,3,'<p>Da. In pachetul standard al fiecarui logo sau material de print sunt incluse fisiere scalabile vectoriale.</p>\r\n<p> </p>\r\n<p> </p>'),(29,5,'the standard pack for every logo design or print material contains a full set of scalable vector files.'),(29,6,'logo design, scalable vector files'),(29,9,'In pachetul standard al fiecarui logo sau material de print sunt incluse fisiere scalabile vectoriale.'),(29,10,'material de print, logo, design logo, creare logo, fisiere vectoriale'),(30,4,'Pot sa-mi editez cartile de vizita si celelalte materiale stationery?'),(30,3,'<p>Cartile de vizita si materialele de design stationery (mape de prezentare, coli cu antet) vor fi create intr-un format vectorial, asa ca folosirea oricarei aplicatii (cum ar fi Adobe Illustrator sau CorelDraw) ar trebui sa iti dea posibilitatea sa editezi aceste materiale.</p>\r\n<p> </p>'),(30,5,'Your business cards and stationery will be created in a vector format, so using any vector editing application such as Adobe Illustrator or CorelDraw'),(30,6,'Adobe Illustrator, CorelDraw, business cards, design, vector format'),(30,9,'Cartile de vizita si materialele de design stationery (mape de prezentare, coli cu antet) vor fi create intr-un format vectoria'),(30,10,'Adobe Illustrator, CorelDraw, carti de vizita, mape de prezentare, coli cu antet, format vectorial'),(31,4,'Imi puteti crea designul pentru carti de vizita, coli cu antet si mape impreuna cu designul de logo?'),(31,3,'<p>Da, putem sa iti cream un branding vizual complet, inclusiv design pentru: mape de prezentare, coli cu antet, identitate vizuala pentru autoturisme, casete volumetrice s.a.</p>\r\n<p><a href=\"ro/contacteaza-ne\" target=\"_blank\">Contacteaza-ne ca sa iti putem face o cotatie de pret.</a></p>\r\n<p> </p>'),(31,5,'design my business cards, letter heads and envelopes along with my new logo design'),(31,6,'branding, brand design, full logo branding, complete stationery package'),(31,9,'Design pentru carti de vizita, coli cu antet si mape impreuna cu designul de logo'),(31,10,'mape de prezentare, coli cu antet, identitate vizuala pentru autoturisme, casete volumetrice, branding, brand'),(32,4,'In cat timp voi putea vedea primele variante de design?'),(32,3,'<p>In functie de tipul de proiect si de cerintele particulare ale acestuia, ar trebui sa primesti primul draft de design intre 1 si 15 zile lucratoare din momentul inceperii acestuia.</p>\r\n<p> </p>'),(32,5,'you should see initial graphic design concepts anywhere from 24 hours to 15 business days'),(32,6,'graphic design, design concepts'),(32,10,'draft de design'),(33,4,'Pastrati fisierele materialelor mele de design dupa ce proiectul este incheiat?'),(33,3,'<p>Pentru o perioada de 50 de zile, iti pastram fisierele active, in caz ca iti pierzi sau strici fisierele sau in cazul in care soliciti modificari. Dupa aceasta perioada, acestea vor fi arhivate. Orice solicitare venita dupa aceasta perioada poate necesita costuri suplimentare.</p>\r\n<p> </p>'),(33,5,'Keep design files after we finish the project'),(33,9,'Pastrati fisierele materialelor mele de design dupa ce proiectul este incheiat'),(34,4,'Ce tipuri de preturi practicati?'),(34,3,'<p>Am dori sa putem da un raspuns direct in legatura cu acest subiect. Cu toate acestea, serviciile de design nu sunt atat de usor de cuantificat, deoarece cerintele variaza pentru fiecare proiect.</p>\r\n<p> </p>\r\n<p>Practicam doua tipuri de facturari in functie de serviciul de design pe care il soliciti:</p>\r\n<p>a)      Pret net- pretul pe proiect, predeterminat la inceputul proiectului.</p>\r\n<p>b)      Taxa pe ora- facturarea se face conform timpului utilizat.</p>\r\n<p>Clientii sunt tinuti la curent regulat cu privire la proiect de catre jurnalul nostru de timp si de rapoarte.</p>\r\n<p> </p>\r\n<p>Oferim un proces de stabilire a preturilor gratuit, fara obligatii, pentru a putea defini domeniul si specificul fiecarui proiect.  Nu vrem sa dezamagim pe nimeni cu niciun cost ascuns. A fi transparenti cu clientii nostri face parte din politica noastra, de aceea comunicam toate costurile detaliate inainte de inceperea oricarui proiect. Orice schimbare si ajustare este apoi facuta si convenita  de catre ambele parti inainte de inceperea unui proiect.</p>\r\n<p> </p>'),(34,5,'We have two types of billing depending on your design job'),(34,6,'graphic design prices, hourly rate, design job, graphic design services, design work'),(34,9,'Practicam doua tipuri de facturari in functie de serviciul de design pe care il solicit'),(34,10,'servicii de design, preturi design'),(35,4,'Ar trebui sa caut cel mai bun pret?'),(35,3,'<p>Odata cu aparitia softurilor de grafica easy-to-use sau do-it-yourself, este relativ simplu pentru oricine sa creeze un logo functional sau un website adecvat. Raspunsul este simplu: daca cineva are o pensula, asta nu il face Rembrandt.</p>\r\n<p>Nu este vorba doar de pret, este vorba de asemenea despre originalitate in design si concept, o varietate de optiuni, stapanirea softului si livrarea la timp si cu succes a specificatiilor catre imprimanta sau hostul web. Majoritatea celor care opteaza pentru cel mai mic pret descopera ca primesc ceea ce platesc. Asadar, angajand o agentie de design externalizata vei castiga timp si bani pe termen lung.</p>\r\n<p> </p>'),(35,6,'best price graphic design, design prices, design and concept, design agency, lowest price, outsourced design agency, functional logo'),(35,10,'pret design, agentie de design, outsourced design agency, functional logo'),(36,4,'Am nevoie de multe materiale, putem opta pentru un abonament lunar pentru ca voi sa creati aceste materiale?'),(36,3,'<p>Avem un <a href=\"ro/clienti\" target=\"_blank\">numar de clienti</a> care ne-au pastrat ca fiind agentia lor de design publicitar pe termen lung.  Pentru o taxa lunara fixa (cu un contract de minimum 3 luni) putem deveni departamentul tau de design cu norma intreaga. Daca ai proiecte mai mari, care necesita mai multa implicare sau mai multe materiale create, acest lucru poate fi de obicei o metoda mai economica comparativ cu crearea si fixarea fiecarui element.</p>\r\n<p>Hai sa lucram impreuna. <a href=\"ro/contacteaza-ne\" target=\"_blank\">Contacteaza-ne! </a></p>\r\n<p> </p>'),(36,5,'paying a flat monthly retainer fee for design services'),(36,6,'monthly retainer fee, monthly design services fee, graphic design retainer fee'),(36,9,' putem deveni departamentul tau de design cu norma intreaga'),(36,10,'abonament design publicitar, abonamente servicii design, agentie de design, plata lunara design'),(37,4,'Care sunt politicile de facturare?'),(37,3,'<p>Daca nu s-a stabilit in alt mod cu clientul, toate serviciile de design necesita o plata in avans de minimum cincizeci (50) de procente din cota totala a proiectului inainte de inceperea muncii. Celelalte cincizeci de procente vor fi platite inainte de trimiterea fisierelor finale catre client sau de urcarea lor pe server in contul acestuia.</p>\r\n<p> </p>'),(37,6,'design services'),(37,10,'serviciile de design'),(38,4,'Ce se intampla daca ma razgandesc dupa inceperea proiectului?'),(38,3,'<p>Odata ce proiectul a inceput si au fost alocate resurse pentru munca de design, in cazul in care te razgandesti, avansul de 50 de procente este nerambursabil. VISMARK® incearca furnizarea de servicii de design care se ridica sau depasesc asteptarile clientului, dar in cazul unei  „razgandiri” (dupa ce proiectul a inceput) de catre dumneavoastra, depozitul de 50% este pierdut, plus o plata pe baza timpului utilizat.</p>\r\n<p> </p>'),(38,5,'VISMARK® endeavors to provide design services '),(38,6,'graphic design services'),(38,9,'VISMARK® incearca furnizarea de servicii de design'),(38,10,'servicii de design'),(39,4,'Cum pot sa fac plata catre voi?'),(39,3,'<p>Acceptam si preferam plata prin transfer bancar, insa poti alege o metoda de plata online securizata folosind cardul de credit, cardul de debit sau contul bancar via PayPal.com. Deschiderea unui cont este rapida, usoara si GRAUITA.</p>\r\n<p><a href=\"ro/contacteaza-ne\" target=\"_blank\">Hai sa lucram impreuna. </a></p>\r\n<p> </p>'),(39,5,'choose a secure online payments'),(40,4,'Acceptati carduri de credit?'),(40,3,'<p>Da, folosind PayPal.com, puteti face plati folosind cardurile Visa si MasterCard.</p>\r\n<p> </p>\r\n<p> </p>'),(41,4,'Ce se intampla daca nu-mi platesc facturile la timp?'),(41,3,'<p>Facturile care raman neplatite timp de 7 zile de la data facturarii vor suporta o taxa aditionala de 5% din costul proiectului pentru fiecare saptamana in care plata nu este facuta. Clientul este responsabil  pentru toate taxele de colectare a debitelor, taxele legale si taxele de judecata care ar putea surveni ca rezultat al neplatii facturilor de catre client in 7 zile calendaristice de la data emiterii. Daca ai dificultati cu privire la plata facturilor, te rugam sa iei legatura cu no, in momentul in care semnalezi problema, ca sa putem gasi o solutie convenabila pentru ambele parti.</p>\r\n<p> </p>'),(42,4,'Care este politica voastra de confidentialitate?'),(42,3,'<p>Ne-am luat angajamentul de a va respecta dreptul de confidentialitate si o vom proteja atunci cand navigati pe website-ul nostru sau atunci cand colaborati cu compania noastra. Faceti click aici ca sa vizualizati <a href=\"en/privacy-policy\" target=\"_blank\">politica de confidensialitate (EN)</a> VISMARK®. Aceasta explica practicile noastre de informare online, inclusiv modul in care colectam si utilizam informatiile cu caracter personal.</p>\r\n<p> </p>\r\n<p> </p>'),(43,4,'Care sunt Termenii si Conditiile de Utilizare pentru website-urile VISMARK®?'),(43,3,'<p>Termenii si conditiile de utiliazre reprezinta un acord legal intre client si VISMARK® si guverneaza utlizarea website-ului nostru de catre acesta. Citeste termenii si conditiile de utilizare in intregime inainte de a utiliza website-ul sau continutul aferent. Daca nu esti de acord cu termenii si conditiile de utilizare, te rugam sa intrerupi utilizarea website-ului.</p>\r\n<p><a href=\"en/terms-of-use\" target=\"_blank\">Fa click aici pentru a vizualiza termenii si conditiile de utilizare.</a></p>\r\n<p> </p>\r\n<p> </p>'),(44,4,'Sunt informatiile mele personale in siguranta?'),(44,3,'<p>Intelegem ca securitatea informatiilor dumneavoastra personale este importanta. Va punem la dispozitie controale rezonabile de securitate fizica, administrativa si tehnica pentru a proteja informatiile dumneavoastra personale. Totusi, in ciuda eforturilor noastre, nu exista controale de securitate 100% eficiente si VISMARK® nu poate asigura sau garanta securitatea informatiilor personale.</p>\r\n<p> </p>\r\n<p> </p>'),(45,4,'Va suferi Politica de Confidentialitate schimbari?'),(45,3,'<p>Ocazional, am putea schimba aceasa politica de confidentialitate (sau termenii serviciilor) pentru a permite VISMARK® sa utilizeze sau sa faca schimb de informatii personale intr-un mod diferit, pentru a imbunatati serviciile oferite clientilor nostri. Va recomandam sa verificati <a href=\"en/privacy-policy\" target=\"_blank\">Centrul de Confidentialitate</a> periodic pentru a fi la curent cu toate informatiile sau modificarile recente privind practicile noastre de confidentialitate.  </p>\r\n<p> </p>\r\n<p> </p>'),(46,4,'Am o idee pe care as vrea sa o protejez, VISMARK® semneaza acorduri de non-divulgare?'),(46,3,'<p>Respectam dorinta ta de a-ti proteja proprietatea intelectuala si suntem dispusi sa semnam cu bucurie orice acord de non-divulgare. De regula, incheiem cu clientii nostri contracte prin care ii asiguram ca proprietatea lor intelectuala, fisierele, informatiile, conceptele sau modelele de afacere le sunt protejate.</p>\r\n<p> </p>\r\n<p> </p>'),(46,6,'intellectual property'),(46,10,'proprietatea intelectuala'),(47,4,'Cum pot proteja numele afacerii mele?'),(47,3,'<p>De regula, intreprinderile, inclusiv corporatiile, isi protejeaza denumirile comerciale prin inregistrarea lor ca marca de serviciu sau marca comerciala in cazul in care denumirea respectiva functioneaza ca oricare dintre cele doua. In functie de tara sau statul de origine, protectia numelui firmei este reglementata de diverse legi in vigoare. Din cauza complexitatii juridice implicate, recomandam intreprinderilor sa obtina sfaturi sau consultanta cu privire la modul protejarii unei denumiri comerciale in comertul interstatal.</p>\r\n<p> </p>\r\n<p> </p>'),(47,5,'Corporations protect their trade names by registering their trade name as a service mark or trademark'),(47,6,'business name, '),(47,9,'intreprinderile, inclusiv corporatiile, isi protejeaza denumirile comerciale prin inregistrarea lor ca marca de serviciu sau marca comercial'),(47,10,'marca comerciala, inregistrare brand, inregistrare denumire'),(48,4,'Unde pot vizualiza joburile disponibile?'),(48,3,'<p>VISMARK® este locul unde oricine este binevenit, si facem tot ce ne sta in putere pentru ca oamenii sa se simta sustinuti si in conexiune unii cu altii. Daca esti interesat, te rugam sa accesezi <a href=\"ro/cariere\" target=\"_blank\">sectiunea Cariere.</a></p>\r\n<p> </p>\r\n<p> </p>'),(48,6,'design agency job'),(48,10,'job agentie de design'),(49,4,'Cum ar trebui sa aplic?'),(49,3,'<p>Aplica direct pentru postul care te intereseaza de pe lista de la <a href=\"ro/cariere\" target=\"_blank\">sectiunea Cariere</a>. Te rugam sa te asiguri ca te califici pentru job inainte sa aplici. Este in regula sa aplici pentru posturi in mai multe departamente, dar daca aplici pentru posturi pentru care nu esti calificat nu iti vor creste sansele, ci vei transmite cel mai probabil un semnal de alarma echipei de recrutare. Daca aplici pe un post de designer, e important sa incluzi un PDF sau URL cu portofoliul, pentru a facilita accesul la fisiere.</p>\r\n<p> </p>\r\n<p> </p>'),(50,4,'Cum functioneaza procesul de recrutare?'),(50,3,'<p>Avem o mica echipa de recrutare, care gestioneaza listarea joburilor, citeste solicitarile primite, stabileste cat de potriviti sunt candidatii cu job-ul, coordoneaza interviurile si procesele de oferta. Procesul interviului poate include adeseori pre(interviuri) multiple cu manageri de HR variati. Ar trebui sa fii pregatit sa ne impartasesti exemple legate de munca si pasiunile tale, pentru a ne ajuta sa ne dam seama cine esti, dincolo de CV-ul tau.</p>\r\n<p> </p>\r\n<p> </p>'),(50,5,'We have a small recruiting team who manages job listings'),(50,9,'Avem o mica echipa de recrutare, care gestioneaza listarea joburilor'),(51,4,'Ce fel de persoane cautati?'),(52,4,'Cat de multa experienta este necesara?'),(52,3,'<p>Angajam oameni cu experienta profesionala si background educational foarte variat, pentru ca stim ca a aduce impreuna perspective diverse e crucial atunci cand vrei sa ai un puternic impact pozitiv in lume. Unele posturi necesita profesionisti, in timp ce in cazul altora exista flexibilitatea de a selecta candidati cu mai putina experienta. In orice caz, am proiectat sisteme care permit comunitatii sa invete, sa creasca si sa prospere. Diplomele sunt importante pentru unele posturi, dar urmarim sa ne pastram comunitatea la fel de diversa ca si provocarile pe care le intalnim la munca.</p>\r\n<p> </p>\r\n<p> </p>'),(53,4,'Cum as putea sa ies in evidenta?'),(53,3,'<p>Vrem sa stim cat mai multe despre tine si, desi trucurile sunt uneori amuzante, cel mai bun mod de a ne capta atentia este prin munca ta. Un rol important il are si o scrisoare de intentie scrisa cu atentie. Nu scrie ce crezi ca vrem sa auzim, fii tu insuti.</p>\r\n<p> </p>\r\n<p> </p>'),(54,4,'Voi fi contactat in legatura cu statusul solicitarii mele?'),(54,3,'<p>Pentru ca primim sute de CV-uri, nu putem raspunde personal la fiecare cerere. Solicitarea ta va fi examinata, iar cineva din echipa de recrutare te va contacta direct daca doresc sa programeze un interviu. Chiar daca nu primesti nici un semn, CV-ul tau va ramane la dosar pentru potentiale deschideri viitoare.</p>\r\n<p> </p>\r\n<p> </p>'),(55,4,'VISMARK® ofera si internship-uri?'),(55,3,'<p>Nu inca, dar vom oferi in curand!</p>\r\n<p> </p>\r\n<p> </p>\r\n<p> </p>'),(55,6,'internship in agency'),(55,10,'internship in agentie');

--
